NOAA Style Reports for San Sebastián

           escudo Sn.Sn

Report for 2013 Jan
                   MONTHLY CLIMATOLOGICAL SUMMARY for JAN. 2013

NAME: kocher   CITY: San Sebastian   STATE: Guipuzcoa 
ELEV:    80 m  LAT:  43 18' 42" N  LONG:   2 00' 05" W

                   TEMPERATURE (C), RAIN  (mm), WIND SPEED (km/hr)

                                      HEAT  COOL        AVG
    MEAN                              DEG   DEG         WIND                 DOM
DAY TEMP  HIGH   TIME   LOW    TIME   DAYS  DAYS  RAIN  SPEED HIGH   TIME    DIR
------------------------------------------------------------------------------------
 1  10.1  11.6   11:40   9.3   18:30   8.2   0.0  17.6   2.4  35.4    0:10   SSE
 2  10.1  12.7   14:10   7.8   23:50   8.2   0.0   2.0   1.0  16.1    1:10    NW
 3   8.8  13.0   15:30   6.1   23:40   9.5   0.0   0.0   0.5   9.7   12:10    SE
 4   7.7  12.4   15:20   4.4    5:40  10.6   0.0   0.0   0.6  12.9   15:20     W
 5   6.9   8.3    0:10   5.3    8:50  11.4   0.0   0.0   0.8   9.7    1:00   SSE
 6   8.5  11.9   13:00   7.1    4:20   9.8   0.0   0.0   0.5  11.3   12:50     S
 7   8.1   8.8    0:30   6.9    9:10  10.3   0.0   0.0   0.6   8.0    2:50     S
 8   8.2  13.4   14:40   5.2    9:20  10.1   0.0   0.0   1.3  11.3    8:40   WSW
 9   7.9  11.4   16:30   4.1    6:40  10.4   0.0   0.2   0.8  11.3   11:30   WSW
10  11.2  15.8   13:30   9.0    0:20   7.1   0.0   6.6   1.1  17.7   18:10     W
11   9.4  13.8   14:40   5.8    9:30   8.9   0.0   0.4   1.0  16.1   22:10     W
12   9.4  12.3   14:20   5.4   21:10   8.9   0.0  10.2   1.8  24.1   20:00     S
13   6.2   7.7   14:10   5.3    6:00  12.1   0.0  14.0   1.3  17.7    2:40   SSE
14   7.2   9.7    8:00   5.7    0:30  11.1   0.0  29.2   1.8  29.0    7:50   SSE
15   9.1  10.5   23:50   8.1   17:00   9.2   0.0  49.0   3.5  35.4   11:50   ESE
16   9.8  12.4   13:40   7.4   23:58   7.9   0.0  20.2   3.5  27.4   13:00   SSE
17   6.1   7.5    0:01   4.7    7:35  12.2   0.0   6.6   0.2   8.0    0:32   SSW
18  11.2  17.3   18:22   5.8    0:30   7.0   0.0  27.4   1.1  24.1   18:26    SW
19  12.2  15.7   10:01   7.9   23:47   6.1   0.0  12.2   5.1  37.0   11:24   SSE
20   8.4  10.3   22:11   6.9   10:10   9.8   0.0   7.6   3.4  30.6   12:24   SSE
21   7.6  10.7    1:56   5.1   10:16  10.7   0.0   6.2   5.1  40.2    9:55   SSE
22   7.7  10.0    7:25   3.8   22:04  10.6   0.0   1.8   9.2  57.9    5:15     S
23   6.7   9.3   15:45   5.1    4:14  11.6   0.0  16.8   4.7  33.8    3:42   SSE
24   8.3   9.7   12:28   5.9    0:01   9.9   0.0  27.8   3.7  38.6    8:11    SE
25   7.4  10.7   15:35   3.6    8:25  10.9   0.0   3.0   1.6  12.9   20:37     W
26  10.9  13.7   14:21   7.4   23:22   7.4   0.0   7.6   3.2  27.4    8:51   ESE
27  12.4  15.7    8:59   7.8   21:39   5.8   0.0  10.0   4.0  27.4    7:57     S
28  10.8  15.4   15:58   8.0    0:36   7.5   0.0   0.8   2.1  16.1    9:58   SSE
29  13.6  17.3   15:42   9.7    0:23   4.7   0.0   0.0   6.0  29.0   12:02     S
30  16.9  22.1   15:32  12.3   23:57   2.2   0.7   0.4   4.0  27.4    0:31   SSE
31  14.8  18.4   12:11  11.8    2:39   3.5   0.0   0.2   1.9  17.7    6:54     W
-------------------------------------------------------------------------------------
     9.5  22.1    30     3.6    25   273.6   0.7 277.8   2.5  57.9    22     SSE

Max >=  32.0:  0
Max <=   0.0:  0
Min <=   0.0:  0
Min <= -18.0:  0
Max Rain: 49.00 ON 15/01/13
Days of Rain: 24 (> .2 mm) 18 (> 2 mm) 5 (> 20 mm)
Heat Base:  18.3  Cool Base:  18.3  Method: Integration