NOAA Style Reports for San Sebastián

           escudo Sn.Sn

Report for 2016 Dec
                   MONTHLY CLIMATOLOGICAL SUMMARY for DEC. 2016

NAME: kocher   CITY: San Sebastian   STATE: Guipuzcoa 
ELEV:    80 m  LAT:  43 18' 42" N  LONG:   2 00' 56" W

                   TEMPERATURE (C), RAIN  (mm), WIND SPEED (km/hr)

                                      HEAT  COOL        AVG
    MEAN                              DEG   DEG         WIND                 DOM
DAY TEMP  HIGH   TIME   LOW    TIME   DAYS  DAYS  RAIN  SPEED HIGH   TIME    DIR
------------------------------------------------------------------------------------
 1  13.7  19.0   14:20  10.3   00:00   4.7   0.0   0.0   3.7  37.0    0:30   SSE
 2  12.0  17.3   13:35   8.7   23:25   6.3   0.0   0.0   1.3  16.1   14:05    SE
 3  11.5  17.2   15:35   7.0    6:05   6.8   0.0   0.0   2.3  25.7   13:35   SSE
 4  15.8  17.5   12:10  12.7    1:30   2.5   0.0   0.0  15.1  49.9   13:15   SSE
 5  16.7  19.9   14:20  13.4   22:30   1.7   0.1   0.0   7.4  35.4    0:25   SSE
 6  14.3  19.6   14:35  10.7   23:45   4.1   0.1   0.0   0.8  12.9    0:10   ESE
 7  12.6  16.7   15:20   8.4    8:10   5.7   0.0   0.0   4.8  27.4   12:45   SSE
 8  14.6  16.7   16:35  12.7    0:25   3.7   0.0   0.0  16.4  56.3   22:55     S
 9  15.1  17.9   14:55  13.3    9:40   3.2   0.0   0.0   9.8  46.7    0:30     S
10  14.9  19.2   15:40  11.9   23:45   3.5   0.0   0.0   3.9  22.5   12:20   SSE
11  11.2  14.6   14:50   9.0    5:35   7.1   0.0   0.0   0.3   9.7    2:30   SSW
12  10.3  15.6   13:35   7.1    9:05   8.0   0.0   0.0   0.3  14.5   13:55   ESE
13  11.9  18.7   14:20   6.3    7:15   6.4   0.0   0.0   5.8  38.6   16:10     S
14  12.6  15.4   14:05  10.8    7:10   5.7   0.0   0.0  10.8  41.8    9:15   SSE
15  11.9  16.1   14:50   8.4    8:05   6.3   0.0   0.0   4.3  38.6   23:20   SSE
16  12.8  14.1   11:45  11.2   23:40   5.5   0.0   0.0   4.0  49.9    0:10   SSE
17  11.5  15.2   14:10   9.1   00:00   6.8   0.0   0.0   0.0   8.0   14:25     W
18   9.0  13.8   15:10   6.2    8:05   9.3   0.0   0.0   0.3   9.7   14:15    SE
19   7.4  10.4   20:15   3.9    5:20  10.9   0.0   0.2   0.2  11.3   19:20   SSE
20   8.1   9.9    0:35   7.1    8:55  10.2   0.0   9.8   0.2  12.9    0:55   SSW
21   9.6  11.9   15:15   7.6    0:05   8.7   0.0   1.2   0.2  12.9   17:50     W
22  11.6  14.1   15:35   9.7    1:40   6.7   0.0   5.6   1.0  14.5    6:00     W
23  13.0  15.2   13:25  11.9    3:30   5.3   0.0   0.8   0.2   8.0   23:00     W
24  12.6  14.1   12:50  11.5    7:30   5.8   0.0   0.8   0.0   9.7   13:30     W
25  12.1  13.2   13:45  11.1   23:55   6.2   0.0   0.0   0.0   6.4   11:25     S
26  10.4  11.6   15:15   9.2    8:40   7.9   0.0   0.0   0.2  11.3    3:20   SSW
27   9.3  13.5   14:40   5.9    8:35   9.0   0.0   0.0   0.3   8.0   10:05   SSE
28  11.0  18.7   13:25   5.6    5:05   7.3   0.0   0.0   0.5  19.3   13:15   SSE
29   8.1  13.1   13:50   3.3    8:20  10.2   0.0   0.0   0.3   8.0   14:15   SSE
30   7.0  10.2   13:30   4.1   22:30  11.3   0.0   0.0   0.6  11.3    4:20   SSE
31   4.9  11.3   13:35   1.2    8:15  13.4   0.0   0.0   0.3  20.9   15:45   NNW
-------------------------------------------------------------------------------------
    11.5  19.9     5     1.2    31   209.9   0.3  18.4   3.1  56.3     8     SSE

Max >=  32.0:  0
Max <=   0.0:  0
Min <=   0.0:  0
Min <= -18.0:  0
Max Rain: 9.80 ON 20/12/16
Days of Rain: 6 (> .2 mm) 2 (> 2 mm) 0 (> 20 mm)
Heat Base:  18.3  Cool Base:  18.3  Method: Integration