NOAA Style Reports for San Sebastián

           escudo Sn.Sn

Report for 2017 Jul
                   MONTHLY CLIMATOLOGICAL SUMMARY for JUL. 2017

NAME: kocher   CITY: San Sebastian   STATE: Guipuzcoa 
ELEV:    80 m  LAT:  43 18' 42" N  LONG:   2 00' 56" W

                   TEMPERATURE (C), RAIN  (mm), WIND SPEED (km/hr)

                                      HEAT  COOL        AVG
    MEAN                              DEG   DEG         WIND                 DOM
DAY TEMP  HIGH   TIME   LOW    TIME   DAYS  DAYS  RAIN  SPEED HIGH   TIME    DIR
------------------------------------------------------------------------------------
 1  14.3  16.6   18:45  12.8    3:00   4.0   0.0  12.0   1.3  20.9   13:10    SE
 2  16.5  20.1   13:50  13.1    6:10   2.1   0.3   0.0   1.0  17.7   12:30    SE
 3  18.1  22.3   18:00  13.5    5:50   1.6   1.3   0.0   0.8  17.7   15:10    SW
 4  23.0  32.3   18:45  15.5    5:35   0.8   5.5   0.0   0.8  12.9   15:40   ESE
 5  24.7  30.6    2:15  19.0   22:35   0.0   6.4   0.0   8.9  45.1    7:45   SSE
 6  20.7  23.9   17:00  18.6    4:00   0.0   2.4   0.0   0.8  14.5   22:20    NW
 7  20.7  23.3   17:45  19.1   23:55   0.0   2.4   0.0   3.1  33.8    9:05   WNW
 8  18.9  19.9   15:30  18.2    7:50   0.0   0.6   1.2   1.1  17.7   10:55    SE
 9  19.7  23.4   13:20  17.7   23:40   0.1   1.5   5.6   2.3  24.1   14:05    SE
10  18.4  20.8   16:20  16.8    4:10   0.6   0.7   3.4   0.8  14.5   14:05   SSE
11  19.9  23.4   15:05  17.0    6:20   0.3   1.9   0.8   0.6  12.9   14:15   SSW
12  19.9  23.8   14:35  17.1    6:10   0.2   1.8   0.0   0.6  14.5   14:20   WSW
13  20.1  22.8   16:10  18.8    7:15   0.0   1.8   0.0   0.5  12.9   14:45    SE
14  19.9  24.1   15:15  17.1    5:35   0.3   1.9   0.2   0.8  12.9   14:20    SE
15  20.3  23.4   16:05  18.2    7:35   0.0   2.0   0.0   0.8  17.7   15:10    SE
16  21.4  25.8   15:50  17.3    7:35   0.2   3.3   0.0   1.0  17.7   13:40     W
17  25.7  35.0   18:50  19.0    6:30   0.0   7.4   0.0   0.6  12.9   11:35   ESE
18  26.3  36.1   15:00  20.2   23:30   0.0   8.1   0.6   8.0  45.1   19:55   SSE
19  21.3  23.9   16:25  19.7    7:45   0.0   3.0   0.0   1.0  14.5    3:05    NW
20  17.3  20.4    0:05  16.3   23:05   1.1   0.0   8.4   0.6  16.1    1:00    SE
21  18.0  20.6   15:00  16.2    5:15   0.8   0.5   0.2   0.3  11.3   13:20   SSW
22  19.3  24.7   12:35  15.1    5:30   1.0   2.0   0.0   1.3  14.5   12:50    SE
23  20.0  23.5   15:20  16.8    7:35   0.3   2.1   0.0   1.1  19.3   13:40   WSW
24  18.6  20.2   14:10  17.2   22:25   0.2   0.4  11.2   1.0  24.1   12:30    SE
25  18.6  22.3   13:35  16.6    4:25   0.6   0.9   0.6   1.0  12.9   12:40   SSE
26  19.7  23.9   16:35  15.9    7:20   0.6   2.0   0.0   1.0  14.5   14:05   SSW
27  21.0  27.3   14:30  15.7    7:25   0.7   3.4   0.0   0.8  14.5   12:50    SE
28  21.2  24.4   18:00  19.2    8:15   0.0   2.9   0.8   0.5  11.3   14:55    SE
29  22.6  27.7   18:40  18.4    7:35   0.0   4.3   0.0   1.0  17.7   11:50     W
30  21.2  24.4   14:45  18.4   23:45   0.0   2.9   0.0   0.6  12.9    0:30    SE
31  20.2  22.6   15:35  17.7    7:30   0.1   1.9   0.4   0.5   9.7   10:05    SE
-------------------------------------------------------------------------------------
    20.2  36.1    18    12.8     1    15.4  75.8  45.4   1.4  45.1     5      SE

Max >=  32.0:  3
Max <=   0.0:  0
Min <=   0.0:  0
Min <= -18.0:  0
Max Rain: 11.99 ON 01/07/17
Days of Rain: 13 (> .2 mm) 5 (> 2 mm) 0 (> 20 mm)
Heat Base:  18.3  Cool Base:  18.3  Method: Integration