NOAA Style Reports for San Sebastián

           escudo Sn.Sn

Report for 2022 Jun
                   MONTHLY CLIMATOLOGICAL SUMMARY for JUN. 2022

NAME: kocher   CITY: San Sebastian   STATE: Guipuzcoa 
ELEV:    80 m  LAT:  43 18' 42" N  LONG:   2 00' 56" W

                   TEMPERATURE (C), RAIN  (mm), WIND SPEED (km/hr)

                                      HEAT  COOL        AVG
    MEAN                              DEG   DEG         WIND                 DOM
DAY TEMP  HIGH   TIME   LOW    TIME   DAYS  DAYS  RAIN  SPEED HIGH   TIME    DIR
------------------------------------------------------------------------------------
 1  19.6  25.3   15:05  15.3    6:30   0.5   0.0   0.0   2.3  30.6   20:05   SSE
 2  19.1  23.2   16:05  16.3    6:15   0.3   0.0   4.6   2.3  19.3   13:55     S
 3  18.8  21.3   15:00  17.4   20:25   0.0   0.0   5.6   1.6  17.7    0:55    NW
 4  18.3  20.2   15:55  17.1    8:00   0.2   0.0   2.0   1.1  12.9   20:00   ESE
 5  18.9  22.3   14:50  16.2    7:15   0.4   0.0   0.0   1.8  16.1   12:50   SSE
 6  18.9  23.0   15:05  14.8    7:15   0.6   0.0   1.0   1.6  14.5   12:45   WNW
 7  19.1  21.9   16:50  17.2    3:50   0.1   0.0   0.0   1.1  12.9   16:40    NW
 8  18.3  20.5   14:55  16.5    4:35   0.3   0.0   1.0   1.4  12.9   12:55   SSE
 9  18.8  22.7   16:10  15.7    6:25   0.5   0.0   0.0   1.9  19.3   13:25   WNW
10  18.9  24.1   16:35  13.6    7:30   1.2   0.0   0.0   2.1  16.1   11:30     W
11  19.8  22.8   18:15  17.9    2:05   0.0   0.0   0.0   2.6  24.1   13:50     S
12  19.9  23.8   15:30  18.1    8:25   0.0   0.0   4.0   2.4  38.6   10:25   SSE
13  20.8  23.8   14:25  18.4    5:55   0.0   0.0   0.6   2.1  19.3   12:25   SSE
14  22.1  27.6   14:50  18.0    6:35   0.0   0.3   0.0   2.4  30.6   20:10    SE
15  22.8  27.7   16:50  19.1    7:10   0.0   0.3   0.0   1.8  17.7   11:55   WNW
16  24.7  30.2   18:05  19.9    7:05   0.0   1.4   0.0   2.3  32.2   23:25     W
17  27.3  34.7   16:05  20.9    5:25   0.0   3.3   2.4   2.3  24.1    0:05   WSW
18  27.4  41.5   15:50  20.5   22:00   0.0   3.6   0.0   6.1  54.7   16:10     S
19  21.4  24.7   13:20  18.9    7:15   0.0   0.0   0.0   2.9  19.3    0:25   SSE
20  18.4  21.2   15:50  17.2    6:20   0.2   0.0   8.8   1.6  17.7   18:10    SE
21  18.9  21.9   16:05  17.3    1:20   0.2   0.0   4.8   1.4  14.5   11:25    SE
22  19.2  22.8   14:35  16.6    6:40   0.2   0.0  21.0   2.1  25.7    4:45     W
23  19.4  24.1   14:10  16.6    4:40   0.3   0.0   4.2   2.1  20.9   14:25   SSE
24  19.3  22.7   15:00  15.5    3:15   0.6   0.0   6.4   2.3  16.1   16:45   SSE
25  16.7  20.6    0:20  14.1   22:45   1.6   0.0  27.4   1.4  20.9   10:20    SE
26  16.1  19.3   15:45  13.8    3:00   2.0   0.0   4.2   1.4  14.5   18:50     W
27  16.1  18.3   19:45  14.5    4:20   1.9   0.0  10.0   1.1   9.7    1:45     S
28  18.6  22.6   16:40  15.1    6:30   0.9   0.0   0.0   1.6  14.5   16:20    NW
29  17.7  21.9   13:55  15.1    7:30   1.1   0.0   5.8   1.3  20.9   13:30    SE
30  15.0  17.2   13:50  13.7   10:55   3.0   0.0  15.6   1.6  16.1   13:55     S
-------------------------------------------------------------------------------------
    19.7  41.5    18    13.6    10    16.3   8.9 129.4   2.0  54.7    18     SSE

Max >=  32.0:  2
Max <=   0.0:  0
Min <=   0.0:  0
Min <= -18.0:  0
Max Rain: 27.41 ON 25/06/22
Days of Rain: 18 (> .2 mm) 15 (> 2 mm) 2 (> 20 mm)
Heat Base:  18.0  Cool Base:  25.0  Method: Integration