NOAA Style Reports for San Sebastián

           escudo Sn.Sn

Report for 2012 Mar
                   MONTHLY CLIMATOLOGICAL SUMMARY for MAR. 2012

NAME: kocher   CITY: San Sebastian   STATE: Guipuzcoa 
ELEV:    80 m  LAT:  43 18' 42" N  LONG:   2 00' 05" W

                   TEMPERATURE (C), RAIN  (mm), WIND SPEED (km/hr)

                                      HEAT  COOL        AVG
    MEAN                              DEG   DEG         WIND                 DOM
DAY TEMP  HIGH   TIME   LOW    TIME   DAYS  DAYS  RAIN  SPEED HIGH   TIME    DIR
------------------------------------------------------------------------------------
 1
 2
 3
 4
 5
 6
 7
 8
 9
10  12.2  14.0   20:15  11.1   00:00   1.0   0.0   0.0   0.0   0.0     ---   ---
11  14.7  21.2   21:15   9.1    8:30   4.3   0.6   0.8   0.0  12.9   21:00   ENE
12  16.6  20.9    0:15   9.1   23:45   2.0   0.7   0.0   0.3  14.5   12:15   NNW
13  11.8  18.6   14:30   6.6    6:30   6.1   0.0   0.0   1.3  14.5   15:00     S
14  12.0  19.1   15:00   7.6    7:30   5.4   0.0   0.0   1.0  17.7   13:30   SSW
15  11.2  17.2   17:15   7.6    7:30   7.1   0.0   0.0   1.8  20.9   14:45    SW
16  11.9  17.2   13:45  10.2    2:15   6.2   0.0   0.0   1.1  12.9   16:30     S
17  12.8  19.3   16:30   7.7   00:00   5.6   0.1   2.4   2.6  33.8   17:15     S
18   9.6  13.5   16:15   6.8    4:00   8.7   0.0   6.6   3.9  27.4   13:30     S
19   9.1  13.6   15:45   5.1    7:45   9.2   0.0  23.6   2.9  20.9   11:45     S
20   9.2  12.8   15:30   4.9    7:45   9.2   0.0   3.8   1.4  19.3   13:45   SSE
21   8.0  10.4    0:15   6.2   00:00  10.3   0.0  12.4   1.3  11.3   14:00   NNW
22  10.8  16.8   17:15   5.2    4:00   7.5   0.0   0.0   2.4  17.7    9:45     S
23  13.2  19.8   15:15   5.8    6:30   5.2   0.1   0.0   1.8  17.7   15:00     S
24  19.1  25.9   15:30  15.2    0:15   0.9   1.7   0.0   8.9  35.4    2:15   SSW
25  17.5  22.4   15:45  12.8    7:00   1.9   1.1   0.0   1.4  16.1   15:00     S
26  18.0  31.6   17:30  10.1    7:15   2.7   2.4   0.0   1.4  16.1   18:45   SSE
27  19.9  25.2   14:30  16.4    8:15   0.3   1.9   0.0   6.4  30.6    2:45   SSW
28  17.2  23.6   14:15  12.1    8:00   2.4   1.2   0.0   1.6  12.9   14:15     S
29  15.4  21.4   17:30  10.1    8:30   3.4   0.5   0.0   1.4  19.3   14:00   WNW
30  12.8  17.7   11:45   8.7    8:15   5.5   0.0   0.0   3.5  32.2   16:30   NNW
31  12.7  17.2   14:00   9.0    7:45   5.3   0.0   0.0   2.9  24.1   14:30   NNW
-------------------------------------------------------------------------------------
    13.4  31.6    26     4.9    20   110.2  10.4  49.6   2.2  35.4    24       S

Max >=  32.0:  0
Max <=   0.0:  0
Min <=   0.0:  0
Min <= -18.0:  0
Max Rain: 23.62 ON 19/03/12
Days of Rain: 6 (> .2 mm) 5 (> 2 mm) 1 (> 20 mm)
Heat Base:  18.3  Cool Base:  18.3  Method: Integration