NOAA Style Reports for San Sebastián

           escudo Sn.Sn

Report for 2012 Apr
                   MONTHLY CLIMATOLOGICAL SUMMARY for APR. 2012

NAME: kocher   CITY: San Sebastian   STATE: Guipuzcoa 
ELEV:    80 m  LAT:  43 18' 42" N  LONG:   2 00' 56" W

                   TEMPERATURE (C), RAIN  (mm), WIND SPEED (km/hr)

                                      HEAT  COOL        AVG
    MEAN                              DEG   DEG         WIND                 DOM
DAY TEMP  HIGH   TIME   LOW    TIME   DAYS  DAYS  RAIN  SPEED HIGH   TIME    DIR
------------------------------------------------------------------------------------
 1  12.6  16.4   15:30   9.9    4:00   5.7   0.0   0.0   2.3  20.9   16:30     S
 2  12.1  15.7   15:15   8.2    7:30   6.2   0.0   0.0   1.6  17.7   13:00     S
 3  11.3  13.1    0:15   9.9   00:00   7.0   0.0   6.2   0.3   8.0    0:30     S
 4  11.5  15.7   15:45   8.9    6:30   6.4   0.0   1.8   1.1  16.1   17:30    SE
 5   9.6  11.7    0:30   8.8   13:30   8.1   0.0   7.2   1.3  17.7   13:15     W
 6  10.2  12.8   14:30   8.6   20:00   7.9   0.0  10.6   1.3  19.3   18:00     S
 7  10.8  13.3   14:00   8.5    8:00   7.5   0.0   0.0   2.7  17.7   13:15   SSE
 8  10.6  12.0   17:15   9.6    9:30   7.7   0.0   3.6   1.6  12.9    8:15   SSE
 9  12.8  17.0   14:45   9.6    1:45   5.4   0.0   0.0   1.4  14.5   11:30     S
10  11.7  16.6    9:00   8.8   22:30   6.5   0.0   3.4   3.2  32.2    9:45     S
11  11.7  14.4   18:15   8.2    7:15   6.6   0.0   1.0   2.7  24.1   10:30     S
12  11.8  14.2    1:45   8.2   00:00   6.4   0.0   9.2   2.9  30.6    1:45     S
13   9.1  12.1   19:11   7.3    7:39   9.1   0.0  23.8   2.6  20.9   15:15     S
14   9.2  11.3   18:17   7.4    8:15   9.1   0.0   5.4   1.8  22.5   23:59     S
15   9.2  11.6   16:35   6.6    5:58   9.0   0.0  15.8   3.4  38.6   17:27   SSE
16  10.0  12.5   15:21   7.9   10:19   7.8   0.0   0.8   4.5  29.0   14:54   SSE
17  10.1  16.6   16:05   5.6    5:15   7.8   0.0   5.4   2.9  19.3   15:30     S
18  10.6  13.2   12:55   9.2    1:30   7.7   0.0   4.2   3.5  25.7   13:15     S
19   9.6  12.1   16:55   8.3   23:35   8.6   0.0  19.4   4.5  25.7   12:55     S
20  10.8  14.4   14:35   8.1    0:15   7.5   0.0   6.6   2.3  17.7   14:35     S
21  11.8  14.3   12:50   9.6   00:00   6.5   0.0   1.8   1.6  19.3   11:10     S
22  11.0  14.6   17:35   8.4    6:55   7.3   0.0   0.4   1.6  17.7   11:15     S
23  11.1  15.1   12:35   8.8    6:00   7.2   0.0   5.0   4.8  27.4   22:35     S
24  10.2  14.3   17:00   7.4    6:50   8.1   0.0   8.2   4.5  25.7   15:05     S
25  16.2  22.1   15:45   9.4    0:20   2.6   0.5   3.0  11.6  53.1    6:30     S
26  14.5  17.2   15:15  12.3   23:05   3.8   0.0   0.4   7.6  30.6   16:15     S
27  12.4  15.5   14:30  10.2   23:15   5.9   0.0   9.2   1.8  17.7   12:25   SSE
28  10.1  10.9   16:35   9.1   23:30   8.2   0.0  43.4   1.1  12.9   22:50     S
29  11.2  16.9   13:55   8.1    5:10   7.1   0.0   0.6   3.1  22.5   13:05     S
30  11.4  15.4   16:20   9.2    5:45   6.9   0.0   1.8   1.8  17.7   12:45     S
-------------------------------------------------------------------------------------
    11.2  22.1    25     5.6    17   211.6   0.5 198.2   2.9  53.1    25       S

Max >=  32.0:  0
Max <=   0.0:  0
Min <=   0.0:  0
Min <= -18.0:  0
Max Rain: 43.41 ON 28/04/12
Days of Rain: 26 (> .2 mm) 18 (> 2 mm) 2 (> 20 mm)
Heat Base:  18.3  Cool Base:  18.3  Method: Integration