NOAA Style Reports for San Sebastián

           escudo Sn.Sn

Report for 2012 May
                   MONTHLY CLIMATOLOGICAL SUMMARY for MAY. 2012

NAME: kocher   CITY: San Sebastian   STATE: Guipuzcoa 
ELEV:    80 m  LAT:  43 18' 42" N  LONG:   2 00' 56" W

                   TEMPERATURE (C), RAIN  (mm), WIND SPEED (km/hr)

                                      HEAT  COOL        AVG
    MEAN                              DEG   DEG         WIND                 DOM
DAY TEMP  HIGH   TIME   LOW    TIME   DAYS  DAYS  RAIN  SPEED HIGH   TIME    DIR
------------------------------------------------------------------------------------
 1  14.6  20.9   17:30   8.7    1:50   3.9   0.2   0.4   5.8  33.8   12:10     S
 2  18.2  23.8   14:45  11.8    1:40   1.8   1.7   0.0   3.4  25.7   13:30   SSE
 3  19.4  25.6   15:45  14.1   23:35   0.6   1.8   2.4   5.8  25.7   11:45     S
 4  16.6  21.1   15:10  13.6    5:55   1.6   0.2   0.0   6.3  35.4   19:10     S
 5  15.1  19.6   13:00  11.2   23:30   3.2   0.0   2.0   4.3  32.2    9:55   SSE
 6  13.1  17.1   15:45   8.9    5:20   5.2   0.0   0.0   1.8  14.5   11:55   WSW
 7  16.9  24.7   17:25   9.4    7:20   2.9   1.6   0.8   5.6  33.8   15:05     S
 8  20.4  26.3   17:05  16.4    9:20   0.3   2.4   5.8   9.5  35.4    2:25     S
 9  23.6  28.6   18:15  16.6    0:25   0.1   5.4   0.0   3.1  20.9   10:05   SSE
10  27.7  33.2   16:50  20.6    1:30   0.0   9.4   0.0   6.3  29.0   14:25     S
11  18.1  28.8    0:10  15.3   21:00   0.9   0.7   0.0   5.0  49.9    1:50   WNW
12  14.8  15.7    0:05  13.3   23:55   3.5   0.0   0.0   2.4  20.9    2:55   SSE
13  14.7  17.4   14:20  12.2   00:00   3.6   0.0   0.0   1.8  19.3   13:45     W
14  13.9  18.3   16:50   9.4    7:45   4.4   0.0   0.0   2.3  20.9   12:35     W
15  13.7  17.5   12:30  10.1    7:45   4.7   0.0   0.0   1.6  25.7   11:55    SE
16  14.6  18.9   16:10  10.6    7:40   3.7   0.0   0.0   1.6  16.1   13:45   SSE
17  18.6  25.1   15:10  12.5    1:45   1.7   2.0   0.0   7.9  51.5    8:40     S
18  14.4  16.0    0:10  12.8   23:25   3.9   0.0   0.0   0.6   9.7   10:25   WNW
19  12.3  13.2    0:05  11.7    7:35   6.0   0.0  23.6   0.6  20.9    0:20    SE
20  11.4  12.5    0:35  10.4   12:50   6.9   0.0  37.0   1.6  20.9   11:25    SE
21  11.7  13.1   00:00  10.6   11:15   6.6   0.0  17.4   2.7  25.7    7:05   NNW
22  13.9  16.1   17:20  12.8    4:30   4.4   0.0   7.6   1.3  16.1   16:50   ESE
23  14.3  17.9   17:10   9.8    6:15   4.0   0.0   0.2   1.4  12.9   14:15    SE
24  15.8  20.2   15:15  12.3    3:40   2.7   0.2   0.0   0.8  12.9   15:50   SSE
25  22.1  30.7   16:15  14.9    6:20   1.0   4.7   0.0   1.9  59.5   22:35   SSE
26  17.3  20.7   14:45  14.9   23:05   1.4   0.4   0.0   1.9  16.1    2:30   SSE
27  16.6  21.6   17:15  11.9    6:50   2.2   0.5   0.0   1.3  17.7   11:55   WNW
28  16.9  20.4   13:05  12.6    7:20   1.7   0.4   0.0   1.3  19.3   14:30     W
29  18.4  25.7   15:50  13.8    7:20   1.5   1.6   0.0   2.6  33.8   17:20    SE
30  17.2  20.3   15:30  14.4    7:20   1.4   0.2   0.0   1.9  17.7   13:10   WNW
31  17.4  20.4   15:10  14.8    5:10   1.3   0.4   0.4   0.8  16.1   15:35    NW
-------------------------------------------------------------------------------------
    16.6  33.2    10     8.7     1    87.1  33.8  97.6   3.1  59.5    25     SSE

Max >=  32.0:  1
Max <=   0.0:  0
Min <=   0.0:  0
Min <= -18.0:  0
Max Rain: 37.0 ON 20/05/12
Days of Rain: 11 (> .2 mm) 7 (> 2 mm) 2 (> 20 mm)
Heat Base:  18.3  Cool Base:  18.3  Method: Integration