NOAA Style Reports for San Sebastián

           escudo Sn.Sn

Report for 2012 Jun
                   MONTHLY CLIMATOLOGICAL SUMMARY for JUN. 2012

NAME: kocher   CITY: San Sebastian   STATE: Guipuzcoa 
ELEV:    80 m  LAT:  43 18' 42" N  LONG:   2 00' 56" W

                   TEMPERATURE (C), RAIN  (mm), WIND SPEED (km/hr)

                                      HEAT  COOL        AVG
    MEAN                              DEG   DEG         WIND                 DOM
DAY TEMP  HIGH   TIME   LOW    TIME   DAYS  DAYS  RAIN  SPEED HIGH   TIME    DIR
------------------------------------------------------------------------------------
 1  21.5  29.3   16:35  14.9    5:55   0.9   4.1   0.0   1.1  22.5   23:10    SE
 2  21.9  30.1   11:30  16.3   23:20   0.2   3.8   0.4   4.5  45.1   12:30   SSE
 3  16.9  20.2   16:25  15.3    7:15   1.5   0.2   1.2   1.3  16.1   13:55    SE
 4  17.2  20.5   14:30  14.7    3:15   1.6   0.5   0.0   1.4  17.7   12:30   WNW
 5  18.6  24.7   16:05  12.3    6:30   1.8   2.1   0.0   1.8  17.7   20:00   WSW
 6  18.3  21.6   12:15  13.9    5:35   1.0   1.0   0.8   1.3  16.1   14:15   WSW
 7  21.0  26.8   13:00  16.7   23:50   0.1   2.8   0.0   3.5  38.6   12:50   SSE
 8  17.2  20.1   16:45  14.0   00:00   1.3   0.2   1.0   1.3  16.1   14:35     W
 9  15.4  19.9   17:25  11.3    7:10   3.1   0.2   1.6   1.3  17.7   21:15     W
10  18.3  23.4   11:25  16.1    3:30   0.6   0.7   3.0   1.9  22.5   10:00   SSE
11  15.9  19.7   12:50  14.2   15:45   2.4   0.0  13.0   1.0  16.1   15:35   SSE
12  15.7  19.2   17:20  13.5    7:15   2.6   0.0   4.4   2.7  22.5    8:50   SSE
13  16.0  19.1   17:00  13.4    7:15   2.3   0.0   0.6   1.8  17.7   10:55   SSE
14  20.6  31.6   19:00  11.7    6:50   1.9   4.1   0.0   5.8  43.5   19:15   SSE
15  21.4  30.7   18:40  14.7    5:20   0.9   4.0   0.0   1.9  38.6   22:55   WNW
16  18.4  25.0   10:40  14.8   21:25   1.0   1.1   3.2   1.9  25.7   10:45     W
17  18.9  24.6   18:10  14.8    6:35   1.2   1.8   0.0   1.1  41.8   23:15     W
18  17.4  19.1   15:30  15.9    8:40   0.9   0.0   2.4   1.0  19.3    0:20    SE
19  17.7  22.2   18:20  15.4    8:10   1.1   0.5   9.4   3.2  27.4   13:05     W
20  20.2  27.4   16:05  17.2    6:45   0.3   2.2   0.8   1.6  35.4   19:05    SE
21  18.6  25.9   10:35  16.3   23:15   0.5   0.8   0.4   2.7  33.8   10:20   SSE
22  16.4  20.0   15:35  12.2    6:45   2.1   0.2   0.0   1.3  12.9   12:40   SSE
23  17.9  20.6   15:40  15.4    7:10   0.8   0.4   0.0   1.0  14.5   13:45    SE
24  19.4  24.6   16:50  14.6    6:50   0.8   2.0   0.0   1.8  19.3   12:55     W
25  19.7  24.4   15:35  14.8    6:20   0.8   2.2   0.0   1.4  16.1   14:10    NW
26  20.6  25.3   15:25  17.9    2:50   0.0   2.3   0.0   0.8  14.5   13:45     W
27  26.8  36.7   16:15  18.6    4:00   0.0   8.5   0.6   1.6  53.1   22:35    SE
28  20.0  25.2    0:10  17.9   23:25   0.0   1.7   2.0   1.3  16.1    6:20    SE
29  18.9  21.1   14:25  17.4    5:55   0.2   0.8   0.2   1.0  14.5   11:45     W
30  18.2  22.1   12:55  15.9   23:00   0.7   0.6   0.2   1.8  20.9   12:15    SE
-------------------------------------------------------------------------------------
    18.8  36.7    27    11.3     9    32.9  49.1  45.2   1.9  53.1    27     SSE

Max >=  32.0:  1
Max <=   0.0:  0
Min <=   0.0:  0
Min <= -18.0:  0
Max Rain: 13.00 ON 11/06/12
Days of Rain: 18 (> .2 mm) 7 (> 2 mm) 0 (> 20 mm)
Heat Base:  18.3  Cool Base:  18.3  Method: Integration