NOAA Style Reports for San Sebastián

           escudo Sn.Sn

Report for 2012 Jul
                   MONTHLY CLIMATOLOGICAL SUMMARY for JUL. 2012

NAME: kocher   CITY: San Sebastian   STATE: Guipuzcoa 
ELEV:    80 m  LAT:  43 18' 42" N  LONG:   2 00' 56" W

                   TEMPERATURE (C), RAIN  (mm), WIND SPEED (km/hr)

                                      HEAT  COOL        AVG
    MEAN                              DEG   DEG         WIND                 DOM
DAY TEMP  HIGH   TIME   LOW    TIME   DAYS  DAYS  RAIN  SPEED HIGH   TIME    DIR
------------------------------------------------------------------------------------
 1  16.2  19.6   14:55  13.5    5:00   2.2   0.1  23.4   1.4  19.3   14:10   SSE
 2  16.7  21.9   18:05  11.3    6:20   2.4   0.8   0.0   1.3  11.3   10:30   SSE
 3  18.6  22.3   16:35  14.5    7:45   0.9   1.2   0.0   2.3  22.5   15:20   WNW
 4  19.2  23.4   17:05  15.3    6:35   0.7   1.7   0.0   1.4  17.7   14:00    SE
 5  17.3  21.2   17:25  14.7    8:25   1.3   0.4   6.0   1.1  16.1    3:25   SSE
 6  18.0  21.4   17:25  15.3    4:25   1.0   0.7   2.2   1.1  16.1   12:25     W
 7  19.0  29.0   14:25  13.8    7:00   1.2   1.9   0.0   2.1  30.6   15:40    SE
 8  19.1  21.8   16:55  16.9    4:20   0.3   1.0   0.0   1.0  16.1   15:55   SSE
 9  17.8  19.5   14:40  15.2    5:50   0.9   0.4   0.0   0.6  11.3   12:45   WSW
10  17.5  19.2   15:15  16.0    6:20   0.9   0.1  10.8   0.5  12.9   16:10    SE
11  16.7  18.7   18:10  15.1    7:55   1.6   0.0   1.4   0.6   9.7   12:45   SSE
12  17.8  21.4   16:40  14.0    7:15   1.3   0.8   0.0   1.4  17.7   12:10     W
13  20.2  28.4   13:50  14.5    7:30   0.9   2.8   0.2   2.1  24.1   13:45   SSE
14  18.2  21.7   16:05  15.8    6:30   0.8   0.7   3.0   1.6  24.1   16:55     W
15  18.2  22.1   15:15  15.2    6:55   1.0   0.8   0.2   1.8  19.3   12:10     W
16  18.2  22.4   16:10  13.7    7:40   1.3   1.2   0.0   1.1  16.1   15:00    NW
17  20.1  25.6   18:20  14.6    7:05   1.0   2.8   0.0   1.1  16.1   17:05     W
18  20.3  25.4   11:05  16.7    7:15   0.1   2.1   0.0   2.6  29.0   13:05   SSE
19  18.9  22.8   16:15  15.5    6:50   0.6   1.2   0.0   1.0  14.5   14:05   SSE
20  18.8  21.9   16:50  16.7    7:10   0.4   0.9   2.8   0.5  11.3   16:15   SSE
21  19.8  22.8   16:20  17.3    6:35   0.1   1.6   0.0   1.0  14.5   15:00    SE
22  19.9  23.0   16:05  17.0    5:40   0.1   1.8   0.0   1.6  19.3   15:45    SE
23  19.9  24.1   17:10  15.5    7:30   0.5   2.2   0.0   1.6  19.3   15:50     W
24  20.9  26.8   16:20  14.9    7:35   0.7   3.4   0.0   1.6  19.3   16:35   SSE
25  22.2  27.5   16:35  17.2    7:35   0.1   4.0   0.0   1.4  17.7   18:15   WSW
26  24.4  33.4   14:30  19.6    5:35   0.0   6.1  10.0   3.2  38.6   17:25     W
27  22.3  26.0   12:40  19.9    4:30   0.0   4.0   1.4   3.1  29.0    3:40   SSE
28  20.2  21.8   15:45  18.9   23:35   0.0   1.9   0.2   1.0  14.5   15:40   SSE
29  19.6  23.6   16:30  16.3    6:25   0.3   1.6   0.0   0.8  16.1   15:40   WNW
30  20.2  23.7   15:20  15.7    7:35   0.3   2.2   0.0   1.1  12.9   16:00   SSE
31  20.9  27.1   16:15  15.3    7:30   0.8   3.4   0.0   2.1  43.5   21:35   SSE
-------------------------------------------------------------------------------------
    19.3  33.4    26    11.3     2    23.7  53.6  61.6   1.5  43.5    31     SSE

Max >=  32.0:  1
Max <=   0.0:  0
Min <=   0.0:  0
Min <= -18.0:  0
Max Rain: 23.4 ON 01/07/12
Days of Rain: 12 (> .2 mm) 7 (> 2 mm) 1 (> 20 mm)
Heat Base:  18.3  Cool Base:  18.3  Method: Integration