NOAA Style Reports for San Sebastián

           escudo Sn.Sn

Report for 2012 Aug
                   MONTHLY CLIMATOLOGICAL SUMMARY for AUG. 2012

NAME: kocher   CITY: San Sebastian   STATE: Guipuzcoa 
ELEV:    80 m  LAT:  43 18' 42" N  LONG:   2 00' 56" W

                   TEMPERATURE (C), RAIN  (mm), WIND SPEED (km/hr)

                                      HEAT  COOL        AVG
    MEAN                              DEG   DEG         WIND                 DOM
DAY TEMP  HIGH   TIME   LOW    TIME   DAYS  DAYS  RAIN  SPEED HIGH   TIME    DIR
------------------------------------------------------------------------------------
 1  22.1  25.6   15:55  19.3   23:50   0.0   3.8   0.0   1.6  19.3    0:45   SSE
 2  19.7  22.7   14:05  17.2    6:20   0.1   1.5   0.4   1.2  22.5   13:00   WSW
 3  19.7  24.0   16:10  16.8    5:35   0.4   1.8   0.6   1.0  16.1   14:40     W
 4  20.6  24.2   13:00  18.5    5:15   0.0   2.2   0.0   0.8  17.7   14:20   SSE
 5  17.7  19.9    1:20  15.9   23:40   0.8   0.2  10.6   0.8  14.5   10:30   WSW
 6  19.1  23.3   15:25  15.5    6:05   0.9   1.6   0.2   1.8  17.7   12:20     W
 7  20.3  27.4   16:55  14.3    7:05   1.0   3.0   0.0   1.4  19.3   14:50   WSW
 8  24.7  33.3   17:25  17.7    7:50   0.0   6.5   0.0   0.8  14.5   15:20    SE
 9  25.3  31.8   16:35  19.8    7:30   0.0   7.0   0.0   1.3  24.1   21:45    NW
10  25.5  33.8   17:05  20.2    6:35   0.0   7.2   0.0   1.6  37.0   20:40    SE
11  22.6  25.8   16:25  20.6   21:50   0.0   4.2   0.2   2.3  19.3   12:55   SSE
12  21.6  25.7   15:35  17.7    7:55   0.0   3.3   0.0   1.1  14.5   17:30     W
13  21.7  25.8   16:25  17.9    8:15   0.0   3.4   0.0   1.0  16.1   15:00    SE
14  22.6  27.4   10:25  18.1    5:30   0.0   4.3   0.0   3.4  27.4   11:25   WNW
15  22.3  27.2    9:00  19.1   23:55   0.0   4.0   0.0   2.3  35.4    7:10   WNW
16  23.1  30.3   15:20  17.0    8:10   0.2   5.0   0.0   1.3  14.5   16:15    SE
17  26.9  37.7   14:30  19.9    6:40   0.0   8.7   0.0   3.7  30.6   19:45   WNW
18  23.1  26.4   14:30  19.9    6:35   0.0   4.8   0.0   1.4  19.3   15:00    SE
19  22.9  26.1   16:30  21.1    7:10   0.0   4.7   0.0   1.8  22.5   12:00   WNW
20  23.4  27.2   16:00  20.9    8:15   0.0   5.1   0.0   1.0  14.5   12:30     W
21  22.4  24.3   11:45  20.8    6:40   0.0   4.2   0.0   0.8  12.9   12:00   WSW
22  22.3  25.0   13:10  20.2    6:05   0.0   4.0   0.4   0.6  12.9   11:35    SE
23  21.6  24.1   14:35  19.1    8:30   0.0   3.2   0.0   1.1  19.3   11:55   SSE
24  20.9  24.4   13:05  18.0    5:40   0.0   2.7   0.0   0.6  11.3   12:55   WSW
25  19.5  21.5    2:15  17.1   00:00   0.1   1.2   5.2   1.0  14.5   13:25   SSE
26  19.3  23.8   16:05  15.0    6:40   0.9   1.9   2.0   1.1  14.5   14:15     W
27  21.7  33.3   14:30  14.9    8:20   0.8   4.2   0.4   4.0  35.4   17:00     S
28  22.2  26.9   15:00  18.1    7:30   0.0   3.9   0.0   1.3  16.1   13:55   SSE
29  20.5  23.6   12:05  17.2   23:20   0.1   2.3  13.2   0.6  20.9   16:50   SSE
30  18.0  21.8   17:50  16.0   10:45   0.7   0.4  11.0   1.3  17.7   22:25    SE
31  18.2  20.6   15:30  16.5   22:05   0.5   0.4   0.2   1.4  17.7   10:55    NW
-------------------------------------------------------------------------------------
    21.7  37.7    17    14.3     7     6.6 110.5  44.4   1.5  37.0    10     SSE

Max >=  32.0:  4
Max <=   0.0:  0
Min <=   0.0:  0
Min <= -18.0:  0
Max Rain: 13.21 ON 29/08/12
Days of Rain: 12 (> .2 mm) 5 (> 2 mm) 0 (> 20 mm)
Heat Base:  18.3  Cool Base:  18.3  Method: Integration