NOAA Style Reports for San Sebastián

           escudo Sn.Sn

Report for 2012 Sep
                   MONTHLY CLIMATOLOGICAL SUMMARY for SEP. 2012

NAME: kocher   CITY: San Sebastian   STATE: Guipuzcoa 
ELEV:    80 m  LAT:  43 18' 42" N  LONG:   2 00' 56" W

                   TEMPERATURE (C), RAIN  (mm), WIND SPEED (km/hr)

                                      HEAT  COOL        AVG
    MEAN                              DEG   DEG         WIND                 DOM
DAY TEMP  HIGH   TIME   LOW    TIME   DAYS  DAYS  RAIN  SPEED HIGH   TIME    DIR
------------------------------------------------------------------------------------
 1  17.2  21.2   15:25  13.4    8:10   1.6   0.6   0.0   1.3  17.7   16:30    SE
 2  17.2  22.0   15:00  11.2    7:30   2.1   1.0   0.0   1.1  16.1   15:55    SE
 3  18.9  22.1   17:05  16.6    3:20   0.5   1.1  25.4   0.8  12.9   17:25    SE
 4  19.9  23.3   15:20  16.9    5:10   0.2   1.8   0.2   1.4  17.7   15:50   SSE
 5  20.2  23.4   17:35  17.6    8:10   0.1   2.0   0.0   1.0  12.9   11:40   SSE
 6  20.3  25.3   14:25  17.2    8:05   0.2   2.3   0.0   0.8  11.3   15:55   SSE
 7  21.9  27.9   15:40  17.2    7:35   0.1   3.7   0.0   0.8  16.1   13:30    SE
 8  22.4  27.8   14:05  17.9    7:40   0.0   4.1   0.0   1.3  16.1   17:45   WNW
 9  20.5  24.8   16:10  15.9    7:55   0.3   2.5   0.0   0.6  12.9   12:30     W
10  21.8  25.1   17:00  19.8    7:00   0.0   3.5   0.0   0.8  11.3   16:25   WNW
11  21.9  26.1   14:10  18.8    7:20   0.0   3.6   0.6   0.6  14.5   16:05    SE
12  18.6  21.8    0:45  16.1   20:20   0.5   0.8   3.0   0.8  11.3   12:40   SSE
13  18.0  21.6   16:40  14.8    7:30   0.9   0.6   8.2   1.9  24.1   13:50    SE
14  18.2  21.9   16:15  14.8    8:25   0.9   0.8   0.0   1.0  12.9   15:00   WNW
15  17.9  22.7   15:20  14.1    4:25   1.7   1.2   0.0   1.6  14.5   15:40   SSE
16  18.8  24.8   14:45  14.0    7:40   1.4   1.9   0.0   1.1  14.5   15:05   WSW
17  19.6  22.7   14:00  16.9    4:55   0.3   1.5   0.0   0.5  12.9   12:45   SSE
18  18.3  19.9    0:15  17.2   21:55   0.3   0.3   5.8   0.2  11.3   18:30   WSW
19  17.7  21.3   17:15  14.4   23:45   1.2   0.5   0.0   0.6  12.9   14:10   WNW
20  19.0  28.1   17:35  11.1    7:15   2.5   3.2   0.0   1.3  19.3   23:20     W
21  24.6  29.7   13:25  20.0   22:40   0.0   6.3   0.0   8.9  38.6   15:25   SSE
22  21.4  28.5   15:10  16.6    7:50   0.2   3.3   0.0   1.0  19.3   16:05     W
23  26.2  31.8   16:40  20.6    0:15   0.0   7.9   0.0   9.5  51.5   17:40     S
24  19.9  24.8    0:05  15.6   00:00   0.3   1.9   4.0   4.5  53.1    0:05   SSE
25  18.3  21.5   15:10  12.8   23:05   1.2   1.3  19.6   7.4  45.1    6:00   SSE
26  16.1  20.7   14:50  11.8    1:50   2.5   0.3   2.2   2.9  25.7   13:05   SSE
27  16.7  20.2   15:40  13.9    8:25   2.0   0.3   0.0   1.0  14.5   13:20     W
28  16.0  18.8   17:50  13.1    6:10   2.4   0.0   0.0   0.3   9.7   12:55   SSW
29  15.8  18.5   16:15  13.7   11:30   2.5   0.0   7.8   0.8  16.1   18:05    NW
30  16.1  19.9   15:55  12.1   23:55   2.4   0.2   1.8   1.1  17.7    4:05    SE
-------------------------------------------------------------------------------------
    19.3  31.8    23    11.1    20    28.3  58.6  78.6   1.9  53.1    24     SSE

Max >=  32.0:  0
Max <=   0.0:  0
Min <=   0.0:  0
Min <= -18.0:  0
Max Rain: 25.40 ON 03/09/12
Days of Rain: 11 (> .2 mm) 8 (> 2 mm) 1 (> 20 mm)
Heat Base:  18.3  Cool Base:  18.3  Method: Integration