NOAA Style Reports for San Sebastián

           escudo Sn.Sn

Report for 2012 Oct
                   MONTHLY CLIMATOLOGICAL SUMMARY for OCT. 2012

NAME: kocher   CITY: San Sebastian   STATE: Guipuzcoa 
ELEV:    80 m  LAT:  43 18' 42" N  LONG:   2 00' 56" W

                   TEMPERATURE (C), RAIN  (mm), WIND SPEED (km/hr)

                                      HEAT  COOL        AVG
    MEAN                              DEG   DEG         WIND                 DOM
DAY TEMP  HIGH   TIME   LOW    TIME   DAYS  DAYS  RAIN  SPEED HIGH   TIME    DIR
------------------------------------------------------------------------------------
 1  14.4  20.1   16:20   9.9    8:00   4.2   0.2   0.0   1.3  14.5   14:35   WSW
 2  16.2  22.2   15:35  11.8    5:40   2.9   0.8   0.0   1.1   9.7   15:55   WSW
 3  17.0  21.6   16:35  12.7    7:55   2.1   0.9   0.0   1.1  12.9   15:25   WSW
 4  18.7  23.1   15:10  15.4    8:25   0.8   1.1   0.0   0.6  12.9   13:55     W
 5  21.3  29.2   17:25  13.7    6:40   1.3   4.3   0.0   2.9  24.1   15:40     S
 6  23.2  27.7   14:25  19.9   23:15   0.0   4.9   0.2   4.3  22.5    8:40     S
 7  21.1  24.6   17:30  19.0   23:35   0.0   2.8   0.0   0.3   8.0    1:25   WSW
 8  21.2  30.9   13:55  18.1    3:00   0.0   2.9   0.0   2.1  37.0   14:25   SSE
 9  21.0  25.4   14:15  17.3    8:20   0.0   2.7   0.0   0.6  12.9   15:25    SE
10  19.2  22.7   13:05  17.2    6:10   0.2   1.1   0.0   0.3  16.1   13:35     W
11  19.3  23.0   13:10  15.2   00:00   0.2   1.3  10.6   1.6  22.5   23:35    SE
12  14.9  17.0   18:15  13.8   00:00   3.3   0.0   8.6   0.5  17.7    9:25     W
13  14.1  19.1   14:50  10.7    8:05   4.2   0.0   0.2   1.3  14.5   13:25     W
14  13.4  18.3   12:05  10.9    3:50   4.9   0.0  22.2   3.2  29.0   10:30   SSE
15  13.1  17.7   16:00  10.7    8:10   5.2   0.0  11.0   1.9  22.5    1:25     W
16  17.2  21.6   22:15  10.4    1:10   2.0   1.0   0.6   6.6  43.5   23:35     S
17  21.4  24.4   16:05  18.6    8:15   0.0   3.1   0.0  13.5  48.3   11:25     S
18  17.8  22.8    0:05  14.7   20:45   1.5   1.0   1.8   4.8  43.5    0:05   SSE
19  13.8  14.8    0:05  13.2   12:15   4.5   0.0  21.0   1.4  25.7    4:15   SSE
20  13.7  14.8   16:30  12.9    5:50   4.6   0.0  36.4   0.2  11.3   17:45     W
21  15.3  16.6   15:35  13.9    0:05   3.0   0.0  40.6   0.6  12.9    9:10   SSE
22  16.6  21.1   16:25  14.8    3:20   1.9   0.3   1.2   0.6   8.0    7:15     W
23  15.7  19.7   13:40  12.3    8:35   2.8   0.1   0.0   0.6  11.3    6:50   SSW
24  19.1  24.1   15:00  12.4    7:20   1.8   2.5   0.0   7.7  43.5   13:35     S
25  18.8  22.3    0:05  15.7   11:40   0.5   1.0   7.0   2.1  24.1    7:40     S
26  17.3  18.7    0:05  16.0   15:20   1.0   0.0   6.6   1.1  20.9   20:00   SSE
27  12.1  16.4    0:05   7.2   00:00   6.2   0.0  10.6   3.7  38.6   18:05   SSE
28   7.3  11.1   16:20   4.9    7:30  11.0   0.0   7.4   1.8  17.7    6:15   WSW
29   8.6  15.2   16:30   3.4    7:25   9.7   0.0   0.2   1.6  12.9    8:30   WSW
30  11.1  17.3   13:40   5.9    5:50   7.2   0.0   0.0   1.8  22.5   11:40   SSE
31  11.3  16.6   14:15   6.6    7:15   7.0   0.0   0.0   1.1  14.5   12:25     W
-------------------------------------------------------------------------------------
    16.3  30.9     8     3.4    29    94.2  32.1 186.2   2.3  48.3    17     SSE

Max >=  32.0:  0
Max <=   0.0:  0
Min <=   0.0:  0
Min <= -18.0:  0
Max Rain: 40.59 ON 21/10/12
Days of Rain: 17 (> .2 mm) 11 (> 2 mm) 4 (> 20 mm)
Heat Base:  18.3  Cool Base:  18.3  Method: Integration