NOAA Style Reports for San Sebastián

           escudo Sn.Sn

Report for 2012 Nov
                   MONTHLY CLIMATOLOGICAL SUMMARY for NOV. 2012

NAME: kocher   CITY: San Sebastian   STATE: Guipuzcoa 
ELEV:    80 m  LAT:  43 18' 42" N  LONG:   2 00' 56" W

                   TEMPERATURE (C), RAIN  (mm), WIND SPEED (km/hr)

                                      HEAT  COOL        AVG
    MEAN                              DEG   DEG         WIND                 DOM
DAY TEMP  HIGH   TIME   LOW    TIME   DAYS  DAYS  RAIN  SPEED HIGH   TIME    DIR
------------------------------------------------------------------------------------
 1  14.4  17.9   16:20  11.3    8:00   3.9   0.0   8.2   1.3  40.0   14:35   WSW
 2  16.2  20.7   15:35   9.1    5:40   2.8   0.0   0.2   1.1  37.0   15:55   WSW
 3  17.0  19.1   16:35  14.1    7:55   2.0   0.0   0.4   1.1  12.9   15:25   WSW
 4  18.7  14.6   15:10   9.7    8:25   0.6   0.0  10.4   0.6  16.0   13:55     W
 5  21.3  14.4   17:25   8.4    6:40   1.2   0.8   3.8   2.9  26.0   15:40     S
 6  23.2  14.6   14:25   8.2   23:15   0.0   0.3   9.0   4.3  18.0    8:40     S
 7  21.1  14.7  17:30    4.3   23:35   0.0   0.0   0.0   0.3  13.0    1:25   WSW
 8  21.2  18.8   13:55  14.2    3:00   0.0   0.3   0.0   2.1  39.0   14:25   SSE
 9  21.0  19.8   14:15  14.1    8:20   0.0   0.0  14.0   0.6  29.0   15:25    SE
10  19.2  17.9   13:05   9.5    6:10   0.1   0.0  11.2   0.3  32.1   13:35     W
11  19.3  13.3   13:10   8.1   00:00   0.2   0.0  12.2   1.6  18.0   23:35    SE
12  14.9  15.0   18:15   6.5   00:00   3.0   0.0   0.0   0.5  10.7    9:25     W
13  14.1  13.8   14:50   3.9    8:05   4.0   0.0   0.0   1.3  11.0   13:25     W
14  13.4  22.8   12:05   6.4    3:50   4.6   0.0   0.0   3.2  23.0   10:30   SSE
15  13.1  16.9   16:00  14.9    8:10   4.9   0.0   0.0   1.9  11.2    1:25     W
16  17.2  22.0   22:15  13.9    1:10   1.9   0.0   0.0   6.6  18.5   23:35     S
17  21.4  18.5   16:05  13.8    8:15   0.0   0.0   0.4  13.5  58.3   11:25     S
18  17.8  11.1    0:05  10.8   20:45   1.2   0.0   4.8   4.8   6.5    0:05   SSE
19  13.8  11.5    0:05  11.3   12:15   4.2   0.0   0.0   0.0   6.7    4:15   SSE
20  13.7  19.6   16:30   9.9    5:50   4.3   0.0   0.0   0.0  29.3   17:45     W
21  15.3  17.3   15:35   9.6    0:05   2.7   0.0   1.4   1.4  34.9    9:10   SSE
22  16.6  15.1   16:25  14.3    3:20   1.7   0.0   0.0   0.0  35.0    7:15     W
23  15.7  18.0   13:40  13.8    8:35   2.5   0.0   0.0   0.0  44.3    6:50   SSW
24  19.1  19.1   15:00  14.0    7:20   1.6   0.0   0.0   0.0  47.5   13:35     S
25  18.8  15.5    0:05  11.1   11:40   0.4   0.0   7.0   7.0  21.1    7:40     S
26  17.3  11.3    0:05   8.0   15:20   0.8   0.0  22.0   1.1  25.9   20:00   SSE
27  12.1   9.3    0:05   6.6   00:00   5.9   0.0  23.6   3.7  26.0   18:05   SSE
28   7.3  10.8   16:20   6.6    7:30  10.7   0.0  26.0   1.8  34.4    6:15   WSW
29   8.6   9.7   16:30   5.3    7:25   9.4   0.0  31.6   1.6  38.9    8:30   WSW
30  11.1   8.4   13:40   3.7    5:50   6.9   0.0   0.2   1.8  12.5   11:40   SSE
-------------------------------------------------------------------------------------
    16.5  22.8    14     3.7    30    81.6   1.5 186.4   2.4  48.3    17     SSE

Max >=  32.0:  0
Max <=   0.0:  0
Min <=   0.0:  0
Min <= -18.0:  0
Max Rain: 31.6 ON 29/11/12
Days of Rain: 15 (> .2 mm) 13 (> 2 mm) 4 (> 20 mm)
Heat Base:  18.0  Cool Base:  25.0  Method: Integration