NOAA Style Reports for San Sebastián

           escudo Sn.Sn

Report for 2013 Mar
                   MONTHLY CLIMATOLOGICAL SUMMARY for MAR. 2013

NAME: kocher   CITY: San Sebastian   STATE: Guipuzcoa 
ELEV:    80 m  LAT:  43 18' 42" N  LONG:   2 00' 05" W

                   TEMPERATURE (C), RAIN  (mm), WIND SPEED (km/hr)

                                      HEAT  COOL        AVG
    MEAN                              DEG   DEG         WIND                 DOM
DAY TEMP  HIGH   TIME   LOW    TIME   DAYS  DAYS  RAIN  SPEED HIGH   TIME    DIR
------------------------------------------------------------------------------------
 1   7.7  11.9   15:11   3.8    3:58  10.6   0.0   0.0   0.8  14.5   13:48   WSW
 2   7.0   9.7   14:19   3.6   23:55  11.3   0.0   0.0   0.6  12.9   13:09    SE
 3  10.2  19.3   16:26   1.6    7:42   8.2   0.0   0.0   2.3  27.4   15:42   SSE
 4  15.1  18.0   13:01  11.5    8:11   3.2   0.0   0.0  12.9  49.9    3:58   SSE
 5  16.1  17.9   15:32  15.0    4:26   2.3   0.0   0.0   8.9  41.8    1:03   SSE
 6  17.1  21.8   14:17  13.9    8:01   1.7   0.5   0.0   4.3  30.6    0:47     S
 7  17.1  21.2   14:56  11.9   22:05   1.7   0.4   1.2  11.3  49.9   14:24   SSE
 8  15.6  20.1   16:11  11.5    6:04   2.9   0.2   0.0   5.1  43.5   13:50   SSE
 9  15.3  18.9   16:51  12.3    6:16   3.0   0.0   0.0   6.9  37.0   13:22     S
10  15.2  17.4   15:27  13.2   23:53   3.2   0.0   0.0   9.5  41.8   12:22     S
11  12.6  17.3   14:35  10.2    6:00   5.7   0.0   6.4   6.1  46.7   11:29     S
12   8.1  10.7   14:59   5.2   22:52  10.2   0.0  11.6   1.4  20.9   22:38    SE
13   4.4   6.2   23:03   2.2   12:05  13.9   0.0   8.6   3.9  37.0   14:20    SE
14   5.6   7.9   11:33   2.2    5:02  12.8   0.0   8.8   1.6  29.0   11:50     W
15   7.6  12.3   15:22   3.4    7:06  10.7   0.0   0.2   1.3  16.1    1:25     S
16  10.9  13.2   14:41   7.1    0:09   7.4   0.0   0.0  10.3  41.8   12:55     S
17   9.7  12.5    2:01   6.7   23:16   8.6   0.0   2.6   4.3  32.2    3:42     S
18   8.5  12.3   16:04   5.7    2:56   9.8   0.0   3.8   3.1  30.6   11:10   SSE
19  10.0  15.5   14:19   5.2    7:46   8.3   0.0   0.4   2.1  24.1   12:31   SSE
20  10.3  14.6   14:24   7.5    7:45   8.0   0.0   2.4   2.3  22.5   11:25   SSE
21  15.5  21.0   16:08   6.9    1:16   3.1   0.3   0.0  12.4  46.7   10:50     S
22  16.2  19.7   14:52  12.0   23:21   2.3   0.1   0.8   6.4  48.3    6:15     S
23  13.3  18.4   16:41   7.8    5:49   4.9   0.0   0.0   1.1  22.5   12:21   WSW
24  13.3  18.1   12:53   9.0    6:57   5.0   0.0   0.0   1.4  16.1   13:55    SE
25  11.9  14.6   13:10  10.6   21:41   6.3   0.0   6.2   2.1  20.9   13:42   SSE
26  11.3  13.3   15:30   9.9    2:56   7.0   0.0   1.4   0.3   9.7    0:38   SSE
27  11.4  13.7   12:49  10.2   22:33   6.8   0.0   4.4   0.3  12.9   14:09    NW
28   9.3  10.4    0:20   8.7    6:28   9.0   0.0   3.4   0.2   8.0   23:09   WNW
29  14.9  20.5   13:33   9.2    0:56   3.6   0.3  13.6   3.7  30.6   15:30   SSE
30  12.8  15.8   13:54  10.9   23:58   5.5   0.0   6.8   2.1  25.7   11:15    SE
31  13.1  16.8   15:50   8.9    8:12   5.0   0.0   0.0   1.1  17.7   14:52    SE
-------------------------------------------------------------------------------------
    11.8  21.8     6     1.6     3   201.8   2.0  82.6   4.2  49.9     4     SSE

Max >=  32.0:  0
Max <=   0.0:  0
Min <=   0.0:  0
Min <= -18.0:  0
Max Rain: 13.59 ON 29/03/13
Days of Rain: 17 (> .2 mm) 12 (> 2 mm) 0 (> 20 mm)
Heat Base:  18.3  Cool Base:  18.3  Method: Integration