NOAA Style Reports for San Sebastián

           escudo Sn.Sn

Report for 2013 Apr
                   MONTHLY CLIMATOLOGICAL SUMMARY for APR. 2013

NAME: kocher   CITY: San Sebastian   STATE: Guipuzcoa 
ELEV:    80 m  LAT:  43 18' 42" N  LONG:   2 00' 05" W

                   TEMPERATURE (C), RAIN  (mm), WIND SPEED (km/hr)

                                      HEAT  COOL        AVG
    MEAN                              DEG   DEG         WIND                 DOM
DAY TEMP  HIGH   TIME   LOW    TIME   DAYS  DAYS  RAIN  SPEED HIGH   TIME    DIR
------------------------------------------------------------------------------------
 1  13.1  16.4   15:26  10.1    9:07   5.2   0.0  21.0   2.3  20.9    3:52    SE
 2  12.6  16.0   14:30   9.7   23:54   5.8   0.0   0.0   1.9  19.3   10:25   SSE
 3  11.4  17.1   16:30   6.6    8:07   6.8   0.0   3.6   1.8  30.6   22:07     W
 4   9.4  11.0   11:44   6.9   23:52   8.9   0.0  14.8   1.3  19.3   17:22   SSE
 5   6.0   8.7   14:18   3.3   23:59  12.3   0.0  15.0   2.6  27.4   11:40   SSE
 6   7.1  10.1   16:12   2.9    0:39  11.2   0.0  11.2   1.9  35.4    2:19    SE
 7  10.1  14.1   19:23   6.5    7:45   8.2   0.0   0.2   1.0  14.5   19:56   SSW
 8  11.0  15.2   23:52   8.2    7:10   7.3   0.0   6.6   1.4  20.9   12:54    SE
 9  12.7  15.8    2:42   9.4    8:58   5.6   0.0   2.4   4.7  40.2    3:11   SSE
10  16.0  22.6   16:14   9.2    6:20   3.4   1.1   0.0   8.0  48.3   17:38   SSE
11  16.7  20.7    0:22  11.6   16:42   2.4   0.8   4.2   8.0  45.1    7:52   SSE
12  12.5  16.9   11:58   8.9    6:32   5.8   0.0   1.2   1.6  22.5   11:35     W
13  17.9  24.8   17:44  10.1    4:21   2.3   1.9   0.0   5.3  32.2   11:36     S
14  23.9  28.7   17:58  15.6   00:00   0.1   5.7   0.0  12.9  48.3   23:43   SSE
15  15.2  18.8   14:00  12.7    8:12   3.1   0.0   0.4   1.9  32.2    0:01   WSW
16  14.0  17.8   15:41   9.9    7:33   4.3   0.0   0.0   0.8  16.1   16:54    SE
17  18.0  30.2   15:36  11.8    2:53   2.6   2.3   0.0   4.8  45.1   16:09   SSE
18  12.7  14.4    0:01  11.6   12:50   5.6   0.0   3.2   0.6  22.5   11:47     S
19  12.0  14.6   16:02  10.3    9:19   6.3   0.0   1.0   1.4  17.7   10:45    SE
20  11.8  15.1   16:24   8.5    7:54   6.5   0.0   0.6   1.3  19.3   15:52   ESE
21  11.2  15.4   17:46   6.5    7:40   7.1   0.0   0.0   1.3  20.9   11:55   WSW
22  11.7  15.6   16:02   8.1    6:40   6.6   0.0   0.2   1.1  17.7   11:26   ESE
23  12.5  16.1   17:36   9.8    0:48   5.8   0.0   0.2   0.8  14.5   14:06     W
24  16.4  25.2   15:41   7.9    7:24   3.8   1.8   0.0   2.3  27.4   11:46    SW
25  19.1  23.5   14:08  15.1   23:47   0.7   1.6   0.0   3.4  27.4   22:59     S
26  12.8  15.1    0:01  10.0   23:54   5.5   0.0   3.0   1.3  22.5   21:22    SE
27   8.8  10.7   15:16   5.6   23:44   9.5   0.0   5.8   1.8  20.9   17:12    SE
28   8.8  13.4   16:43   4.3    7:34   9.5   0.0   4.6   2.4  29.0   22:42    SE
29  11.1  14.9   13:42   8.9    8:02   7.2   0.0   6.2   1.4  25.7   18:43   SSE
30  11.2  14.6   16:21   9.2    0:28   7.1   0.0   5.4   2.1  24.1   16:36   SSE
-------------------------------------------------------------------------------------
    12.9  30.2    17     2.9     6   176.7  15.2 110.8   2.8  48.3    10     SSE

Max >=  32.0:  0
Max <=   0.0:  0
Min <=   0.0:  0
Min <= -18.0:  0
Max Rain: 21.01 ON 01/04/13
Days of Rain: 21 (> .2 mm) 14 (> 2 mm) 1 (> 20 mm)
Heat Base:  18.3  Cool Base:  18.3  Method: Integration