NOAA Style Reports for San Sebastián

           escudo Sn.Sn

Report for 2013 May
                   MONTHLY CLIMATOLOGICAL SUMMARY for MAY. 2013

NAME: kocher   CITY: San Sebastian   STATE: Guipuzcoa 
ELEV:    80 m  LAT:  43 18' 42" N  LONG:   2 00' 05" W

                   TEMPERATURE (C), RAIN  (mm), WIND SPEED (km/hr)

                                      HEAT  COOL        AVG
    MEAN                              DEG   DEG         WIND                 DOM
DAY TEMP  HIGH   TIME   LOW    TIME   DAYS  DAYS  RAIN  SPEED HIGH   TIME    DIR
------------------------------------------------------------------------------------
 1  11.8  16.0   14:41   8.7    8:03   6.5   0.0   0.8   1.6  25.7   16:33     W
 2  10.6  12.4   15:00   9.3    5:14   7.8   0.0   8.4   1.4  17.7   16:00   SSE
 3  11.1  13.5   18:40   9.6    4:58   7.2   0.0   4.2   1.0  16.1    1:19    SE
 4  13.1  16.4   16:36  10.6    1:04   5.2   0.0   0.0   1.0  16.1   14:44    SE
 5  13.6  18.9   16:53   9.1    7:18   4.7   0.0   0.0   1.0  17.7   17:59   WNW
 6  15.9  24.7   15:33  11.0    2:16   3.4   1.0   0.0   1.9  41.8   16:56   WSW
 7  17.9  22.9   16:50  14.6    8:18   1.2   0.8   0.0   0.5  12.9    3:46   WNW
 8  17.3  20.7    9:52  14.9   21:36   1.4   0.4   2.2   1.0  24.1   11:30     W
 9  13.6  15.3    0:01  11.4   23:21   4.7   0.0  16.4   0.5  19.3   16:34   ESE
10  12.6  16.1   16:23  10.0   23:43   5.8   0.0   0.2   0.5  14.5   15:38   WNW
11  13.1  16.8   16:36   9.9    4:50   5.3   0.0   0.0   1.3  24.1   13:16    SE
12  12.9  15.5   17:44  10.9   00:00   5.4   0.0   0.0   0.6  14.5   17:39     W
13  12.5  16.5   16:56   8.2    6:30   5.8   0.0   0.0   1.0  12.9   18:38     W
14  13.8  17.4   14:17  11.4   22:41   4.5   0.0   5.0   1.1  14.5   12:15   WNW
15  11.3  13.4   16:30   9.6   23:51   7.0   0.0   5.0   1.0  29.0   18:56   SSE
16  10.9  14.8   16:03   8.1    6:40   7.4   0.0   1.0   1.9  22.5   12:49   SSE
17  10.6  14.3   13:23   8.1    5:50   7.8   0.0  13.6   1.3  12.9    8:44     W
18   9.8  11.6   19:05   8.2    6:38   8.5   0.0  70.0   2.7  33.8   15:18   SSE
19  11.6  14.8   17:25   9.6    6:22   6.8   0.0   4.8   1.6  20.9   11:00    SE
20  12.3  16.7   16:14   8.2    5:58   6.0   0.0   0.0   1.4  25.7   13:18   WSW
21  10.9  12.8   16:42   9.3    7:04   7.4   0.0   0.8   1.3  12.9   16:28     W
22  12.3  14.9   13:35  10.7    4:32   6.0   0.0   6.2   1.3  17.7   12:53    SE
23  13.0  14.5   18:18  12.1   23:58   5.3   0.0   0.6   1.6  14.5   15:08    SE
24  12.2  15.4   15:26   9.2    6:39   6.1   0.0   1.2   2.3  25.7    8:12   ESE
25  12.3  15.9   15:24   9.9   00:00   6.0   0.0   1.4   1.8  19.3   13:54   ESE
26  12.4  18.7   16:37   6.3    7:45   5.9   0.0   0.2   1.9  17.7   14:11   WSW
27  13.6  16.2   17:40  11.4    5:38   4.8   0.0   0.0   1.1  14.5    1:09     W
28  12.2  15.8   16:32   9.4   23:47   6.1   0.0  17.0   2.6  24.1   12:59   SSE
29  10.3  13.8   15:11   8.4    6:32   8.0   0.0  15.4   3.4  32.2    5:48   SSE
30  11.9  13.5   11:07   9.4    1:35   6.4   0.0   3.8   2.3  22.5   22:12   ESE
31  12.7  13.3   16:53  11.8    9:33   4.3   0.0   7.2   3.2  24.1    0:27   ESE
-------------------------------------------------------------------------------------
    12.6  24.7     6     6.3    26   178.5   2.3 185.4   1.5  41.8     6      SE

Max >=  32.0:  0
Max <=   0.0:  0
Min <=   0.0:  0
Min <= -18.0:  0
Max Rain: 70.00 ON 18/05/13
Days of Rain: 22 (> .2 mm) 14 (> 2 mm) 1 (> 20 mm)
Heat Base:  18.3  Cool Base:  18.3  Method: Integration