NOAA Style Reports for San Sebastián

           escudo Sn.Sn

Report for 2013 Jun
                   MONTHLY CLIMATOLOGICAL SUMMARY for JUN. 2013

NAME: kocher   CITY: San Sebastian   STATE: Guipuzcoa 
ELEV:    80 m  LAT:  43 18' 42" N  LONG:   2 00' 05" W

                   TEMPERATURE (C), RAIN  (mm), WIND SPEED (km/hr)

                                      HEAT  COOL        AVG
    MEAN                              DEG   DEG         WIND                 DOM
DAY TEMP  HIGH   TIME   LOW    TIME   DAYS  DAYS  RAIN  SPEED HIGH   TIME    DIR
------------------------------------------------------------------------------------
 1  12.9  14.2   17:46  12.1   21:25   5.4   0.0   0.8   1.4  16.1   17:15   ESE
 2  13.1  13.9   17:27  12.3    1:07   5.2   0.0   0.4   0.5  11.3   10:02    SE
 3  14.2  17.7   13:14  11.4    6:58   4.2   0.0   0.2   2.3  24.1   14:48   WSW
 4  14.6  18.3   17:06  10.4    6:41   3.8   0.0   0.0   2.1  20.9   12:54     W
 5  16.6  22.2   14:33  10.7    6:28   2.6   0.9   0.0   1.0  17.7   16:07   WSW
 6  18.1  26.9   15:18  13.4    6:48   1.9   1.7   7.8   2.3  38.6   16:32     W
 7  15.4  17.0   13:34  14.2   21:59   2.9   0.0  10.2   1.4  24.1   21:51    NW
 8  13.8  14.8   13:47  13.1   22:51   4.5   0.0  31.8   1.0  16.1   17:24   SSE
 9  14.3  15.9   15:19  13.1    1:03   4.0   0.0  27.4   1.4  19.3    6:45   ESE
10  15.8  19.2   15:56  14.1    6:43   2.5   0.0   0.0   0.2  12.9   16:06    SE
11  18.7  24.8   16:23  14.4    6:06   1.3   1.6   0.0   0.8  17.7   11:59    SE
12  22.0  29.2   16:12  17.1    7:17   0.2   3.9   0.0   2.3  30.6   21:46    SE
13  16.9  18.6   17:49  15.4   13:03   1.4   0.0   4.4   0.5  11.3    0:35   WSW
14  17.6  21.2   17:00  14.8    7:12   1.3   0.6   0.0   1.1  19.3   17:22   WSW
15  16.6  19.6   11:32  12.4    7:14   1.8   0.1   0.0   0.6  12.9   10:23   ESE
16  18.8  23.6   18:10  15.7    7:25   0.8   1.4   0.0   2.3  25.7   20:40     W
17  16.0  18.2    9:34  14.4   16:52   2.3   0.0   0.0   1.3  19.3    9:02   SSE
18  14.7  15.7   14:00  12.3   23:17   3.6   0.0   7.2   0.5  11.3   15:12    SE
19  13.8  16.6   14:04  12.0    6:31   4.5   0.0  11.0   1.6  20.9   16:19   SSE
20  14.1  15.8   17:14  12.7    3:38   4.2   0.0   2.2   0.8  17.7   10:53   SSE
21  15.1  17.5   13:33  13.3    3:31   3.2   0.0  13.4   1.1  14.5   14:26     W
22  16.7  21.8   13:00  12.1    7:18   2.3   0.6   0.4   0.8  12.9   10:42   SSE
23  15.4  18.6   15:27  13.3    6:53   2.8   0.0   3.2   1.4  17.7   15:12    SE
24  15.6  18.6   15:06  12.8    6:22   2.7   0.0   0.2   1.1  16.1   13:04    SE
25  15.8  19.3   15:25  12.6    2:20   2.6   0.1   0.0   1.0  14.5   11:28   ESE
26  17.5  20.8   15:39  14.9    5:50   1.2   0.5   0.0   1.4  17.7   10:01   ESE
27  17.2  20.5   14:02  13.4    7:17   1.5   0.4   0.0   1.4  20.9   12:15   SSE
28  16.6  19.9   13:43  13.4    7:41   1.8   0.2   0.0   1.3  17.7   10:59   SSE
29  16.1  19.8   17:41  12.6    6:02   2.3   0.1   0.0   1.0  14.5   15:54     W
30  17.3  20.7   17:37  14.7    6:20   1.3   0.3   0.0   0.5  11.3   16:08    NE
-------------------------------------------------------------------------------------
    16.0  29.2    12    10.4     4    80.2  12.4 120.6   1.2  38.6     6     SSE

Max >=  32.0:  0
Max <=   0.0:  0
Min <=   0.0:  0
Min <= -18.0:  0
Max Rain: 31.80 ON 08/06/13
Days of Rain: 15 (> .2 mm) 10 (> 2 mm) 2 (> 20 mm)
Heat Base:  18.3  Cool Base:  18.3  Method: Integration