NOAA Style Reports for San Sebastián

           escudo Sn.Sn

Report for 2013 Sep
                   MONTHLY CLIMATOLOGICAL SUMMARY for SEP. 2013

NAME: kocher   CITY: San Sebastian   STATE: Guipuzcoa 
ELEV:    80 m  LAT:  43 18' 42" N  LONG:   2 00' 05" W

                   TEMPERATURE (C), RAIN  (mm), WIND SPEED (km/hr)

                                      HEAT  COOL        AVG
    MEAN                              DEG   DEG         WIND                 DOM
DAY TEMP  HIGH   TIME   LOW    TIME   DAYS  DAYS  RAIN  SPEED HIGH   TIME    DIR
------------------------------------------------------------------------------------
 1  20.4  23.7   15:55  17.4    7:40   0.1   2.2   0.0   0.5  12.9   13:59   SSE
 2  19.4  23.0   16:37  16.4    8:28   0.4   1.6   0.0   0.5  12.9   13:40     W
 3  20.3  27.1   16:42  14.5    6:25   1.1   3.1   0.0   0.8  11.3   17:12     W
 4  25.3  33.8   16:19  16.6    5:58   0.2   7.2   0.0   2.7  22.5   11:16   SSE
 5  21.8  28.1   12:35  17.6    7:56   0.0   3.5   0.0   1.4  27.4   14:32   SSE
 6  19.9  22.8   15:21  17.2   23:21   0.1   1.7   1.6   1.1  22.5    1:25   WNW
 7  16.8  17.9   11:31  15.9    6:24   1.5   0.0   2.0   0.2  11.3   16:36    NW
 8  16.3  19.7   15:19  13.6    9:57   2.1   0.1  11.6   1.1  25.7    3:46   SSE
 9  17.1  22.5   16:46  12.6    5:11   2.1   1.0   0.0   1.0  16.1   13:08     W
10  17.9  19.3    6:44  16.1   21:58   0.5   0.1  17.0   0.5  12.9    6:58   WNW
11  16.8  20.8   14:55  13.7    7:38   2.0   0.4   0.0   0.5  12.9   17:54   SSE
12  16.4  19.6   12:20  13.9    6:38   2.0   0.0   0.0   0.5  16.1   11:12   WSW
13  18.1  22.2   16:59  15.7    7:21   1.1   0.8   0.8   0.5  14.5   15:10     W
14  18.5  21.6   13:40  15.0    7:18   0.8   1.0   3.2   1.0  17.7   13:41   SSE
15  17.4  20.9   15:55  14.4   23:59   1.4   0.4   0.0   0.6  19.3   12:40    SE
16  15.6  19.7   11:47  12.4    7:30   2.8   0.1   5.6   1.1  16.1   11:54   SSE
17  15.5  16.7   18:08  14.5    8:35   2.8   0.0  10.0   1.1  16.1   13:14   SSE
18  18.0  20.7   16:09  15.7    2:13   0.9   0.6   4.0   1.1  14.5   13:30     W
19  17.5  20.4   17:08  15.7    7:19   1.0   0.2   2.8   0.8  14.5    1:18   SSE
20  17.9  19.9   12:34  16.4    4:12   0.7   0.3   1.4   0.5  11.3   17:10     W
21  17.8  21.4   13:23  14.8    7:58   1.3   0.7   0.2   0.2  11.3   13:05    SE
22  19.2  26.6   17:10  13.4    8:16   1.5   2.4   0.0   0.3  11.3   15:19    SE
23  23.8  30.9   15:52  16.6    5:40   0.1   5.7   0.0   1.9  20.9   12:42   SSE
24  22.3  25.6    0:14  19.3   22:12   0.0   4.0   0.0   3.7  22.5    3:14   WNW
25  22.4  27.2   17:06  18.3    8:31   0.0   4.1   0.0   0.3  11.3   18:32   SSW
26  22.8  30.1   16:12  18.2    6:42   0.0   4.5   0.0   0.3  12.9   13:14    SE
27  27.6  29.7   19:05  24.3   22:17   0.0   9.3   0.0   3.2  30.6   23:55     S
28  23.5  25.9    5:16  20.6    3:22   0.0   5.2   0.0   5.6  40.2    6:28   SSE
29  20.7  23.6   12:59  18.3    8:33   0.0   2.4   0.2   1.9  25.7    0:04   SSE
30  21.1  26.0   13:24  17.1    3:58   0.1   2.9   0.0   1.4  12.9    8:27     W
-------------------------------------------------------------------------------------
    19.6  33.8     4    12.4    16    26.6  65.9  60.4   1.2  40.2    28     SSE

Max >=  32.0:  1
Max <=   0.0:  0
Min <=   0.0:  0
Min <= -18.0:  0
Max Rain: 16.99 ON 10/09/13
Days of Rain: 13 (> .2 mm) 8 (> 2 mm) 0 (> 20 mm)
Heat Base:  18.3  Cool Base:  18.3  Method: Integration