NOAA Style Reports for San Sebastián

           escudo Sn.Sn

Report for 2013 Nov
       MONTHLY CLIMATOLOGICAL SUMMARY for November 13

NAME: Arriola   CITY: San Sebastian   STATE: 
ELEV:    80 m  LAT:  43 18' 42" N  LONG:   2 00' 56" W

                   TEMPERATURE (C), RAIN  (mm), WIND SPEED  (km/h)

                                      HEAT   COOL        AVG
    MEAN                              DEG    DEG         WIND                 DOM
DAY TEMP  HIGH   TIME   LOW    TIME   DAYS   DAYS  RAIN  SPEED HIGH   TIME    DIR
------------------------------------------------------------------------------------
01  14.3  19.9   15:05   7.5   00:15   4.2    0.2   0.0   1.4  14.5   14:35    SW
02  16.2  22.1   15:35  11.8   05:40   2.9    0.8  15.0   1.3  33.8   00:10   SSW
03  17.0  22.9   14:40  11.4   09:40   2.2    0.9  12.2   1.2  33.5   09:40   SSW
04  18.6  23.3   00:00  15.4   08:20   0.8    1.1  21.6   0.7  18.2   14:00   SSW
05  21.3  29.2   17:20  13.7   06:25   1.3    4.3  18.4   2.9  24.1   15:40     S
06  23.2  27.7   14:20  19.2   00:00   0.0    4.9   7.4   4.4  25.9   10:10     S
07  21.1  24.6   17:30  19.0   23:35   0.0    2.8   0.0   0.4   8.0   01:25   WSW
08  21.2  30.8   13:50  18.1   05:40   0.0    2.9  10.4   2.1  37.0   14:25     S
09  21.0  25.3   14:10  17.3   08:15   0.0    2.7   9.0   0.6  12.9   15:25     S
10  19.2  22.6   13:05  15.2   00:00   0.2    1.1   5.4   0.4  16.1   13:35   SSW
11  19.3  23.0   13:30  13.8   00:00   0.2    1.3  10.2   1.5  22.5   23:35     S
12  15.0  16.9   18:15  12.6   00:00   3.3    0.0  38.4   0.5  17.7   09:25    SW
13  14.1  18.9   13:45  10.7   08:00   4.2    0.0   1.2   1.3  14.5   13:25   SSW
14  13.4  18.2   12:05  10.9   03:50   4.9    0.0  21.2   3.2  29.0   10:30     S
15  13.1  20.8   00:00  10.7   08:10   5.2    0.0  11.0   2.0  35.4   00:00   SSW
16  17.2  21.6   22:10  10.4   01:10   2.0    0.9   0.6   6.7  43.4   23:35     S
17  21.2  24.4   16:05   8.7   23:35   0.1    3.0   0.0  13.1  48.3   11:25   SSE
18  10.1  11.8   17:35   8.6   09:15   8.2    0.0  19.2   1.4  30.6   22:50   SSE
19  10.5  12.0   08:40   8.1   21:15   7.8    0.0   6.4   2.1  37.0   18:40   ESE
20   7.4   9.8   00:00   5.2   09:10  10.9    0.0   9.2   1.8  30.6   03:10   SSE
21  10.0  11.7   15:20   8.3   00:00   8.3    0.0  15.2   4.5  37.0   04:35    SE
22   6.8  10.5   00:40   4.3   08:25  11.5    0.0   5.2   1.4  27.4   00:20     S
23   6.5   9.1   14:35   4.9   07:15  11.8    0.0   2.4   0.5   9.7   07:05    SW
24   6.6   8.3   20:05   5.8   13:20  11.7    0.0   0.2   0.3  17.7   19:40    SW
25   7.8   9.1   14:45   6.7   07:50  10.5    0.0   0.0   1.1  17.7   15:10     S
26   6.9  17.3   17:25   3.8   08:35  11.4    0.0   0.0   0.6  14.5   04:30    SE
27   4.2   7.4   12:00   0.6   07:55  14.1    0.0   0.0   0.3  11.3   12:00    SE
28   4.7  11.1   16:10   0.8   07:35  13.6    0.0   0.0   0.9  11.3   10:15     S
29   5.6   7.6   14:10   3.1   04:40  12.7    0.0   0.0   0.1   6.4   02:20   WSW
30   9.2  10.7   09:50   7.1   00:25   9.1    0.0   7.4   2.3  25.7   12:25     S
-------------------------------------------------------------------------------------
    13.4  30.8     8     0.6    27   173.2  27.0 247.2   2.0  48.3    17       S

Max >=   32.0:  0
Max <=    0.0:  0
Min <=    0.0:  0
Min <=  -18.0:  0
Max Rain: 38.40 ON 12/11/13
Days of Rain: 21 (> .2 mm) 19 (> 2 mm) 3 (> 20 mm)
Heat Base:  18.3  Cool Base:  18.3  Method: Integration