NOAA Style Reports for San Sebastián

           escudo Sn.Sn

Report for 2013 Dec
                   MONTHLY CLIMATOLOGICAL SUMMARY for DEC. 2013

NAME: kocher   CITY: San Sebastian   STATE: Guipuzcoa 
ELEV:    80 m  LAT:  43 18' 42" N  LONG:   2 00' 05" W

                   TEMPERATURE (C), RAIN  (mm), WIND SPEED (km/hr)

                                      HEAT  COOL        AVG
    MEAN                              DEG   DEG         WIND                 DOM
DAY TEMP  HIGH   TIME   LOW    TIME   DAYS  DAYS  RAIN  SPEED HIGH   TIME    DIR
------------------------------------------------------------------------------------
 1   6.6   8.5   13:25   4.1    8:30  11.7   0.0   0.0   0.5  14.5    0:05   SSE
 2   6.6   8.6   13:35   4.7   00:00  11.7   0.0   0.0   0.2   6.4   15:55    SE
 3   8.4  16.4   14:30   3.3    5:20   9.8   0.0   0.0   1.0  11.3    8:30   SSE
 4   9.9  14.0   13:10   6.0    3:15   8.4   0.0   0.0   0.6   9.7   10:25     S
 5  10.6  11.3    0:05   8.9   23:50   7.7   0.0   0.0   0.6  14.5   17:25   SSW
 6   8.5  11.7   14:50   5.5   22:30   9.8   0.0   0.0   0.3   9.7    0:30   SSW
 7   7.8  12.0   14:10   5.0    8:55  10.5   0.0   0.0   0.3   9.7   15:20    NW
 8   7.4  13.2   16:05   3.7    7:40  10.8   0.0   0.0   0.8  14.5   13:40     W
 9   9.5  15.6   14:35   3.9    5:05   8.8   0.0   0.0   2.9  19.3   19:15     S
10  11.0  16.2   15:25   6.9    9:15   7.3   0.0   0.0   3.1  32.2   23:50     S
11  15.3  18.3   14:05  12.7   19:50   3.0   0.0   0.0  14.5  43.5    3:05     S
12  12.1  15.5   14:35   9.7   23:50   6.3   0.0   0.0   6.4  27.4   10:35     S
13   9.6  12.2   13:10   7.8    5:00   8.8   0.0   6.8   3.5  22.5    5:20     W
14  11.3  15.5   13:50   8.6   20:55   7.0   0.0   5.2   0.8  22.5    1:20    NW
15  14.7  18.7   16:20   8.6    0:55   3.7   0.0   0.0   5.8  27.4   13:20     S
16  17.4  20.1   14:25  14.2    0:20   1.2   0.2   0.0   9.5  43.5   22:05     S
17  13.6  15.4    0:05  12.7   21:30   4.8   0.0   0.0  14.2  53.1   10:25     S
18  13.7  16.3   14:00  10.7    9:10   4.6   0.0   0.0  10.1  57.9   20:50     S
19  10.6  14.1    0:05   8.1   23:50   7.7   0.0  14.8   4.3  46.7    0:20     S
20   9.6  12.9   14:15   5.4   23:50   8.7   0.0   2.2   1.3  27.4    4:15   ESE
21   7.9  11.8   16:55   3.1    7:25  10.4   0.0   0.0   5.3  35.4   14:00     S
22  12.6  16.6   14:40  10.6    8:15   5.7   0.0   0.0   6.9  27.4    3:00     S
23  13.6  15.8   14:10  10.3    5:20   4.7   0.0   0.0  12.9  66.0   21:55     S
24  14.8  16.7    3:30  12.1   22:00   3.5   0.0   0.6  18.7  75.6    3:40     S
25  11.2  14.2    0:10   6.9   00:00   7.1   0.0   3.0   6.3  43.5   10:50     S
26   8.3  10.9   00:00   6.3    1:35  10.0   0.0   6.0   4.2  32.2   10:40   SSE
27  16.5  20.0   15:20  10.9    0:05   2.1   0.3   0.2  10.5  51.5   15:55     S
28  11.5  18.1    0:30   9.1   20:20   6.8   0.0   6.0   3.1  27.4    0:50   SSE
29   7.9   9.6    0:35   6.7   10:10  10.4   0.0  12.4   1.3  17.7   12:45   SSE
30  10.4  14.2   14:15   5.9    0:45   7.9   0.0   0.0   7.4  37.0   11:40     S
31  13.2  17.1   15:15  11.0    0:05   5.1   0.0   0.0  11.4  49.9    8:45     S
-------------------------------------------------------------------------------------
    11.0  20.1    16     3.1    21   225.9   0.6  57.2   5.4  75.6    24       S

Max >=  32.0:  0
Max <=   0.0:  0
Min <=   0.0:  0
Min <= -18.0:  0
Max Rain: 14.81 ON 19/12/13
Days of Rain: 10 (> .2 mm) 8 (> 2 mm) 0 (> 20 mm)
Heat Base:  18.3  Cool Base:  18.3  Method: Integration