NOAA Style Reports for San Sebastián

           escudo Sn.Sn

Report for 2014 Feb
                   MONTHLY CLIMATOLOGICAL SUMMARY for FEB. 2014

NAME: kocher   CITY: San Sebastian   STATE: Guipuzcoa 
ELEV:    80 m  LAT:  43 18' 42" N  LONG:   2 00' 05" W

                   TEMPERATURE (C), RAIN  (mm), WIND SPEED (km/hr)

                                      HEAT  COOL        AVG
    MEAN                              DEG   DEG         WIND                 DOM
DAY TEMP  HIGH   TIME   LOW    TIME   DAYS  DAYS  RAIN  SPEED HIGH   TIME    DIR
------------------------------------------------------------------------------------
 1   9.0  14.4    4:15   4.8   19:20   9.3   0.0  36.2   5.6  53.1    0:40   SSE
 2   7.4  11.7   14:15   5.1    3:05   7.9   0.0   2.2   1.1  32.2    4:55   SSE
 3   9.9  11.1   14:50   8.3   11:00   1.8   0.0   0.0   6.1  48.3    9:25   SSE
 4  11.8  13.3   21:45   8.6    8:55   4.1   0.0   0.0  17.2  66.0   19:40     S
 5  11.5  14.8   14:45   8.6   23:00   6.8   0.0   0.0   7.2  51.5    0:05   SSE
 6  15.5  20.2   18:55   9.7    0:05   3.1   0.3   0.0  17.5  72.4   20:25   SSE
 7  11.7  14.6   15:40   7.7    8:55   6.6   0.0   5.0   7.9  56.3    0:05     S
 8  11.0  15.3    6:20   6.5   22:40   7.3   0.0   3.0   7.6  53.1    3:30   SSE
 9   8.8  11.8   14:10   5.9    2:55   9.5   0.0   0.0  11.3  53.1   18:50   SSE
10   8.0  11.5    4:00   5.5   20:25  10.3   0.0  21.4   6.6  49.9    0:20   SSE
11   8.0  10.8   18:35   5.4    3:05  10.3   0.0   2.0   8.7  57.9   12:05     S
12  10.8  14.4   20:10   5.0    7:35   7.5   0.0   0.2   9.7  59.5   15:00     S
13  13.5  16.7   10:30   9.9   00:00   4.8   0.0   0.4   6.8  53.1    4:10     S
14  17.4  22.9   15:25   9.8    0:40   2.0   1.1   1.2  10.8  56.3   10:00     S
15  11.1  13.8    3:45   7.6   00:00   7.2   0.0   1.0   1.0  20.9    3:45     W
16   9.2  13.3   15:45   6.4   23:05   9.1   0.0   0.0   0.6  14.5   12:50     W
17  11.8  15.4   15:15   6.2    0:15   6.5   0.0   0.0  10.3  48.3   12:45   SSE
18  10.5  12.9    0:15   8.6   00:00   7.8   0.0  13.4   1.0  24.1    0:10   WNW
19   9.5  12.6   16:20   6.7    2:25   8.8   0.0   7.2   1.3  16.1   12:10   SSE
20  11.7  18.2   16:00   7.8    2:15   6.6   0.0   4.8   2.4  33.8   17:25   SSE
21   8.9  12.3   15:05   6.3   00:00   9.4   0.0   9.6   1.9  22.5   10:25   SSE
22   9.8  14.4   14:30   5.6    2:10   8.5   0.0   0.0   2.7  20.9   10:40     S
23  12.9  17.9   15:35   6.5    3:30   5.4   0.0   0.0   9.7  57.9   22:30     S
24  14.0  16.8   16:40  10.7   00:00   4.3   0.0   0.0  10.8  48.3    3:40   SSE
25  10.8  16.4   14:20   5.9   18:20   7.5   0.0   9.6   9.2  43.5   12:25   SSE
26   6.9  10.1   14:15   5.9    8:00  11.4   0.0  15.4   2.4  25.7    9:40    SE
27  10.0  14.2   15:20   6.6    0:05   8.3   0.0   2.0   2.9  19.3    7:35    SE
28   8.7  11.8    7:40   6.7   12:35   9.6   0.0   9.8   2.9  45.1    7:25    SE
-------------------------------------------------------------------------------------
    10.8  22.9    14     4.8     1   201.7   1.4 144.4   6.5  72.4     6     SSE

Max >=  32.0:  3
Max <=   0.0:  0
Min <=   0.0:  0
Min <= -18.0:  0
Max Rain: 36.19 ON 01/02/14
Days of Rain: 19 (> .2 mm) 15 (> 2 mm) 2 (> 20 mm)
Heat Base:  18.3  Cool Base:  18.3  Method: Integration