NOAA Style Reports for San Sebastián

           escudo Sn.Sn

Report for 2014 Mar
                   MONTHLY CLIMATOLOGICAL SUMMARY for MAR. 2014

NAME: kocher   CITY: San Sebastian   STATE: Guipuzcoa 
ELEV:    92 m  LAT:  43 18' 42" N  LONG:   2 00' 05" W

                   TEMPERATURE (C), RAIN  (mm), WIND SPEED (km/hr)

                                      HEAT  COOL        AVG
    MEAN                              DEG   DEG         WIND                 DOM
DAY TEMP  HIGH   TIME   LOW    TIME   DAYS  DAYS  RAIN  SPEED HIGH   TIME    DIR
------------------------------------------------------------------------------------
 1   7.4   8.6   22:10   5.6    7:00  10.8   0.0  17.8   1.6  19.3   14:50     W
 2  10.6  13.6   16:55   8.1    2:50   7.7   0.0   3.2   0.5  17.7   21:45   WNW
 3   8.8  12.4   13:45   6.9    5:45   9.5   0.0  21.8   5.3  53.1   15:10    SE
 4   9.1  11.3   10:20   7.8    6:35   9.2   0.0  13.0   2.4  25.7    8:30    SE
 5  10.7  11.5   15:10  10.2   22:45   7.6   0.0   8.8   1.4  20.9    2:40   ESE
 6  11.1  14.3   13:50   8.1   00:00   7.2   0.0   0.2   0.3  12.9   15:20     S
 7  10.3  15.6   11:00   6.2    6:35   8.0   0.0   0.2   1.3  29.0   11:45     W
 8  15.1  22.5   16:55   6.9    6:20   4.2   1.0   0.0   3.1  43.5   23:55   SSE
 9  18.7  22.3   15:55  16.4   23:50   0.5   0.9   0.0  15.9  59.5   11:25     S
10  14.7  18.7   13:55   8.6   23:35   3.6   0.0   0.0   3.1  20.9   17:10   WSW
11   9.9  14.1   14:30   7.2    2:40   8.4   0.0   0.0   0.8  16.1   14:10   SSE
12  13.0  20.2   14:05   6.5    7:45   5.4   0.1   0.0   1.3  27.4   12:35   WSW
13  14.6  18.9   13:15  10.0    2:45   3.7   0.0   0.0   2.4  17.7   11:45   SSE
14  12.3  18.2   12:30   8.2    6:35   5.9   0.0   0.0   1.4  17.7   12:40   SSW
15  10.6  12.7   16:05   7.4    5:05   7.8   0.0   0.0   0.6  12.9   14:50    SE
16  11.2  14.2   13:45   8.3   23:55   7.1   0.0   0.0   0.8  16.1   12:05   SSE
17  11.0  17.3   14:55   6.7    4:45   7.3   0.0   0.0   1.1  17.7   12:55   SSE
18  11.4  12.3   15:15  10.7    3:35   6.9   0.0   0.0   0.3   9.7   12:15    SE
19  11.8  15.1   15:15   8.6   00:00   6.5   0.0   0.0   0.6  12.9   12:30    SE
20  14.6  22.4   12:40   7.5    7:00   4.3   0.6   0.0   1.8  22.5   11:35    SW
21  13.6  18.8   12:10  10.8   23:15   4.7   0.0   1.6   1.3  22.5   18:50    SE
22   8.8  11.3    0:35   5.8   23:45   9.5   0.0   9.0   1.3  25.7   17:55    SE
23   7.2  12.1   15:25   2.8    5:55  11.1   0.0  10.8   2.1  22.5    1:40    SE
24   8.5  12.3   12:45   4.1    7:45   9.8   0.0   7.0   1.9  25.7   19:30   SSE
25   8.5  11.8   10:30   5.9   21:35   9.8   0.0  20.6   4.8  43.5   13:55    SE
26   8.9   9.8   16:20   7.2   00:00   9.4   0.0  12.8   2.6  25.7    5:45   ESE
27   8.9  13.3   15:25   5.7    6:05   9.4   0.0   9.0   1.1  19.3   10:25     S
28  13.4  17.5   16:35   7.0    5:10   4.9   0.0   0.0   8.9  43.5   20:45   SSE
29  15.8  20.1   15:25  11.9    6:00   2.7   0.2   0.0   7.2  53.1    8:35    SE
30  16.3  18.3   15:00  14.5    5:45   1.9   0.0   0.0  13.0  49.9    8:35   SSE
31  17.1  21.8   16:55  13.5    1:50   1.7   0.5   0.0   6.6  35.4    6:10   SSE
-------------------------------------------------------------------------------------
    11.7  22.5     8     2.8    23   206.6   3.5 135.8   3.1  59.5     9     SSE

Max >=  32.0:  0
Max <=   0.0:  0
Min <=   0.0:  0
Min <= -18.0:  0
Max Rain: 21.79 ON 03/03/14
Days of Rain: 14 (> .2 mm) 11 (> 2 mm) 2 (> 20 mm)
Heat Base:  18.3  Cool Base:  18.3  Method: Integration