NOAA Style Reports for San Sebastián

           escudo Sn.Sn

Report for 2014 Apr
                   MONTHLY CLIMATOLOGICAL SUMMARY for APR. 2014

NAME: kocher   CITY: San Sebastian   STATE: Guipuzcoa 
ELEV:    80 m  LAT:  43 18' 42" N  LONG:   2 00' 05" W

                   TEMPERATURE (C), RAIN  (mm), WIND SPEED (km/hr)

                                      HEAT  COOL        AVG
    MEAN                              DEG   DEG         WIND                 DOM
DAY TEMP  HIGH   TIME   LOW    TIME   DAYS  DAYS  RAIN  SPEED HIGH   TIME    DIR
------------------------------------------------------------------------------------
 1  19.5  22.8   17:15  16.9    8:15   0.3   1.5   0.0  12.4  49.9   10:55   SSE
 2  18.4  20.9   12:45  14.9   22:30   0.7   0.8   0.0   9.5  48.3   16:05   SSE
 3  12.3  15.7    0:05  10.8   17:20   6.0   0.0   2.8   1.6  22.5   15:45     E
 4  13.3  17.2   15:10  10.9    9:10   5.0   0.0   0.0   1.4  20.9   11:15    SE
 5  15.4  19.7   16:20  12.1    2:40   3.0   0.1   1.4   0.8  12.9   12:35   WSW
 6  18.6  24.1   19:15  12.9    7:25   1.8   2.1   0.0   1.0  22.5   16:30   WSW
 7  18.4  22.4   10:20  15.9    4:05   0.6   0.7   0.0   2.3  30.6   12:20   SSE
 8  13.4  16.5    0:05  11.0    7:30   4.8   0.0   3.2   0.8  14.5   15:35   ESE
 9  13.7  17.7   14:25   9.1    8:30   4.6   0.0   0.0   0.6  12.9   17:50   SSE
10  14.2  19.3   13:45   9.8    7:55   4.2   0.1   0.0   1.6  27.4   22:50     W
11  13.8  16.4   14:15  12.6    7:10   4.5   0.0   0.8   1.4  24.1    1:00    SE
12  12.7  14.8   15:30  11.7    7:10   5.6   0.0   0.0   1.0  19.3   15:55    SE
13  13.9  17.9   16:35  11.0    1:20   4.4   0.0   0.0   0.6  14.5   12:10     W
14  14.2  18.3   17:50  11.1    6:20   4.1   0.0   0.0   0.5  16.1   12:25   WNW
15  16.1  21.6   15:25  11.4    7:15   2.7   0.5   0.0   1.0  20.9   13:55   ESE
16  15.9  22.6   13:00  10.6    8:25   3.1   0.8   0.0   0.8  22.5   16:55   ENE
17  13.9  18.9   12:40   9.8    8:20   4.4   0.0   0.0   1.6  24.1   13:50   WNW
18  13.3  19.1   13:05   7.2    7:45   5.0   0.0   0.0   0.8  17.7   14:20   SSE
19  12.7  17.1   15:10   8.6    7:30   5.6   0.0   0.0   0.8  16.1   13:50     S
20  11.8  13.3    0:25  10.0    8:05   6.5   0.0   5.8   0.2   8.0   14:55     W
21  12.3  17.4   13:20   8.5    6:55   5.9   0.0   9.4   1.0  16.1   15:50   WSW
22  12.9  17.3   17:35  11.3    3:55   5.4   0.0   1.6   0.3   9.7   16:55   WSW
23  14.2  21.8   12:50  10.2    5:55   4.3   0.2   0.0   2.3  37.0   13:00   SSE
24  12.8  17.7   17:50  10.3   00:00   5.4   0.0   9.2   1.6  25.7   21:20   SSE
25  12.3  16.4   15:10   9.4    7:05   6.0   0.0   5.8   2.1  20.9   11:35    SE
26  13.1  15.2   11:30  10.8   23:35   5.2   0.0   3.8   2.3  19.3   12:45   SSE
27  12.8  16.6   17:05   9.2    7:20   5.5   0.0   3.6   1.9  22.5   12:00    SE
28  11.9  13.3    0:05  10.2    6:50   6.4   0.0   8.4   0.6  14.5    1:10   SSE
29  13.7  16.7   12:20  11.2    7:15   4.7   0.0   3.4   1.0  14.5   14:25   SSE
30  14.6  18.5   18:30  12.6    7:20   3.7   0.0   2.0   0.5  14.5   14:55    SE
-------------------------------------------------------------------------------------
    14.2  24.1     6     7.2    18   129.6   6.8  61.2   1.8  49.9     1     SSE

Max >=  32.0:  0
Max <=   0.0:  0
Min <=   0.0:  0
Min <= -18.0:  0
Max Rain: 9.40 ON 21/04/14
Days of Rain: 14 (> .2 mm) 11 (> 2 mm) 0 (> 20 mm)
Heat Base:  18.3  Cool Base:  18.3  Method: Integration