NOAA Style Reports for San Sebastián

           escudo Sn.Sn

Report for 2014 May
                   MONTHLY CLIMATOLOGICAL SUMMARY for MAY. 2014

NAME: kocher   CITY: San Sebastian   STATE: Guipuzcoa 
ELEV:    80 m  LAT:  43 18' 42" N  LONG:   2 00' 05" W

                   TEMPERATURE (C), RAIN  (mm), WIND SPEED (km/hr)

                                      HEAT  COOL        AVG
    MEAN                              DEG   DEG         WIND                 DOM
DAY TEMP  HIGH   TIME   LOW    TIME   DAYS  DAYS  RAIN  SPEED HIGH   TIME    DIR
------------------------------------------------------------------------------------
 1  13.5  14.4   12:40  12.5    0:00   4.8   0.0   1.4   0.5  11.3   19:05    SE
 2  12.5  14.9   15:20  10.7   10:15   5.8   0.0   3.0   1.3  19.3    9:00   ESE
 3  13.2  16.4   15:05  10.8    0:00   5.1   0.0   0.2   0.8  14.5   14:00   ESE
 4  12.7  17.1   17:30   8.0    7:50   5.6   0.0   0.0   0.8  19.3   15:45   ESE
 5  17.1  28.3   16:20   8.3    6:30   3.6   2.4   0.0   4.7  38.6   20:15   SSE
 6  15.2  18.4   16:40  12.9    5:00   3.0   0.0   0.0   1.1  30.6   12:20   SSW
 7  16.4  20.1   16:35  13.6   23:55   2.1   0.2   0.0   0.8  16.1   10:15   WNW
 8  15.5  20.4   16:15  11.1    7:25   3.0   0.3   0.0   0.8  16.1   16:30   ESE
 9  16.1  20.4   16:40  12.7    4:20   2.5   0.3   0.0   0.6  14.5   15:10     W
10  16.1  21.6   11:45  12.4    0:00   2.3   0.2   0.0   1.4  32.2   12:25   SSE
11  14.3  17.2   16:30  10.9    0:00   3.9   0.0   3.0   1.3  17.7    5:40    SE
12  12.9  16.9   16:10  10.1    7:20   5.4   0.0   1.6   0.5  12.9   13:40     S
13  13.4  17.2   13:15  10.6    7:10   4.9   0.0   1.2   1.1  22.5   14:20   ESE
14  14.2  18.7   16:40   9.7    7:30   4.0   0.0   0.0   0.8  14.5   14:05    SE
15  15.5  21.4   14:35   9.3    7:35   3.3   0.5   0.0   1.0  20.9   16:30    SE
16  14.3  18.1   16:25   8.8    7:45   4.0   0.0   0.0   1.1  25.7   13:20     W
17  14.4  22.7    0:00  10.0    6:50   4.0   0.0   0.0   1.8  27.4   13:05   WSW
18  18.4  25.8   19:55  10.0    7:20   2.9   3.0   0.0   1.6  19.3   23:25   SSE
19  19.1  22.7    0:20  14.3   23:55   0.7   1.5   1.8   5.8  35.4    8:30   SSE
20  15.4  19.2   16:15  12.2    7:05   2.8   0.0  11.8   0.8  12.9    4:30    SE
21  18.6  23.1   18:40  15.3    3:10   1.1   1.3   0.2   6.1  46.7   22:00   SSE
22  15.0  18.3   18:15  11.5   23:10   3.3   0.0   3.6   8.2  48.3   10:10   SSE
23  12.7  16.0   13:50   8.2   10:10   5.6   0.0   5.4   2.7  33.8    1:50    SE
24  14.1  17.7   14:45  11.7    6:45   4.3   0.0   0.0   0.6  14.5   16:20     W
25  11.7  13.6   12:35  10.8   00:00   6.6   0.0   8.2   0.5  16.1   14:05    SE
26  12.9  17.1   14:50  10.1    8:00   5.3   0.0   8.0   1.3  19.3   16:35    SE
27  14.4  18.0   15:40  10.8    7:05   3.9   0.0   0.0   1.0  16.1   13:30    SE
28  12.3  13.3    0:05  11.7    5:55   6.0   0.0   4.4   0.0   6.4   11:30    SE
29  14.7  19.1   14:05  11.2    3:55   3.7   0.0   1.2   0.5  12.9   14:25     W
30  14.7  17.6   13:20  12.6    6:25   3.6   0.0   9.8   1.1  14.5   12:05    SE
31  15.1  17.5   12:55  13.4    6:25   3.2   0.0   2.4   0.8  14.5   17:45     E
-------------------------------------------------------------------------------------
    14.7  28.3     5     8.0     4   120.1   9.8  67.2   1.7  48.3    22      SE

Max >=  32.0:  0
Max <=   0.0:  0
Min <=   0.0:  0
Min <= -18.0:  0
Max Rain: 11.96 ON 20/05/14
Days of Rain: 17 (> .2 mm) 10 (> 2 mm) 0 (> 20 mm)
Heat Base:  18.3  Cool Base:  18.3  Method: Integration