NOAA Style Reports for San Sebastián

           escudo Sn.Sn

Report for 2014 Jul
                   MONTHLY CLIMATOLOGICAL SUMMARY for JUL. 2014

NAME: kocher   CITY: San Sebastian   STATE: Guipuzcoa 
ELEV:    80 m  LAT:  43 18' 42" N  LONG:   2 00' 05" W

                   TEMPERATURE (C), RAIN  (mm), WIND SPEED (km/hr)

                                      HEAT  COOL        AVG
    MEAN                              DEG   DEG         WIND                 DOM
DAY TEMP  HIGH   TIME   LOW    TIME   DAYS  DAYS  RAIN  SPEED HIGH   TIME    DIR
------------------------------------------------------------------------------------
 1  17.6  20.9   10:50  14.7   21:45   1.1   0.3   9.4   1.0  17.7    0:55   WNW
 2  16.8  18.7   20:35  15.0    0:05   1.5   0.0   4.4   0.8  19.3   13:50     W
 3  18.4  20.2   14:35  17.2    4:45   0.4   0.4   7.0   0.5  16.1   12:50     W
 4  19.3  22.6   18:15  17.6    5:45   0.1   1.1   4.4   1.1  19.3   14:05    SE
 5  20.8  24.3   16:10  17.5    7:20   0.1   2.6   0.0   0.5  17.7   16:20   WSW
 6  18.8  23.5    8:00  15.1   19:50   0.9   1.4  10.6   1.3  22.5    7:20   WSW
 7  16.8  20.5   17:50  14.7    7:35   1.8   0.3   2.0   0.8  16.1   16:00   WSW
 8  17.4  21.6   16:25  15.3    1:10   1.4   0.5   1.2   1.4  17.7   11:50     W
 9  17.9  21.5   17:25  15.8    1:10   0.9   0.5   0.2   1.3  22.5   12:40   ESE
10  18.2  21.5   15:55  16.1    6:20   0.8   0.7   0.0   1.3  22.5   14:40    SE
11  18.3  21.2   12:40  16.2    6:05   0.7   0.7   8.2   1.0  17.7    6:15   ESE
12  18.4  21.7   16:50  16.6    7:20   0.7   0.9   1.0   1.0  14.5   13:05    SE
13  18.9  23.1   15:25  15.3    3:35   1.0   1.6   0.0   1.1  19.3   17:20   SSE
14  20.3  23.9   17:05  18.1    2:50   0.0   2.0   4.2   0.5  14.5   13:50     S
15  20.2  24.1   14:10  16.1    5:35   0.6   2.5   0.0   0.5  12.9   13:55   WNW
16  21.7  25.8   14:15  18.4    3:50   0.0   3.4   0.0   1.1  16.1   17:05   SSE
17  24.6  35.3   14:55  19.7    7:10   0.0   6.3   0.0   5.8  48.3   15:15   SSE
18  21.1  25.1   14:40  18.8    7:15   0.0   2.8   0.0   0.3  16.1   19:40   ESE
19  21.3  28.1   17:40  18.9   21:00   0.0   3.0   1.8   1.0  41.8   18:30   SSE
20  19.7  23.7   14:35  16.5    7:05   0.3   1.7   6.8   1.8  22.5   11:25    SE
21  19.2  22.6   17:10  16.8    3:10   0.4   1.3   2.6   0.8  16.1    7:00   SSE
22  20.5  24.1   15:05  16.8    7:35   0.3   2.5   0.0   0.6  14.5   14:00   ESE
23  22.0  25.5   15:15  19.4    6:10   0.0   3.7   0.0   1.6  19.3   11:00   WSW
24  20.9  24.6   13:10  17.9    5:50   0.0   2.7   0.0   0.6  16.1   14:25   SSE
25  21.9  24.9   16:25  19.8    5:30   0.0   3.6   1.6   1.1  17.7   13:15     W
26  22.6  26.3   17:20  19.5    7:30   0.0   4.3   0.0   1.0  16.1   11:05     W
27  21.9  25.9   15:40  18.0    6:15   0.0   3.6   0.0   0.6  19.3   14:30   WSW
28  20.5  24.4   14:20  18.1   23:45   0.0   2.2   3.0   0.5  19.3   16:40    SE
29  20.1  23.8   16:15  17.3    2:55   0.2   2.0   0.8   1.0  17.7   15:45   ESE
30  19.5  23.8   17:10  16.9    5:40   0.4   1.6   1.0   0.5  14.5   15:40   SSE
31  21.3  25.3   16:35  17.4    6:10   0.2   3.2   0.0   0.5  16.1   12:40   ESE
-------------------------------------------------------------------------------------
    19.9  35.3    17    14.7     1    13.9  63.5  70.2   1.1  48.3    17      SE

Max >=  32.0:  1
Max <=   0.0:  0
Min <=   0.0:  0
Min <= -18.0:  0
Max Rain: 10.59 ON 06/07/14
Days of Rain: 18 (> .2 mm) 11 (> 2 mm) 0 (> 20 mm)
Heat Base:  18.3  Cool Base:  18.3  Method: Integration