NOAA Style Reports for San Sebastián

           escudo Sn.Sn

Report for 2014 Aug
                   MONTHLY CLIMATOLOGICAL SUMMARY for AUG. 2014

NAME: kocher   CITY: San Sebastian   STATE: Guipuzcoa 
ELEV:    80 m  LAT:  43 18' 42" N  LONG:   2 00' 05" W

                   TEMPERATURE (C), RAIN  (mm), WIND SPEED (km/hr)

                                      HEAT  COOL        AVG
    MEAN                              DEG   DEG         WIND                 DOM
DAY TEMP  HIGH   TIME   LOW    TIME   DAYS  DAYS  RAIN  SPEED HIGH   TIME    DIR
------------------------------------------------------------------------------------
 1  21.7  24.8   14:20  19.9   00:00   0.0   3.4   0.8   0.0   9.7   11:20     E
 2  21.6  26.3   13:30  18.4    9:10   0.0   3.3   1.4   0.5  12.9   15:05   WSW
 3  21.4  25.7   17:05  17.6    7:45   0.1   3.2   1.8   0.8  19.3   12:40   WSW
 4  20.8  23.9   13:40  17.2    6:45   0.1   2.6   1.8   0.3  12.9   13:25   ESE
 5  21.5  25.5   16:00  17.4    8:00   0.1   3.3   0.0   0.5  16.1   16:35     N
 6  21.7  26.0   16:10  17.1    7:50   0.1   3.5   0.0   0.6  16.1   13:25   WSW
 7  23.1  28.1   13:25  19.3    1:50   0.0   4.7   0.0   0.6  16.1   12:10   WSW
 8  22.5  27.7   14:05  18.9    7:35   0.0   4.2   1.8   0.6  16.1   14:15   WSW
 9  23.2  28.0   17:15  19.1    7:30   0.0   4.9   0.0   0.8  27.4   20:05   WSW
10  24.0  27.9   15:40  19.8   00:00   0.0   5.7   1.0   1.8  25.7    8:45   ESE
11  18.8  21.4   17:05  17.2   10:10   0.2   0.7   4.6   0.3   9.7    2:05     W
12  20.1  24.3   16:30  15.9    4:35   0.7   2.4   0.0   0.5  12.9   11:05   WSW
13  17.2  20.7    0:35  15.7    6:10   1.3   0.2  22.0   2.3  30.6    2:30    SE
14  17.7  22.2   16:25  15.0    7:15   1.4   0.7   0.6   1.3  19.3   11:10   WSW
15  18.4  22.0   14:45  16.7    4:45   0.5   0.7   0.0   0.8  17.7   13:35     S
16  18.6  22.7   16:15  15.5    7:40   0.9   1.1   0.2   0.6  17.7   15:40   ESE
17  18.4  23.4   17:45  13.1    7:35   1.7   1.8   0.0   1.0  14.5   14:00   SSE
18  19.4  21.4   14:20  18.2    7:50   0.0   1.2   0.0   0.2  11.3   16:50   ESE
19  19.6  24.1   15:10  16.4    7:45   0.5   1.7   0.0   0.6  17.7   15:00   ESE
20  18.5  20.8   13:20  16.7   23:55   0.4   0.6   0.0   0.2  12.9   11:15     W
21  18.3  23.2   17:10  14.1    6:25   1.6   1.5   0.0   0.8  12.9   13:05   WSW
22  16.4  19.1   13:55  14.6    2:50   1.9   0.0   0.4   0.2   9.7   18:35     S
23  18.5  23.6   15:20  14.4    2:45   1.5   1.6   0.0   1.1  19.3    3:25     W
24  19.1  25.2   17:05  13.4    8:25   1.5   2.3   0.0   1.0  12.9   14:50   WSW
25  21.0  26.5   13:10  16.5    8:00   0.4   3.1   0.0   0.8  17.7   15:50   WSW
26  20.6  24.1   15:25  17.9    6:20   0.0   2.3   2.4   0.5  17.7    6:30     S
27  22.9  28.2   16:00  19.1    6:55   0.0   4.6   0.8   1.0  17.7   20:30   ESE
28  21.6  24.6   14:55  19.6    6:30   0.0   3.3   0.0   0.3  17.7   15:15     W
29  19.1  22.1   18:30  17.1    6:35   0.3   1.0  12.4   0.6  14.5   17:25   WSW
30  19.1  20.7   16:20  17.9    7:45   0.0   0.9   0.0   0.0   6.4    1:05     E
31  20.2  23.9   16:30  17.2    7:55   0.2   2.1   0.0   0.3  14.5   13:00     E
-------------------------------------------------------------------------------------
    20.2  28.2    27    13.1    17    15.3  72.9  52.0   0.7  30.6    13     WSW

Max >=  32.0:  0
Max <=   0.0:  0
Min <=   0.0:  0
Min <= -18.0:  0
Max Rain: 22.00 ON 13/08/14
Days of Rain: 14 (> .2 mm) 4 (> 2 mm) 1 (> 20 mm)
Heat Base:  18.3  Cool Base:  18.3  Method: Integration