NOAA Style Reports for San Sebastián

           escudo Sn.Sn

Report for 2014 Sep
                   MONTHLY CLIMATOLOGICAL SUMMARY for SEP. 2014

NAME: kocher   CITY: San Sebastian   STATE: Guipuzcoa 
ELEV:    92 m  LAT:  43 18' 42" N  LONG:   2 00' 05" W

                   TEMPERATURE (C), RAIN  (mm), WIND SPEED (km/hr)

                                      HEAT  COOL        AVG
    MEAN                              DEG   DEG         WIND                 DOM
DAY TEMP  HIGH   TIME   LOW    TIME   DAYS  DAYS  RAIN  SPEED HIGH   TIME    DIR
------------------------------------------------------------------------------------
 1  20.6  24.7   16:30  16.6    7:50   0.3   2.6   0.0   0.5  12.9   14:15   ESE
 2  20.4  25.0   15:45  16.5    6:35   0.4   2.5   0.0   0.5  16.1   16:15   WSW
 3  20.1  25.4   12:55  15.3    8:00   0.7   2.5   0.0   0.6  16.1   13:55   WSW
 4  20.1  24.8   15:50  16.5    7:10   0.4   2.2   0.0   0.6  16.1   14:50     W
 5  20.4  24.9   12:50  16.2    6:50   0.5   2.6   0.0   0.5  16.1   13:40    SW
 6  21.5  26.9   16:00  17.5    5:45   0.1   3.3   0.0   1.6  24.1   18:55     W
 7  21.6  27.4   16:10  18.5   21:40   0.0   3.3   9.2   1.4  48.3   20:10   WSW
 8  21.6  25.8   13:05  18.1    7:55   0.0   3.3   0.4   0.8  14.5    1:25     E
 9  22.1  27.1   15:55  19.1    6:55   0.0   3.8   0.0   0.5  14.5   13:10     E
10  23.1  28.8   15:55  18.6    7:30   0.0   4.8   0.0   0.6  14.5   16:40   ESE
11  22.4  25.6   17:40  20.0    8:15   0.0   4.1   0.0   0.8  20.9   12:45     S
12  21.1  24.9   12:45  17.6    7:50   0.1   2.8   0.0   0.6  17.7   14:00   ESE
13  19.7  25.3   16:35  14.6    8:10   1.0   2.3   0.0   0.8  12.9   13:40   WSW
14  19.2  23.9   17:50  16.4    5:10   0.6   1.5   2.0   1.8  40.2   20:50     S
15  20.4  27.5   16:20  15.1    8:10   0.9   3.0   0.2   0.6  12.9    0:15     W
16  22.7  30.4   18:05  16.9    6:20   0.1   4.5   4.0   3.4  38.6   20:10   SSE
17  24.3  30.7   17:20  19.0   21:45   0.0   6.1   2.8   6.9  38.6   20:20   SSE
18  23.1  29.3   16:25  17.2    7:15   0.1   4.8   0.0   2.4  29.0   17:30   SSE
19  23.9  29.3   17:40  19.8    3:45   0.0   5.6   0.0   4.2  30.6   12:15   SSE
20  22.8  29.9   15:30  19.6   23:35   0.0   4.5   0.2   2.1  29.0   17:45   SSE
21  20.7  24.7   16:05  17.0    7:20   0.2   2.6   0.0   1.0  16.1   12:05     W
22  20.1  20.9   17:20  18.8   00:00   0.0   1.7   0.0   0.0   4.8    8:10     W
23  17.3  20.3   14:00  15.1    8:15   1.1   0.1   0.0   0.3  12.9   13:35   ESE
24  17.1  20.8   15:40  13.9    6:45   1.6   0.4   0.0   1.0  17.7   14:15    SE
25  17.2  21.2   18:00  14.0    8:15   1.6   0.5   0.0   0.6  17.7   16:25   SSE
26  17.3  22.0   16:25  13.3    8:50   2.0   1.0   0.0   0.8  11.3   12:20   WSW
27  19.8  27.6   15:40  12.8    8:25   1.9   3.4   0.0   2.9  25.7   16:15   SSW
28  21.8  23.8   14:30  19.1   00:00   0.0   3.5   0.0   9.2  40.2    6:50   SSE
29  19.1  21.4   13:45  17.1    8:20   0.2   1.0   0.4   0.6  19.3    2:35   WNW
30  19.1  22.4   16:30  16.8    8:55   0.3   1.0   2.6   0.3  19.3    6:50   WNW
-------------------------------------------------------------------------------------
    20.7  30.7    17    12.8    27    14.0  85.3  21.8   1.6  48.3     7     SSE

Max >=  32.0:  0
Max <=   0.0:  0
Min <=   0.0:  0
Min <= -18.0:  0
Max Rain: 9.19 ON 07/09/14
Days of Rain: 9 (> .2 mm) 5 (> 2 mm) 0 (> 20 mm)
Heat Base:  18.3  Cool Base:  18.3  Method: Integration