NOAA Style Reports for San Sebastián

           escudo Sn.Sn

Report for 2014 Oct
                   MONTHLY CLIMATOLOGICAL SUMMARY for OCT. 2014

NAME: kocher   CITY: San Sebastian   STATE: Guipuzcoa 
ELEV:    92 m  LAT:  43 18' 42" N  LONG:   2 00' 05" W

                   TEMPERATURE (C), RAIN  (mm), WIND SPEED (km/hr)

                                      HEAT  COOL        AVG
    MEAN                              DEG   DEG         WIND                 DOM
DAY TEMP  HIGH   TIME   LOW    TIME   DAYS  DAYS  RAIN  SPEED HIGH   TIME    DIR
------------------------------------------------------------------------------------
 1  18.6  22.4   12:45  15.7    6:05   0.8   1.1   0.0   0.2  11.3   13:15   ESE
 2  18.7  22.4   15:40  15.7    8:35   0.7   1.1   0.0   0.6  22.5   14:00     W
 3  18.6  23.6   13:15  15.0    8:10   1.2   1.5   0.0   0.0  14.5   17:00   SSE
 4  18.2  22.1   11:35  15.1    7:15   1.1   1.0   8.6   1.0  22.5   12:00    SE
 5  15.4  19.3   16:30  12.2   23:55   2.9   0.1   3.2   0.6  12.9   15:35   SSE
 6  18.6  24.9   17:05  11.9    1:35   2.0   2.3   0.0   5.3  35.4   16:50   SSE
 7  18.7  22.2   16:10  15.9    7:45   0.6   1.0   0.0   0.8  20.9    0:50   WSW
 8  22.4  26.4   15:55  17.0    1:10   0.1   4.2   0.0   7.4  46.7   14:35   SSE
 9  17.7  19.5    0:05  15.7   10:30   0.8   0.2   7.6   0.5  22.5    5:50     S
10  16.9  20.8   14:55  14.9    8:20   1.6   0.2   0.0   0.8  20.9   15:55     W
11  17.0  21.8   17:05  14.3    8:40   1.7   0.4   0.8   0.2  12.9   17:25     S
12  20.2  24.2   13:40  16.8    1:55   0.2   2.0   0.0   7.4  41.8   11:30   SSE
13  17.8  20.5   16:30  15.4    8:15   0.9   0.4   0.4   1.1  20.9   23:50   WSW
14  17.6  22.5   14:25  14.1    9:05   1.5   0.8   0.0   1.3  17.7   16:10     S
15  18.7  21.8   17:50  14.2    1:25   0.9   1.2   0.8  11.7  46.7   10:05   SSE
16  22.1  27.2   17:40  18.1    0:55   0.0   3.7   1.2   6.3  51.5   20:30   SSE
17  22.9  28.1   16:10  17.4    5:05   0.1   4.7   0.0   5.6  37.0    9:00   SSE
18  25.0  29.5   17:00  19.7    8:45   0.0   6.7   0.0   9.2  43.5   12:20     S
19  23.9  27.4   13:55  17.9   00:00   0.0   5.7   0.0   2.3  25.7    1:50     S
20  18.7  23.7   14:45  15.4    7:35   0.8   1.2   0.0   1.1  33.8   15:20    SE
21  18.3  22.3   14:25  15.8    5:05   0.8   0.8   0.6   1.0  19.3   12:50   ESE
22  16.4  19.7   14:35  11.5   00:00   2.1   0.2   0.0   1.0  17.7    0:35   ESE
23  14.1  22.2   14:55   8.9    7:35   4.8   0.6   0.0   1.0  12.9    4:05     W
24  17.4  26.6   14:15  11.9    7:05   2.6   1.7   0.0   1.4  25.7   15:55   WSW
25  17.6  23.7   13:40  13.2    8:50   1.8   1.1   0.0   0.6  12.9   15:55   WSW
26  17.8  24.2   15:45  13.0    7:35   1.9   1.4   0.0   0.3   9.7   12:45   WSW
27  19.8  26.6   15:10  14.6    6:45   1.1   2.5   0.0   2.9  22.5   23:25   SSE
28  20.9  24.8   15:35  18.3    7:25   0.0   2.6   0.0   7.7  33.8   12:50   SSE
29  21.1  26.9   14:20  17.9    1:00   0.0   2.8   0.0   2.7  22.5   11:40   SSE
30  22.8  28.4   15:20  19.2    1:45   0.0   4.5   0.0   3.7  20.9    5:50   SSE
31  21.7  24.3   15:20  19.7    8:05   0.0   3.4   0.0   9.7  43.5   12:25   SSE
-------------------------------------------------------------------------------------
    19.2  29.5    18     8.9    23    33.1  61.2  23.2   3.1  51.5    16     SSE

Max >=  32.0:  0
Max <=   0.0:  0
Min <=   0.0:  0
Min <= -18.0:  0
Max Rain: 8.61 ON 04/10/14
Days of Rain: 8 (> .2 mm) 3 (> 2 mm) 0 (> 20 mm)
Heat Base:  18.3  Cool Base:  18.3  Method: Integration