NOAA Style Reports for San Sebastián

           escudo Sn.Sn

Report for 2014 Nov
                   MONTHLY CLIMATOLOGICAL SUMMARY for NOV. 2014

NAME: kocher   CITY: San Sebastian   STATE: Guipuzcoa 
ELEV:    92 m  LAT:  43 18' 42" N  LONG:   2 00' 05" W

                   TEMPERATURE (C), RAIN  (mm), WIND SPEED (km/hr)

                                      HEAT  COOL        AVG
    MEAN                              DEG   DEG         WIND                 DOM
DAY TEMP  HIGH   TIME   LOW    TIME   DAYS  DAYS  RAIN  SPEED HIGH   TIME    DIR
------------------------------------------------------------------------------------
 1  20.1  23.3   11:35  17.8   00:00   0.0   1.8   0.0   3.5  38.6    0:15   SSE
 2  16.7  19.6   15:55  13.3   00:00   1.7   0.1   6.0   2.6  48.3   17:45   SSE
 3  15.1  18.7   14:30  11.4   23:55   3.2   0.0   8.2   8.5  57.9    9:55   SSE
 4   9.9  11.6   10:55   7.6   22:05   8.3   0.0  28.0   1.8  25.7   18:20    SE
 5   8.7  11.1   11:20   7.7    7:10   9.6   0.0  33.6   3.2  20.9   11:00   SSE
 6  11.4  14.6   15:25   8.1    1:20   6.9   0.0   5.4   2.3  22.5    1:25   WSW
 7  14.4  17.4    6:00  11.3   00:00   3.9   0.0   4.2   3.9  41.8    2:50   SSE
 8  13.2  16.3   16:20   9.3    6:30   5.2   0.0   0.0   6.1  41.8   14:20   SSE
 9  11.4  14.9    0:05   8.9   23:30   6.9   0.0   6.6   2.6  30.6   13:55    SE
10  12.1  16.7   14:40   7.5    8:10   6.2   0.0   0.0   7.4  46.7   22:30   SSE
11  13.8  15.5   14:05  12.9    8:30   4.5   0.0   0.0  16.7  54.7    9:10   SSE
12  14.8  19.2   14:05  11.3   23:50   3.6   0.0   0.0   3.1  27.4    1:00   SSE
13  17.9  21.3   23:00  11.1    0:25   1.1   0.7   0.2  11.4  51.5    7:35   SSE
14  15.5  21.0    0:20  13.4   22:55   3.1   0.3   4.2   4.8  40.2    0:20   SSE
15  13.6  16.1   12:30  11.9    8:05   4.7   0.0   0.0   6.6  38.6   14:25   SSE
16  11.9  15.2   12:30   9.3   23:25   6.4   0.0  10.2   4.3  30.6   12:45   SSE
17  11.0  14.4   13:30   9.4    1:30   7.3   0.0   5.8   3.1  30.6   13:45    SE
18  12.3  16.5   16:20   9.8    3:40   6.0   0.0   0.0   3.1  25.7   13:20   WSW
19  15.1  20.1   13:40  11.9   22:55   3.4   0.1   0.0   3.9  38.6    3:30   SSE
20  19.3  22.8   15:20  12.9    0:05   0.5   1.4   0.0  12.6  43.5    3:30   SSE
21  19.4  21.6   14:40  17.7    5:00   0.1   1.2   0.0  16.1  51.5    2:15     S
22  20.0  23.3   14:40  17.9   10:10   0.0   1.7   0.0   8.5  41.8    4:50   SSE
23  20.4  25.1   12:00  15.4   23:20   0.5   2.6   0.0   8.7  56.3    5:55   SSE
24  15.6  16.3   11:25  14.8   23:30   2.7   0.0   0.0   0.5  16.1   13:35     W
25  14.4  15.7   14:20  13.4    7:45   3.9   0.0   1.2   0.2  11.3   13:40     S
26  12.6  14.1    0:05  11.8   23:55   5.8   0.0  18.4   0.2  12.9    0:55     S
27  14.6  18.3   14:50   9.7    5:40   3.7   0.0   0.2   9.7  57.9   12:40   SSE
28  17.7  19.8   12:45  16.6    6:20   0.7   0.1   0.0   9.5  51.5   13:05    SE
29  14.6  17.6    0:25  13.2   11:40   3.7   0.0   1.8   0.2  12.9    4:55   WSW
30  14.1  15.2   17:05  13.5    9:20   4.2   0.0   9.8   0.5  29.0   20:20   ESE
-------------------------------------------------------------------------------------
    14.7  25.1    23     7.5    10   117.6  10.1 143.8   5.5  57.9     3     SSE

Max >=  32.0:  0
Max <=   0.0:  0
Min <=   0.0:  0
Min <= -18.0:  0
Max Rain: 33.60 ON 05/11/14
Days of Rain: 16 (> .2 mm) 12 (> 2 mm) 2 (> 20 mm)
Heat Base:  18.3  Cool Base:  18.3  Method: Integration