NOAA Style Reports for San Sebastián

           escudo Sn.Sn

Report for 2014 Dec
                   MONTHLY CLIMATOLOGICAL SUMMARY for DEC. 2014

NAME: kocher   CITY: San Sebastian   STATE: Guipuzcoa 
ELEV:    92 m  LAT:  43 18' 42" N  LONG:   2 00' 05" W

                   TEMPERATURE (C), RAIN  (mm), WIND SPEED (km/hr)

                                      HEAT  COOL        AVG
    MEAN                              DEG   DEG         WIND                 DOM
DAY TEMP  HIGH   TIME   LOW    TIME   DAYS  DAYS  RAIN  SPEED HIGH   TIME    DIR
------------------------------------------------------------------------------------
 1  11.4  14.1    0:05   8.6   14:35   6.9   0.0  11.2   1.3  27.4   16:15     E
 2   9.1  10.9    4:45   7.9   12:20   9.2   0.0   0.2   0.5  16.1    6:30   ESE
 3   8.1  10.0   14:25   6.4   23:20  10.3   0.0   0.2   0.3  17.7   17:00   ESE
 4   8.1  10.6   15:55   6.0    3:05  10.2   0.0   1.0   0.5  14.5   14:25   WSW
 5   8.7  10.6   15:45   7.1    6:35   9.7   0.0  21.4   1.4  19.3   18:45    SE
 6   6.2   9.8    2:15   4.3   17:50  12.1   0.0  20.6   1.0  24.1    1:05    SE
 7   6.4  10.5   23:55   3.1    8:05  11.8   0.0   7.6   1.0  14.5   23:55     S
 8  10.6  11.3   17:00   9.4   21:30   7.7   0.0  28.0   2.4  29.0   22:30    SE
 9   7.5  10.7    0:05   5.3    8:50  10.8   0.0   5.6   0.5  30.6    2:15     W
10   9.6  12.9   16:15   5.4    2:15   8.8   0.0   4.4   0.8  17.7   16:55   WSW
11  11.0  12.1   14:35   8.3   00:00   7.3   0.0   3.2   1.0  16.1    0:25     W
12  11.9  14.9   16:05   6.9    2:35   6.3   0.0   0.0   6.8  32.2    7:30   SSE
13  13.6  14.9   16:20  11.2   00:00   4.7   0.0   0.8  10.6  43.5   13:05   SSE
14  10.7  11.8   14:50   9.8    7:40   7.6   0.0   9.0   0.0   4.8    1:45    SW
15   9.8  12.8   13:50   8.0    3:50   8.5   0.0   4.6   0.5  16.1    0:15   WSW
16  11.0  12.4   12:00   8.7    5:50   7.3   0.0   6.2   1.6  20.9   15:45   WSW
17  11.8  13.1   14:50  10.4    6:10   6.4   0.0   4.4   0.8  19.3   20:10     E
18  11.4  13.2   15:50  10.3    9:35   6.8   0.0   1.6   0.0  12.9    1:25     W
19  11.3  12.1   13:05  10.4    7:50   6.9   0.0   0.0   0.3  12.9   13:10   WSW
20  12.0  13.3   14:55  10.9    0:40   6.3   0.0   1.6   0.2  12.9   15:00     W
21  10.0  13.1   13:25   6.1   00:00   8.3   0.0   0.2   0.2  12.9   14:25     E
22   7.7  14.1   14:40   3.9    8:20  10.6   0.0   0.0   0.6  14.5   15:05   ESE
23   9.2  15.6   13:20   4.7    4:00   9.1   0.0   0.0   0.5  16.1    9:50     E
24   9.2  15.8   15:10   5.3    8:45   9.1   0.0   0.0   1.6  17.7   15:35   SSE
25  10.2  12.4   13:55   8.9    6:55   8.1   0.0   0.6   0.2  19.3   12:00    SW
26   9.8  12.3   13:55   7.7    4:30   8.5   0.0   1.6   0.3  11.3   14:20   SSE
27  11.4  12.6   13:05  10.6   17:35   6.9   0.0  15.8   2.9  35.4   12:40    SE
28   8.2  11.6    0:20   4.3   23:50  10.1   0.0   3.0   4.8  33.8    1:55     E
29   2.8   5.6   15:35   0.6   23:10  15.4   0.0   0.0   0.8  24.1    1:10   ESE
30   2.2   7.7   15:10  -1.3    6:55  16.1   0.0   0.0   0.3  11.3   14:20   ESE
31   3.7  10.9   15:40  -0.4    8:30  14.6   0.0   0.0   0.5   9.7   17:05    SE
-------------------------------------------------------------------------------------
     9.2  15.8    24    -1.3    30   282.4   0.0 152.8   1.4  43.5    13     SSE

Max >=  32.0:  0
Max <=   0.0:  0
Min <=   0.0:  2
Min <= -18.0:  0
Max Rain: 27.99 ON 08/12/14
Days of Rain: 23 (> .2 mm) 14 (> 2 mm) 3 (> 20 mm)
Heat Base:  18.3  Cool Base:  18.3  Method: Integration