NOAA Style Reports for San Sebastián

           escudo Sn.Sn

Report for 2015 Jan
                   MONTHLY CLIMATOLOGICAL SUMMARY for JAN. 2015

NAME: kocher   CITY: San Sebastian   STATE: Guipuzcoa 
ELEV:    92 m  LAT:  43 18' 42" N  LONG:   2 00' 05" W

                   TEMPERATURE (C), RAIN  (mm), WIND SPEED (km/hr)

                                      HEAT  COOL        AVG
    MEAN                              DEG   DEG         WIND                 DOM
DAY TEMP  HIGH   TIME   LOW    TIME   DAYS  DAYS  RAIN  SPEED HIGH   TIME    DIR
------------------------------------------------------------------------------------
 1   5.9  13.4   14:45   1.2    4:50  12.4   0.0   0.0   1.3  14.5   19:45    SW
 2   7.8  14.9   16:00   2.7    7:10  10.5   0.0   0.0   0.6  14.5   14:30    SW
 3   9.5  14.8   13:55   4.3    9:00   8.8   0.0   0.0   0.5  17.7   14:25    SE
 4  11.5  13.2   13:45  10.1    8:35   6.8   0.0   0.6   0.3  16.1   13:05     S
 5   9.9  14.6   16:40   6.1    7:50   8.4   0.0   0.0   0.5  22.5   21:40   ESE
 6   9.7  10.8   13:00   8.7    0:20   8.6   0.0   1.4   0.2   9.7   23:25     W
 7   9.9  15.2   14:00   7.1    9:30   8.4   0.0   0.2   0.5  11.3    7:40   WSW
 8  10.2  14.9   15:25   6.8    4:30   8.1   0.0   0.4   0.8  19.3   14:10    SW
 9  12.7  19.1   14:10   9.1    6:45   5.6   0.0   0.0   1.3  17.7   16:20   WSW
10  10.4  13.1   12:15   8.1    4:35   7.9   0.0   0.0   0.2   9.7   12:10     E
11  10.4  12.2   13:30   5.8   23:25   7.9   0.0   3.6   0.6  19.3    9:55   ESE
12  12.0  18.1   16:15   4.2    3:20   6.3   0.0   0.2   6.8  30.6   19:40   SSE
13  14.6  17.0   16:55  11.7   23:00   3.7   0.0   0.0  14.5  57.9    7:40   SSE
14  12.4  16.7   15:10   8.8    9:10   5.9   0.0   0.0   1.6  40.2   23:55   SSE
15  13.7  15.3   16:50  11.7   00:00   4.6   0.0   0.0  18.5  75.6    9:35     S
16   7.8  11.7    0:05   5.0   21:35  10.5   0.0  19.8   3.2  41.8    0:40    SE
17   7.4  10.6   16:40   5.3    8:30  10.9   0.0   9.6   2.1  27.4    4:45    SE
18   7.5   9.2   13:40   5.5   21:45  10.8   0.0   3.4  10.1  45.1   12:55   SSE
19   7.0  10.2   14:50   4.0   22:30  11.3   0.0   4.2   2.7  33.8    6:10    NW
20   5.1   7.1   14:00   3.7    5:35  13.2   0.0   0.2   1.1  14.5   17:00   WSW
21   5.6   7.8   14:35   4.1    0:25  12.7   0.0  14.0   3.9  35.4   16:00   SSE
22   6.3   8.7   14:25   4.6    0:30  12.0   0.0   9.2   1.8  24.1    6:10   SSE
23   5.7   8.5   12:45   3.6    7:35  12.6   0.0   0.0   0.3  11.3    7:45   ESE
24   7.6   9.7   14:35   5.8    6:55  10.7   0.0   1.8   1.9  29.0   20:40   SSE
25   6.2   9.9   14:50   2.3    8:40  12.1   0.0   0.0   0.5  12.9   14:35    SE
26   7.4   9.3   14:50   5.6    5:00  10.9   0.0   0.0   0.2   9.7    8:55   SSE
27   9.4  10.6   13:20   8.2    1:35   8.9   0.0   5.0   1.1  22.5   23:00   ESE
28   8.9  11.2   13:35   7.2    5:50   9.4   0.0   0.8   1.3  24.1   13:25   WSW
29  11.4  13.2   20:55   9.4    9:15   6.8   0.0   3.6   3.7  40.2   17:15   SSE
30   8.8  11.6    0:05   6.2   22:00   9.5   0.0  44.6   3.1  22.5    1:15   ESE
31   6.9   8.7   14:00   4.5   18:40  11.4   0.0   7.8   2.7  30.6   15:15   ESE
-------------------------------------------------------------------------------------
     9.0  19.1     9     1.2     1   287.9   0.0 130.4   2.8  75.6    15     SSE

Max >=  32.0:  0
Max <=   0.0:  0
Min <=   0.0:  0
Min <= -18.0:  0
Max Rain: 44.60 ON 30/01/15
Days of Rain: 19 (> .2 mm) 11 (> 2 mm) 1 (> 20 mm)
Heat Base:  18.3  Cool Base:  18.3  Method: Integration