NOAA Style Reports for San Sebastián

           escudo Sn.Sn

Report for 2015 Feb
                   MONTHLY CLIMATOLOGICAL SUMMARY for FEB. 2015

NAME: kocher   CITY: San Sebastian   STATE: Guipuzcoa 
ELEV:    92 m  LAT:  43 18' 42" N  LONG:   2 00' 05" W

                   TEMPERATURE (C), RAIN  (mm), WIND SPEED (km/hr)

                                      HEAT  COOL        AVG
    MEAN                              DEG   DEG         WIND                 DOM
DAY TEMP  HIGH   TIME   LOW    TIME   DAYS  DAYS  RAIN  SPEED HIGH   TIME    DIR
------------------------------------------------------------------------------------
 1   5.6   7.6    3:00   3.6   10:40  12.7   0.0  13.2   4.2  37.0    4:05   ESE
 2   6.3   9.9   15:00   3.6    4:00  11.9   0.0   1.6   4.3  29.0   12:35   SSE
 3   4.9   7.6    3:05   1.1    9:15  13.4   0.0  11.4   3.4  30.6    4:10   SSE
 4   2.8   5.2   15:05  -0.4    6:55  15.5   0.0   0.0   1.8  30.6   19:45    SE
 5   4.2   5.6   17:10   2.3   23:40  14.1   0.0   0.6   3.1  37.0   19:40    SE
 6   1.0   2.4    1:30  -0.5   10:40  17.3   0.0   0.0   0.3  11.3    1:20    SW
 7   2.6   5.5   16:45   0.4    6:00  15.7   0.0   1.2   0.3  11.3   12:55   ESE
 8   4.8   6.8   15:20   2.7    1:45  13.5   0.0   0.0   1.1  20.9    6:30    SE
 9   4.8   8.3   16:20   0.7    9:10  13.5   0.0   0.0   1.0  14.5    4:05   ESE
10   7.1  14.7   17:35   0.7    7:35  11.2   0.0   0.0   1.4  22.5   22:05   SSW
11   9.0  12.1   15:40   3.8    8:25   9.3   0.0   0.0   5.5  24.1   11:35     S
12  11.4  15.4   15:40   8.9    7:40   6.9   0.0   0.0   7.6  30.6   11:50     S
13  11.8  14.4   12:50   9.8   22:45   6.5   0.0   0.0   8.9  48.3   13:20   SSE
14   9.2  10.3    7:20   8.3   18:05   9.1   0.0   7.6   2.4  27.4    9:55   SSE
15   9.6  10.7   12:45   8.4   23:55   8.7   0.0   4.6   0.2  12.9   12:45     W
16   8.6  10.5   13:50   7.0    2:20   9.7   0.0  16.8   1.0  22.5   20:10    SE
17   8.7   9.9    1:20   8.1    5:00   9.6   0.0   2.6   3.1  27.4    8:30    SE
18   8.1  11.4   14:45   4.2   23:55  10.3   0.0   0.0   0.8  14.5    0:10   ESE
19   8.3  16.1   14:35   2.3    6:35  10.0   0.0   0.0   1.4  24.1   13:45   SSE
20  10.3  14.1   14:45   6.7    4:15   8.0   0.0   4.4   9.0  38.6   21:20     S
21   8.3  10.0   13:40   6.2    9:15  10.0   0.0  14.4   3.7  35.4    1:10   ESE
22   8.5  11.8   15:15   6.4    4:35   9.8   0.0   6.0   1.6  30.6    1:20   ESE
23  10.0  12.9   11:40   6.6   23:15   8.3   0.0  14.8   1.6  32.2   22:10    SE
24   6.8   8.6   00:00   4.6    7:20  11.5   0.0  17.4   4.0  46.7    1:35    SE
25  10.1  11.2   21:30   8.6    0:05   8.3   0.0  34.6   2.7  22.5    7:00     E
26  10.9  11.5   22:45  10.6    5:05   7.4   0.0  25.8   1.8  19.3    3:05     E
27   9.2  11.9   15:20   6.6   23:00   9.1   0.0   4.8   2.6  29.0    9:05   ESE
28   8.9  12.2   20:10   6.3    4:15   9.0   0.0   5.6   0.8  16.1    8:40   WSW
-------------------------------------------------------------------------------------
     7.6  16.1    19    -0.5     6   300.2   0.0 187.4   2.8  48.3    13     SSE

Max >=  32.0:  0
Max <=   0.0:  0
Min <=   0.0:  2
Min <= -18.0:  0
Max Rain: 34.59 ON 25/02/15
Days of Rain: 18 (> .2 mm) 15 (> 2 mm) 2 (> 20 mm)
Heat Base:  18.3  Cool Base:  18.3  Method: Integration