NOAA Style Reports for San Sebastián

           escudo Sn.Sn

Report for 2015 Apr
                   MONTHLY CLIMATOLOGICAL SUMMARY for APR. 2015

NAME: kocher   CITY: San Sebastian   STATE: Guipuzcoa 
ELEV:    92 m  LAT:  43 18' 42" N  LONG:   2 00' 05" W

                   TEMPERATURE (C), RAIN  (mm), WIND SPEED (km/hr)

                                      HEAT  COOL        AVG
    MEAN                              DEG   DEG         WIND                 DOM
DAY TEMP  HIGH   TIME   LOW    TIME   DAYS  DAYS  RAIN  SPEED HIGH   TIME    DIR
------------------------------------------------------------------------------------
 1  11.6  14.3   14:55   8.2   00:00   6.7   0.0   0.6   0.8  14.5   12:35   ESE
 2  10.1  14.6   16:55   5.7    7:30   8.2   0.0   0.0   1.0  19.3   17:55    SE
 3  10.3  14.7   12:45   6.2    8:20   8.0   0.0   0.0   0.5  19.3   13:40    SE
 4  10.4  11.8   14:40   8.7    5:45   7.9   0.0   2.8   0.6  14.5   11:05    SE
 5  11.4  14.3   16:30   9.0   00:00   6.9   0.0   1.8   0.6  16.1   15:00   ESE
 6  10.5  16.2   16:35   4.8    8:35   7.8   0.0   0.0   1.0  24.1   16:50   ESE
 7  11.9  17.7   17:25   5.5    8:15   6.3   0.0   0.0   0.6  16.1   15:30   ESE
 8  16.7  22.3   17:30  12.3    7:40   2.3   0.7   0.0  10.3  46.7    2:25   SSE
 9  18.1  21.1   14:15  16.0    6:05   0.8   0.6   0.0  11.6  46.7   10:40   SSE
10  15.3  19.3   15:45  11.7   23:35   3.0   0.0   1.0   9.8  48.3    6:05   SSE
11  13.6  18.4   16:25  11.6    2:30   4.7   0.0   0.4   0.3  16.1   16:40    SE
12  15.8  23.6   16:20   8.6    7:55   3.7   1.2   0.0   0.6  17.7   15:00    SE
13  20.6  26.3   16:15  16.0    8:15   0.4   2.7   0.0   1.1  12.9    3:10    SE
14  22.9  29.8   15:35  16.2    3:35   0.2   4.8   0.0   1.8  27.4   13:50    SE
15  22.0  24.3    0:25  18.8   00:00   0.0   3.7   0.0   8.9  41.8    9:40     S
16  16.3  19.0    0:15  14.1   23:55   2.0   0.0   0.0   2.1  25.7   14:00     S
17  13.9  16.7   18:15  11.9   23:40   4.4   0.0   5.4   0.3  12.9   11:45     W
18  12.7  18.5   12:50  10.7    6:15   5.6   0.0   8.2   0.3  25.7   13:45   WNW
19  12.6  16.5   14:20  10.4    4:40   5.7   0.0   1.6   1.0  16.1   11:05    SE
20  14.1  17.8   13:15  10.4    8:40   4.3   0.0   0.0   0.8  16.1   15:55     W
21  16.1  23.9   15:35   9.6    7:00   3.3   1.0   0.0   0.5  12.9   15:10    SE
22  18.9  23.3   16:40  14.7   23:00   0.6   1.2   0.0   5.6  46.7   15:00   SSE
23  15.1  18.3   14:35  12.3   23:50   3.2   0.0   0.2   0.6  16.1   16:05    SE
24  15.1  22.2   12:55  10.2    6:25   3.8   0.6   0.8   1.6  33.8   18:30   WNW
25  18.6  24.3   17:20  13.7    0:50   1.7   2.0   0.2   2.7  32.2   21:50   SSE
26  16.4  20.0    3:10  11.8   23:20   2.2   0.4  24.6   2.4  30.6   15:35   SSE
27  12.8  15.0   14:50  11.6   23:10   5.5   0.0   7.6   1.1  16.1   13:05    SE
28  13.2  16.6   13:45  10.6    6:20   5.1   0.0   0.0   0.8  14.5   11:30    SE
29  12.3  16.4   16:35   9.2    5:30   6.0   0.0   0.0   0.5  16.1   15:10     S
30  16.1  22.6   15:50   9.7    3:50   3.2   1.0   0.0   1.3  24.1   10:20   SSE
-------------------------------------------------------------------------------------
    14.8  29.8    14     4.8     6   123.4  20.0  55.2   2.4  48.3    10     SSE

Max >=  32.0:  0
Max <=   0.0:  0
Min <=   0.0:  0
Min <= -18.0:  0
Max Rain: 24.61 ON 26/04/15
Days of Rain: 13 (> .2 mm) 5 (> 2 mm) 1 (> 20 mm)
Heat Base:  18.3  Cool Base:  18.3  Method: Integration