NOAA Style Reports for San Sebastián

           escudo Sn.Sn

Report for 2015 May
                   MONTHLY CLIMATOLOGICAL SUMMARY for MAY. 2015

NAME: kocher   CITY: San Sebastian   STATE: Guipuzcoa 
ELEV:    80 m  LAT:  43 18' 42" N  LONG:   2 00' 05" W

                   TEMPERATURE (C), RAIN  (mm), WIND SPEED (km/hr)

                                      HEAT  COOL        AVG
    MEAN                              DEG   DEG         WIND                 DOM
DAY TEMP  HIGH   TIME   LOW    TIME   DAYS  DAYS  RAIN  SPEED HIGH   TIME    DIR
------------------------------------------------------------------------------------
 1  18.8  21.5    3:00  16.3   22:55   0.4   0.9   1.2   2.9  29.0    6:15   SSE
 2  19.7  25.4   15:50  14.1    6:20   1.0   2.4   0.2   3.7  41.8   11:20   SSE
 3  21.3  25.6   13:40  16.3   23:05   0.3   3.4   1.0   4.0  27.4    8:30   SSE
 4  22.8  29.4   19:00  15.9    1:45   0.7   5.1   0.0   6.6  45.1   21:00   SSE
 5  16.7  26.3    0:10  11.9    9:00   2.6   0.9   1.4   3.4  66.0    3:15   SSE
 6  13.9  17.8   15:45  10.9    7:05   4.4   0.0   0.0   0.6  17.7   10:35    SE
 7  18.4  28.6   17:00   9.7    6:55   2.9   3.0   0.0   0.5  14.5   23:50    SE
 8  20.5  25.4    0:35  16.2    6:00   0.3   2.5   0.0   4.2  46.7    5:45     S
 9  16.3  18.1   18:30  14.0    7:25   2.0   0.0   0.0   0.2  12.9    6:00   ESE
10  20.3  31.4   17:50  12.4    6:30   2.3   4.2   0.0   1.6  46.7   21:30   ESE
11  16.1  18.6   17:15  14.8    1:35   2.2   0.0   0.0   0.5  19.3   17:30    SE
12  16.1  19.1   15:40  14.2    7:45   2.3   0.1   0.0   0.5  12.9   11:50   WNW
13  15.4  18.4   17:05  13.7    3:20   2.8   0.0   0.0   1.3  37.0    9:40    SE
14  14.4  19.3   12:55  12.1   18:20   3.9   0.0   2.8   1.0  16.1   11:45    SE
15  12.8  15.7   12:45  11.2    8:05   5.5   0.0   7.0   2.1  29.0    3:25    SE
16  13.3  16.3   13:55  11.7    6:50   5.0   0.0   6.8   0.6  16.1    2:50   ESE
17  14.8  17.6   15:30  12.3   23:55   3.5   0.0   1.0   0.5  14.5   16:35   ESE
18  13.9  18.0   15:20  10.6    2:50   4.4   0.0   0.0   0.8  17.7   14:55   ESE
19  12.7  16.6   14:25  10.5   10:20   5.6   0.0   5.2   1.0  22.5   15:15    SE
20  11.9  15.5   13:05   9.9    6:25   6.4   0.0  12.6   0.8  19.3    0:35    SE
21  12.2  15.1   11:25   9.9    6:15   6.1   0.0   4.8   0.6  14.5    3:35    SE
22  13.7  17.2   16:20  10.2    6:35   4.6   0.0   0.0   1.1  17.7   11:40    SE
23  14.0  17.2   14:40  11.8    9:50   4.3   0.0   0.6   0.6  22.5   15:15    SE
24  15.0  17.0   12:25  14.2    3:00   3.3   0.0   0.6   0.6  17.7   12:30    SE
25  15.0  17.1   14:20  13.6   23:50   3.3   0.0   1.4   0.6  14.5   13:15    SE
26  14.3  16.6   18:05  12.4    3:35   4.0   0.0   0.4   0.6  20.9   16:35   ESE
27  16.3  19.7   15:50  13.6    7:20   2.2   0.1   0.0   1.3  22.5   13:30     W
28  16.3  20.1   15:10  12.9    5:05   2.3   0.2   0.0   0.8  20.9   13:05   ESE
29  15.9  18.7   16:30  12.7   00:00   2.4   0.0   0.0   0.5  12.9   15:20    SE
30  15.3  20.1   13:00  10.4    4:45   3.4   0.5   0.0   0.6  14.5   15:00   ESE
31  17.6  23.3   16:10  12.1    6:35   2.1   1.4   0.0   0.6  14.5   17:00   ESE
-------------------------------------------------------------------------------------
    16.0  31.4    10     9.7     7    96.6  24.8  47.0   1.4  66.0     5      SE

Max >=  32.0:  0
Max <=   0.0:  0
Min <=   0.0:  0
Min <= -18.0:  0
Max Rain: 12.60 ON 20/05/15
Days of Rain: 15 (> .2 mm) 6 (> 2 mm) 0 (> 20 mm)
Heat Base:  18.3  Cool Base:  18.3  Method: Integration