NOAA Style Reports for San Sebastián

           escudo Sn.Sn

Report for 2015 Jul
                   MONTHLY CLIMATOLOGICAL SUMMARY for JUL. 2015

NAME: kocher   CITY: San Sebastian   STATE: Guipuzcoa 
ELEV:    80 m  LAT:  43 18' 42" N  LONG:   2 00' 05" W

                   TEMPERATURE (C), RAIN  (mm), WIND SPEED (km/hr)

                                      HEAT  COOL        AVG
    MEAN                              DEG   DEG         WIND                 DOM
DAY TEMP  HIGH   TIME   LOW    TIME   DAYS  DAYS  RAIN  SPEED HIGH   TIME    DIR
------------------------------------------------------------------------------------
 1  22.3  26.1   16:20  19.9    6:25   0.0   4.0   0.0   1.0  17.7   15:45    SE
 2  20.5  23.0   12:40  19.2    5:35   0.0   2.2   0.4   0.8  17.7   13:20   SSE
 3  26.1  37.7   18:25  18.4    7:40   0.0   7.7   0.2   3.9  57.9   20:40   SSE
 4  22.6  25.8   15:00  19.1    7:25   0.0   4.3   1.2   0.8  20.9   12:45    SE
 5  21.6  24.1   13:45  19.8    3:30   0.0   3.2   0.2   0.2   9.7   17:15   WNW
 6  22.8  27.9   16:15  18.8    7:35   0.0   4.5   0.0   0.8  17.7   21:30   WNW
 7  22.0  25.1   16:45  20.2    8:05   0.0   3.7   0.0   1.3  24.1   13:50    SE
 8  19.8  22.5   16:35  17.7    9:20   0.0   1.5   4.4   0.2  14.5    4:55   ESE
 9  20.3  23.8   14:55  17.2    5:35   0.2   2.2   0.0   0.8  14.5   13:15    SE
10  21.4  33.2   14:30  15.6    7:25   0.7   3.8   0.0   1.6  48.3   15:15    SE
11  20.2  22.2   17:35  18.4    9:05   0.0   1.9   0.4   0.2   8.0    3:35    SE
12  21.3  24.8   15:05  19.0    7:25   0.0   3.0   0.0   0.5  14.5   12:30    SE
13  21.2  24.3   15:35  18.4    7:00   0.0   2.9   0.0   0.5  16.1   17:55    SE
14  21.7  24.8   15:55  19.3    8:20   0.0   3.4   0.0   0.5  12.9   14:55    SE
15  22.1  26.3   16:40  19.0    4:20   0.0   3.8   0.0   0.8  17.7   16:50   WNW
16  21.8  23.6   14:05  20.7    3:50   0.0   3.6   0.0   0.3  11.3   13:30    SE
17  21.9  25.8   14:30  17.8    7:15   0.0   3.6   0.8   0.5  12.9   15:00   ESE
18  22.7  31.9   16:15  20.2    5:30   0.0   4.4   2.0   0.8  37.0   16:25    SE
19  22.8  27.2   16:25  19.3    7:25   0.0   4.6   0.0   0.5  12.9   13:40     W
20  23.9  28.7   15:35  19.7    7:55   0.0   5.6   0.0   0.5  14.5   14:05   ESE
21  22.3  26.2   15:35  20.6    4:10   0.0   4.0   3.0   0.6  17.7   21:55   WNW
22  20.7  22.2   11:50  18.8   22:50   0.0   2.4  14.6   0.5  16.1   16:35    SE
23  21.6  25.7   15:35  18.2    6:10   0.0   3.3   0.8   0.5  12.9   12:20    SE
24  22.1  27.0   14:55  18.6    7:20   0.0   3.7   1.2   1.1  20.9   22:20   WNW
25  18.8  23.2   16:50  16.5    7:30   0.5   1.0   7.4   0.8  19.3   14:05   SSE
26  21.2  28.4   17:30  14.2    6:25   1.1   4.0   0.0   0.6  14.5   11:05    SE
27  20.5  23.7   15:35  18.3    7:40   0.0   2.2   1.8   0.3  19.3   14:55    SE
28  21.3  26.4   19:35  16.4    6:20   0.4   3.4   0.4   0.5  12.9   13:50     W
29  18.8  21.8   10:30  15.9   21:55   0.4   0.9   2.2   0.3  11.3    7:10   WNW
30  17.7  21.2   16:25  15.5    8:00   1.1   0.5   0.2   0.2  14.5   15:55    SE
31  17.5  20.6   13:35  16.1    9:05   1.0   0.2   0.2   0.5  19.3    9:05     W
-------------------------------------------------------------------------------------
    21.3  37.7     3    14.2    26     5.5  99.3  41.4   0.7  57.9     3      SE

Max >=  32.0:  2
Max <=   0.0:  0
Min <=   0.0:  0
Min <= -18.0:  0
Max Rain: 14.60 ON 22/07/15
Days of Rain: 18 (> .2 mm) 6 (> 2 mm) 0 (> 20 mm)
Heat Base:  18.3  Cool Base:  18.3  Method: Integration