NOAA Style Reports for San Sebastián

           escudo Sn.Sn

Report for 2015 Aug
                   MONTHLY CLIMATOLOGICAL SUMMARY for AUG. 2015

NAME: kocher   CITY: San Sebastian   STATE: Guipuzcoa 
ELEV:    80 m  LAT:  43 18' 42" N  LONG:   2 00' 05" W

                   TEMPERATURE (C), RAIN  (mm), WIND SPEED (km/hr)

                                      HEAT  COOL        AVG
    MEAN                              DEG   DEG         WIND                 DOM
DAY TEMP  HIGH   TIME   LOW    TIME   DAYS  DAYS  RAIN  SPEED HIGH   TIME    DIR
------------------------------------------------------------------------------------
 1  19.4  24.1   16:35  16.6    3:30   0.6   1.6   0.0   0.5  14.5   12:35   WSW
 2  23.5  35.1   17:05  14.0    7:55   1.2   6.4   0.0   2.9  40.2   22:30   SSE
 3  22.1  25.4   14:50  18.9    8:05   0.0   3.8   0.0   0.6  20.9    0:05     W
 4  19.5  22.3   17:05  18.0   11:25   0.0   1.2  13.2   0.2  14.5    7:05   ESE
 5  21.1  27.4   13:25  18.1    8:00   0.0   2.8   0.0   1.3  41.8   13:25    SE
 6  20.9  26.0   15:45  17.2    6:20   0.1   2.8   0.0   0.3  12.9   16:20   ESE
 7  20.2  23.1   14:40  16.9   23:45   0.1   2.0  13.8   0.8  20.9   19:20    SE
 8  16.7  18.4   17:55  15.7    6:30   1.6   0.0  27.2   0.2  12.9    1:10    SE
 9  18.6  23.1   15:35  15.6    5:45   1.0   1.3   4.4   0.5  17.7   15:15    SE
10  20.4  26.7   16:25  14.5    8:15   0.9   3.0   0.0   0.6  14.5   16:10     W
11  20.9  25.2   12:45  17.1    7:45   0.2   2.8   0.0   2.4  25.7   17:35    NW
12  22.8  29.9   16:50  18.8    6:40   0.0   4.5   0.8   0.6  17.7   15:10    NW
13  21.2  24.4   12:00  19.2   23:35   0.0   2.9   3.4   1.6  24.1   11:25   SSE
14  18.6  22.3   14:40  15.7    8:00   0.6   0.8   4.2   2.3  20.9    0:10    SE
15  17.8  21.6   18:10  15.4    6:45   1.2   0.6   5.2   0.6  14.5   11:35   WNW
16  17.6  22.6   15:00  13.3    7:20   1.7   1.0   0.4   0.5  12.9   15:20     W
17  18.9  23.2   17:55  15.7    7:15   0.8   1.4   0.4   0.6  17.7   11:05    NW
18  19.2  23.5   15:05  14.9    6:45   1.0   1.9   0.0   0.5  14.5   12:05   ESE
19  18.9  23.4   17:25  14.0    8:10   1.2   1.8   0.0   0.6  14.5   14:15     W
20  20.7  25.9   17:20  15.5    7:10   0.5   2.9   0.0   0.8  16.1   15:20   WNW
21  21.7  29.9   15:20  17.3    7:40   0.1   3.5   0.0   2.4  32.2   16:50    SE
22  20.9  23.4   13:05  18.3   00:00   0.0   2.6  24.0   0.8  40.2   20:30   ESE
23  20.8  26.4   19:40  15.7    7:45   0.5   3.0   2.4   1.1  27.4   23:45   SSE
24  20.8  25.1    0:25  17.5   00:00   0.0   2.5   0.0   2.7  32.2    1:55   SSE
25  20.6  27.8   14:25  14.4    5:15   1.1   3.3   0.0   1.8  25.7   12:30   SSE
26  24.1  30.1   12:45  17.6    2:55   0.0   5.8   0.0   5.8  45.1    6:05   SSE
27  24.3  31.4   16:30  18.1    7:55   0.0   6.0   0.0   1.1  30.6   13:50     W
28  22.9  26.1   16:25  18.6    7:35   0.0   4.6   0.0   1.1  20.9    0:10   WNW
29  23.2  32.5   16:55  19.4    4:30   0.0   4.9   0.0   2.1  29.0   18:35    NW
30  26.7  33.9   14:40  20.2    7:45   0.0   8.4   0.0   3.1  35.4   12:35   SSE
31  23.7  28.6   12:50  20.6   23:15   0.0   5.3   4.2   3.4  35.4   13:00   SSE
-------------------------------------------------------------------------------------
    20.9  35.1     2    13.3    16    14.4  95.8 103.6   1.4  45.1    26      SE

Max >=  32.0:  3
Max <=   0.0:  0
Min <=   0.0:  0
Min <= -18.0:  0
Max Rain: 27.20 ON 08/08/15
Days of Rain: 13 (> .2 mm) 10 (> 2 mm) 2 (> 20 mm)
Heat Base:  18.3  Cool Base:  18.3  Method: Integration