NOAA Style Reports for San Sebastián

           escudo Sn.Sn

Report for 2015 Sep
                   MONTHLY CLIMATOLOGICAL SUMMARY for SEP. 2015

NAME: kocher   CITY: San Sebastian   STATE: Guipuzcoa 
ELEV:    80 m  LAT:  43 18' 42" N  LONG:   2 00' 05" W

                   TEMPERATURE (C), RAIN  (mm), WIND SPEED (km/hr)

                                      HEAT  COOL        AVG
    MEAN                              DEG   DEG         WIND                 DOM
DAY TEMP  HIGH   TIME   LOW    TIME   DAYS  DAYS  RAIN  SPEED HIGH   TIME    DIR
------------------------------------------------------------------------------------
 1  19.3  22.8   16:50  16.3   00:00   0.2   1.1   4.4   0.3  12.9    1:30    SE
 2  18.3  22.6   15:30  14.6    5:00   1.4   1.4   4.2   0.3  12.9   13:35     W
 3  17.4  21.3   16:15  15.4    6:50   1.3   0.4   5.6   0.2  11.3    6:50   WNW
 4  17.2  20.3   13:45  13.9    7:35   1.5   0.3   0.0   0.3  12.9   17:15   SSW
 5  17.1  21.2   17:00  14.2    7:35   1.6   0.4   0.0   0.6  14.5   11:50   SSE
 6  16.9  22.2   16:30  11.7    8:15   2.5   1.1   0.0   0.6  17.7   14:55    SE
 7  17.1  21.8   16:00  12.8    7:55   2.1   0.9   0.0   0.5  14.5   14:40     W
 8  17.2  22.6   18:00  12.2    7:50   2.3   1.2   0.0   0.8  14.5   12:50     W
 9  19.4  28.1   14:10  14.1    7:05   1.4   2.5   0.0   1.3  25.7   18:20     W
10  18.7  20.5   17:00  16.2   00:00   0.2   0.5   3.2   0.0   6.4    4:20     W
11  19.2  25.6   16:40  14.1    8:05   1.4   2.3   0.0   1.1  27.4   19:50     W
12  19.3  20.3   17:10  17.8   00:00   0.0   1.0   0.2   0.0   8.0    9:45    SE
13  19.1  23.3   15:10  16.4    6:45   0.6   1.4   0.4   2.1  32.2   15:25   SSE
14  16.9  19.9    0:05  14.2   23:50   1.5   0.1   2.6   1.0  19.3    8:00    SE
15  17.2  22.3   15:30  13.0    2:30   2.0   1.0   0.8   6.3  51.5   20:50     W
16  22.4  26.8   13:50  19.1   23:35   0.0   4.2   0.0  10.9  54.7    3:45   SSE
17  16.2  19.1    0:05  14.0   12:15   2.2   0.0   0.6   0.8  35.4   10:05   SSE
18  16.3  21.6   16:20  11.7    6:15   2.7   0.6   0.0   1.0  14.5    0:30     W
19  17.1  21.9   16:10  12.7    7:55   2.0   0.9   0.0   0.5  17.7   12:40     W
20  16.7  22.1   16:10  11.8    8:25   2.5   0.9   0.0   0.5  16.1   13:40   WNW
21  16.6  21.7   14:40  12.2    7:30   2.3   0.6   0.0   0.6  19.3   13:15     W
22  16.3  20.4   14:35  14.0   23:40   2.2   0.2  11.6   1.1  19.3   17:05    SE
23  15.6  18.9   16:55  13.7    5:00   2.8   0.0   7.0   0.3  17.7    7:50   SSE
24  16.6  21.0   14:35  13.4    6:55   2.3   0.6   0.0   0.3  11.3   14:05    SE
25  16.3  21.7   15:45  11.9    6:05   2.6   0.7   0.0   0.3  12.9   16:00    SE
26  17.2  21.4   16:30  14.2    6:50   1.8   0.7   0.0   0.5  20.9   13:40     W
27  16.5  21.2   13:35  12.6    7:45   2.4   0.6   0.0   0.5  16.1   12:35     S
28  16.8  21.9   17:15  12.3    8:25   2.4   0.9   0.0   0.5  12.9   14:10     W
29  16.2  19.9   16:15  13.5    8:15   2.3   0.2   0.0   0.3  12.9   13:55     W
30  18.2  25.1   15:50  13.7    7:00   1.9   1.8   0.0   0.3  17.7   15:55    SE
-------------------------------------------------------------------------------------
    17.5  28.1     9    11.7     6    52.2  28.4  40.6   1.1  54.7    16       W

Max >=  32.0:  0
Max <=   0.0:  0
Min <=   0.0:  0
Min <= -18.0:  0
Max Rain: 11.61 ON 22/09/15
Days of Rain: 11 (> .2 mm) 7 (> 2 mm) 0 (> 20 mm)
Heat Base:  18.3  Cool Base:  18.3  Method: Integration