NOAA Style Reports for San Sebastián

           escudo Sn.Sn

Report for 2016 Jan
                   MONTHLY CLIMATOLOGICAL SUMMARY for JAN. 2016

NAME: kocher   CITY: San Sebastian   STATE: Guipuzcoa 
ELEV:    80 m  LAT:  43 18' 42" N  LONG:   2 00' 56" W

                   TEMPERATURE (C), RAIN  (mm), WIND SPEED (km/hr)

                                      HEAT  COOL        AVG
    MEAN                              DEG   DEG         WIND                 DOM
DAY TEMP  HIGH   TIME   LOW    TIME   DAYS  DAYS  RAIN  SPEED HIGH   TIME    DIR
------------------------------------------------------------------------------------
 1  13.1  17.8   16:00   6.8    2:25   5.7   0.0   0.2   8.5  49.9   20:30     S
 2  11.9  15.7    0:05   8.7   23:45   6.9   0.0   1.0   1.8  22.5   13:05   SSE
 3  12.5  17.0   18:25   8.2    0:15   6.3   0.0   7.0  12.6  48.3   13:25     S
 4  11.2  12.5    7:50   9.2   00:00   7.6   0.0   2.6   1.0  17.7   23:40   NNW
 5   9.3  11.4   14:50   8.0    9:15   9.4   0.0   1.2   2.1  29.0   11:40   SSE
 6   9.6  14.7   00:00   6.5    7:00   9.2   0.0   7.8   7.1  45.1   23:40     S
 7  14.9  18.9   10:55  11.3   00:00   4.0   0.0   6.2   7.1  45.1    5:10     S
 8  15.0  19.6    7:10  11.1    0:25   3.9   0.2   2.4   6.9  53.1    6:15     S
 9  13.2  16.6   19:45   9.4    8:30   5.6   0.0   1.8   6.6  57.9   19:45     S
10  13.2  17.8   22:55  10.2    3:20   5.6   0.0   3.6   5.3  51.5   22:10     S
11  11.9  15.3   14:05   9.4    6:45   6.8   0.0   5.8   3.2  30.6   13:35   SSE
12   8.2  11.8    0:55   6.4    8:40  10.6   0.0   7.6   3.4  30.6    7:10   SSE
13   9.1  14.4   00:00   5.3    6:40   9.7   0.0   0.8   8.5  57.9   23:50     S
14  11.5  15.8    4:25   7.7   23:35   7.3   0.0   8.2   6.6  62.8    0:05     S
15   7.8   9.5   15:20   5.8   23:20  11.0   0.0  10.8   2.3  32.2   19:40    SE
16   6.2  10.0   16:20   3.7    6:50  12.5   0.0   4.6   1.4  29.0    2:45   SSE
17   8.0  11.4   15:55   4.7    9:05  10.7   0.0   0.0   1.3  16.1   22:30   WNW
18   8.8  10.0    3:05   7.4   13:35   9.9   0.0   7.0   5.3  25.7   15:05   SSE
19   9.3  12.7   17:20   6.7   00:00   9.4   0.0   3.0   1.1  22.5    4:00   SSE
20   8.6  14.4   14:30   5.3    3:05  10.2   0.0   0.0   0.3   9.7   15:00    NW
21  10.6  17.1   15:35   5.7    7:55   8.2   0.0   0.0   1.1  17.7   00:00     W
22  13.7  17.4   14:35  11.7    8:35   5.2   0.0   4.2   4.0  24.1    2:05     S
23  14.1  18.6   16:00  11.5    5:15   4.7   0.0   0.0   0.2  14.5   16:00   WSW
24  16.1  20.0   13:50  11.0    6:15   2.6   0.4   0.0   9.8  43.0   23:10     S
25  17.2  19.0    0:05  13.9   00:00   1.2   0.1   0.0  10.8  45.1    7:45     S
26  13.7  18.6   15:30  11.0    9:00   4.7   0.0   0.0   2.7  24.1   14:35   SSE
27  14.3  17.6   15:35  11.2    6:55   4.0   0.0   0.0  12.4  53.1   23:40     S
28  12.8  15.5    1:00   9.8   20:10   5.5   0.0   4.0   8.2  43.5    2:05     S
29  10.0  11.7   16:40   7.6   23:50   8.3   0.0   5.8   0.5  16.1    0:40    SE
30   9.8  13.2   16:40   5.9    8:30   8.5   0.0   0.0   1.3  16.1   12:15     W
31  13.2  15.5   15:35  10.9    6:30   5.1   0.0   0.0   1.4  27.4    4:30   SSE
-------------------------------------------------------------------------------------
    11.6  20.0    24     3.7    16   220.4   0.7  95.6   4.7  62.8    14       S

Max >=  32.0:  0
Max <=   0.0:  0
Min <=   0.0:  0
Min <= -18.0:  0
Max Rain: 10.80 ON 15/01/16
Days of Rain: 21 (> .2 mm) 16 (> 2 mm) 0 (> 20 mm)
Heat Base:  18.3  Cool Base:  18.3  Method: Integration