NOAA Style Reports for San Sebastián

           escudo Sn.Sn

Report for 2016 Feb
                   MONTHLY CLIMATOLOGICAL SUMMARY for FEB. 2016

NAME: kocher   CITY: San Sebastian   STATE: Guipuzcoa 
ELEV:    80 m  LAT:  43 18' 42" N  LONG:   2 00' 56" W

                   TEMPERATURE (C), RAIN  (mm), WIND SPEED (km/hr)

                                      HEAT  COOL        AVG
    MEAN                              DEG   DEG         WIND                 DOM
DAY TEMP  HIGH   TIME   LOW    TIME   DAYS  DAYS  RAIN  SPEED HIGH   TIME    DIR
------------------------------------------------------------------------------------
 1  13.1  14.7   16:45  11.3   23:35   5.2   0.0   0.0   0.0   9.7   15:35   ESE
 2  11.8  13.4   14:45  10.3    8:00   6.5   0.0   0.0   0.2   9.7   15:35   SSE
 3  10.8  13.6   13:00   8.9   18:55   7.5   0.0   5.0   1.4  24.1   18:25    SE
 4   8.8  13.3   14:25   5.7   00:00   9.5   0.0   4.4   0.5  14.5    7:10     W
 5  10.3  18.2   14:50   3.3    7:15   8.0   0.0   0.0   2.7  29.0   13:00     S
 6  13.4  16.3   19:05   8.3   23:55   4.9   0.0  10.0  14.3  69.2   14:40     S
 7   9.4  12.9   15:55   7.0    7:50   8.8   0.0  14.4   2.9  25.7    7:55   SSE
 8  15.0  18.5   14:15  11.1    0:15   3.3   0.0   0.0  10.5  38.6   11:00   SSE
 9  13.6  17.5    7:40   8.0   23:50   4.7   0.0  35.4  11.9  66.0    7:45     S
10   8.0   9.2   13:50   7.3    8:00  10.3   0.0  32.6   1.0  16.1   20:00   SSE
11   9.6  10.5   13:50   8.3    0:05   8.8   0.0   3.6   1.1  20.9    8:15   SSE
12  11.3  14.2   10:40   9.2    0:30   7.0   0.0  60.8   2.4  25.7   10:00   SSE
13  13.3  18.1   11:15  10.6    0:05   5.0   0.0  17.6   1.4  24.1   12:00    NW
14   8.6  12.2    0:20   5.6   00:00   9.7   0.0   8.8   4.5  35.4   11:45   SSE
15   5.9   8.6   13:05   3.4    8:35  12.4   0.0  32.4   2.9  32.2   10:35    SE
16   6.3   9.4   15:05   3.5    8:05  12.0   0.0   0.0   1.1  22.5    0:50    SE
17   5.7  11.1   15:00   0.6    7:45  12.6   0.0   0.4   1.9  19.3   13:15     S
18   7.1   8.2   17:45   5.9   23:55  11.2   0.0  14.0   2.3  24.1   13:25   SSE
19   7.5  11.9   14:10   4.6    1:50  10.8   0.0   0.4   1.1  17.7   14:40     W
20  10.1  16.0   14:05   4.6    2:45   8.2   0.0   0.0   1.6  17.7   15:05     W
21  11.3  17.9   16:15   5.3    8:10   7.0   0.0   0.0   0.6  19.3   14:50    NW
22  12.4  15.9   14:50   9.4    8:45   5.9   0.0   0.0   1.3  22.5    5:15   WNW
23  11.8  14.2   15:35   9.9    4:10   6.5   0.0   1.0   1.0  17.7   11:35   SSE
24  11.9  16.5   12:10   7.6    8:25   6.3   0.0   0.0   0.6  17.7   13:55   SSE
25   9.9  12.1   12:55   8.1   22:25   8.4   0.0  18.8   1.1  17.7   11:00   SSE
26  10.0  15.2   15:30   5.2   00:00   8.3   0.0  15.4   6.1  43.5   13:05   SSE
27   7.3   9.2   19:00   4.0    2:35  11.0   0.0  43.6   4.7  35.4   11:05    SE
28   9.1   9.9   12:20   7.1    0:55   9.3   0.0   0.2   1.9  32.2   20:20   ESE
29   8.7  10.5   14:00   7.5    3:25   9.6   0.0   0.6   3.5  27.4    6:20   ESE
-------------------------------------------------------------------------------------
    10.1  18.5     8     0.6    17   238.8   0.0 319.4   3.0  69.2     6     SSE

Max >=  32.0:  0
Max <=   0.0:  0
Min <=   0.0:  0
Min <= -18.0:  0
Max Rain: 60.81 ON 12/02/16
Days of Rain: 20 (> .2 mm) 15 (> 2 mm) 5 (> 20 mm)
Heat Base:  18.3  Cool Base:  18.3  Method: Integration