NOAA Style Reports for San Sebastián

           escudo Sn.Sn

Report for 2016 Mar
                   MONTHLY CLIMATOLOGICAL SUMMARY for MAR. 2016

NAME: kocher   CITY: San Sebastian   STATE: Guipuzcoa 
ELEV:    80 m  LAT:  43 18' 42" N  LONG:   2 00' 05" W

                   TEMPERATURE (C), RAIN  (mm), WIND SPEED (km/hr)

                                      HEAT  COOL        AVG
    MEAN                              DEG   DEG         WIND                 DOM
DAY TEMP  HIGH   TIME   LOW    TIME   DAYS  DAYS  RAIN  SPEED HIGH   TIME    DIR
------------------------------------------------------------------------------------
 1   9.9  13.3   16:10   7.9   22:50   8.4   0.0   0.0   1.3  17.7   12:30     W
 2  10.3  12.3   11:40   8.3    0:05   8.0   0.0   9.2   1.9  19.3   15:15    SE
 3   9.2  11.0   12:45   8.4    7:15   9.1   0.0  12.8   2.1  19.3   14:55   ESE
 4  10.4  17.0   14:15   6.6   22:20   7.8   0.0  15.6   5.5  49.9   11:35   SSE
 5   6.1   7.9   14:35   5.2    2:35  12.2   0.0  22.4   5.3  38.6   11:40   SSE
 6   6.3   8.8   17:05   4.8    8:35  12.0   0.0  15.2   2.7  25.7   12:35   SSE
 7   7.1  10.2   14:55   5.5    2:05  11.3   0.0  13.8   2.1  25.7    4:15   SSE
 8   7.6  12.2   15:40   3.7    8:05  10.7   0.0   4.4   1.3  14.5    0:55   SSE
 9   8.3  11.4   12:55   6.0   19:10   9.9   0.0  18.2   3.5  38.6   17:50   SSE
10   8.3  10.8   15:25   6.2    8:15  10.0   0.0  19.0   2.6  37.0    5:50    SE
11   8.7  11.9   13:40   6.6    6:00   9.6   0.0   2.2   0.6  14.5   13:25    SE
12   9.2  12.3   15:25   7.6    7:20   9.1   0.0   0.0   0.8  14.5   14:30    SE
13   9.8  13.2   13:15   6.8   00:00   8.5   0.0   1.0   1.3  20.9   18:25    SE
14   6.9  10.1   15:20   5.2    2:25  11.3   0.0   0.4   2.1  19.3   16:05   SSE
15   9.3  14.9   15:15   4.0    8:05   8.9   0.0   0.0   2.1  19.3   11:40   SSE
16   8.7  11.4   12:00   6.1    3:25   9.6   0.0   0.8   0.8  16.1   12:15   ESE
17   8.1  12.3   16:15   4.8    7:45  10.2   0.0   0.0   0.5  12.9   15:40    SE
18   9.2  14.9   15:35   3.7    5:10   9.1   0.0   0.0   1.0  16.1   13:20    SE
19  11.0  13.6   11:55   9.1   23:15   7.3   0.0   2.4   0.3  16.1   11:50   ESE
20  11.0  15.8   13:00   7.9    7:40   7.3   0.0   0.0   0.6  19.3   10:55   SSE
21  10.4  14.6   15:00   8.1    1:55   7.9   0.0   0.2   0.5  16.1   12:40   SSE
22  10.6  12.9   12:05   9.5   22:45   7.7   0.0   0.0   1.3  22.5   12:30    SE
23  11.3  13.8   16:20   9.4    2:50   7.0   0.0   0.0   1.8  17.7    5:10    SE
24  11.2  14.7   15:20   7.8   00:00   7.1   0.0   0.0   1.1  20.9   12:30   SSE
25  10.6  13.8   18:35   6.6    3:35   7.7   0.0   0.0   0.6  14.5   13:05   SSE
26  17.4  24.2   16:10  10.1   00:00   2.7   1.9   6.4   7.9  41.8   17:00   SSE
27  12.7  17.7   15:05   7.7    3:50   5.3   0.0   3.6   5.0  48.3   23:25   SSE
28  15.0  18.7   17:50  11.1   22:25   3.3   0.0   1.6  14.3  56.3    3:25     S
29  14.4  20.9   16:10  10.1    7:10   4.2   0.4   1.8   3.5  29.0   13:15     S
30  16.9  22.0   17:25  12.1    1:45   2.3   0.8   0.0   4.3  38.6   13:05     S
31  10.4  13.6    0:05   8.9   12:05   7.9   0.0  20.2   2.3  27.4    0:45   ESE
-------------------------------------------------------------------------------------
    10.2  24.2    26     3.7     8   253.4   3.1 171.2   2.6  56.3    28     SSE

Max >=  32.0:  0
Max <=   0.0:  0
Min <=   0.0:  0
Min <= -18.0:  0
Max Rain: 22.40 ON 05/03/16
Days of Rain: 20 (> .2 mm) 14 (> 2 mm) 2 (> 20 mm)
Heat Base:  18.3  Cool Base:  18.3  Method: Integration