NOAA Style Reports for San Sebastián

           escudo Sn.Sn

Report for 2016 Apr
                   MONTHLY CLIMATOLOGICAL SUMMARY for APR. 2016

NAME: kocher   CITY: San Sebastian   STATE: Guipuzcoa 
ELEV:    80 m  LAT:  43 18' 42" N  LONG:   2 00' 56" W

                   TEMPERATURE (C), RAIN  (mm), WIND SPEED (km/hr)

                                      HEAT  COOL        AVG
    MEAN                              DEG   DEG         WIND                 DOM
DAY TEMP  HIGH   TIME   LOW    TIME   DAYS  DAYS  RAIN  SPEED HIGH   TIME    DIR
------------------------------------------------------------------------------------
 1  10.2  13.9   15:45   6.5    6:35   8.2   0.0   2.8   1.6  25.7    2:20    SE
 2  12.6  18.9   17:00   5.1    6:40   5.8   0.0   0.0   6.4  41.8   13:10   SSE
 3  16.0  19.8   15:30  12.6   16:55   2.4   0.1   1.6   9.5  49.9    2:55     S
 4  13.0  16.3   15:25  10.3   23:45   5.3   0.0   6.0   7.9  43.5   12:40   SSE
 5  12.1  15.1   16:50  10.4    0:05   6.2   0.0   8.0   1.3  24.1   10:05    SE
 6  12.4  15.7   16:35  10.2    5:35   5.9   0.0   0.0   1.0  19.3   13:30   SSE
 7  10.7  12.8   11:20   8.3   23:05   7.6   0.0   8.4   1.1  19.3   19:35    SE
 8   9.3  12.9   12:10   7.1    5:00   9.0   0.0   3.4   2.3  22.5   12:45    SE
 9   9.3  11.3   17:05   7.6    4:15   9.0   0.0   5.6   1.0  17.7   13:10   SSE
10  13.6  21.4   15:50   6.0    7:30   5.2   0.5   0.0   6.6  48.3   11:20   SSE
11  13.4  18.3   16:30   9.1    7:55   4.9   0.0   0.2   7.2  38.6    0:10   SSE
12  14.9  19.6   15:20  10.3    7:30   3.5   0.1   0.0   8.2  37.0   15:05     S
13  15.4  20.4   16:05  12.9    3:25   2.9   0.1   0.0   7.6  41.8    8:25     S
14  17.2  22.3   17:15  12.6    0:45   1.8   0.7   1.4   6.8  35.4    8:55   SSE
15  14.5  17.2   15:10  12.8    5:15   3.8   0.0   1.2   1.3  30.6    2:30   ESE
16  15.6  19.7   12:15  11.9   15:15   2.8   0.1  13.0   5.3  33.8   19:20     S
17  12.3  15.0   11:35  10.6   00:00   6.0   0.0   0.0   1.0  22.5   11:40    SE
18  12.2  16.3   16:45   8.7    6:25   6.1   0.0   1.2   1.0  16.1   15:05    SE
19  15.4  22.0   15:20   8.2    7:45   3.8   0.9   0.0   0.8  22.5   15:35    SE
20  16.8  19.2   16:55  14.1    8:15   1.6   0.0   0.8   7.4  41.8    7:50   SSE
21  15.2  19.1   11:45  11.6   00:00   3.1   0.0   0.0   4.8  40.2    2:55     S
22  12.6  15.6   14:15   9.4    6:25   5.7   0.0   0.0   0.5  20.9   15:20   ESE
23  12.8  15.4   16:40  10.5    7:30   5.5   0.0   0.0   0.8  17.7   16:10   ESE
24  12.1  15.0   15:40  10.2   23:45   6.2   0.0   0.8   1.4  19.3   14:40    SE
25  11.2  14.3   16:15   9.7    7:50   7.1   0.0   0.0   1.3  16.1   14:55   SSE
26  11.6  14.9   15:10   9.3    8:05   6.7   0.0   0.0   1.1  24.1   13:55   SSE
27  12.2  15.2   15:40  10.7    9:55   6.2   0.0   0.0   1.0  16.1   12:15    SE
28  12.0  14.9   17:30   9.3    7:25   6.3   0.0   0.0   1.3  14.5   13:05    SE
29  11.8  16.2   16:25   6.4    7:40   6.5   0.0   0.2   1.3  17.7   17:00    SE
30  11.2  15.9   15:55   8.7    5:55   7.1   0.0   2.8   2.4  24.1   11:30   ESE
-------------------------------------------------------------------------------------
    13.0  22.3    14     5.1     2   162.2   2.4  57.4   3.4  49.9     3     SSE

Max >=  32.0:  0
Max <=   0.0:  0
Min <=   0.0:  0
Min <= -18.0:  0
Max Rain: 13.00 ON 16/04/16
Days of Rain: 16 (> .2 mm) 8 (> 2 mm) 0 (> 20 mm)
Heat Base:  18.3  Cool Base:  18.3  Method: Integration