NOAA Style Reports for San Sebastián

           escudo Sn.Sn

Report for 2016 May
                   MONTHLY CLIMATOLOGICAL SUMMARY for MAY. 2016

NAME: kocher   CITY: San Sebastian   STATE: Guipuzcoa 
ELEV:    80 m  LAT:  43 18' 42" N  LONG:   2 00' 56" W

                   TEMPERATURE (C), RAIN  (mm), WIND SPEED (km/hr)

                                      HEAT  COOL        AVG
    MEAN                              DEG   DEG         WIND                 DOM
DAY TEMP  HIGH   TIME   LOW    TIME   DAYS  DAYS  RAIN  SPEED HIGH   TIME    DIR
------------------------------------------------------------------------------------
 1  11.9  15.3   14:55   9.3    2:20   6.4   0.0   0.8   1.9  20.9    1:45    SE
 2  11.2  15.6   16:55   5.6    7:50   7.2   0.0   0.0   1.3  17.7   15:05    SE
 3  12.7  17.2   15:30   8.5    3:45   5.6   0.0   0.0   1.1  17.7   14:50   SSE
 4  16.0  23.8   18:15   8.4    7:30   3.8   1.5   0.0   1.0  19.3   17:05    SE
 5  20.3  28.3   16:00  14.1    4:05   1.3   3.3   0.0   2.6  33.8   23:15    NW
 6  19.3  23.1   16:45  15.7    2:50   0.3   1.3   0.0  11.4  43.5   20:30   SSE
 7  18.8  22.6   18:15  15.6    9:50   0.6   1.2   1.2  13.5  49.9    3:00   SSE
 8  18.7  21.6   17:00  16.9   22:10   0.2   0.6   0.4  13.7  48.3   14:10   SSE
 9  18.8  24.9   16:10  14.4   21:50   0.8   1.3   1.0   9.5  40.2    2:35   SSE
10  18.3  22.4   18:10  14.4    7:35   1.2   1.3   0.0   9.7  38.6   22:20   SSE
11  15.9  18.4    0:05  12.2   00:00   2.3   0.0   0.0   3.2  41.8    0:25   SSE
12  12.9  16.8   12:35   9.8    5:00   5.4   0.0   0.6   1.3  17.7   14:20     W
13  13.5  16.7   17:00  11.6    1:30   4.8   0.0   5.0   1.0  14.5    8:40    SE
14  14.0  15.2   13:40  13.2    7:05   4.3   0.0   8.0   0.5  14.5   13:35   ESE
15  14.9  18.1   16:20  12.7    9:20   3.4   0.0   1.8   0.8  16.1   11:45    SE
16  14.8  18.2   16:00  13.3    2:15   3.4   0.0   0.0   0.8  16.1   14:50   SSE
17  15.4  18.9   15:40  12.8    6:55   2.9   0.0   0.0   0.6  14.5   12:25    SE
18  15.1  19.2   14:55  12.4    7:35   3.2   0.0   0.0   1.3  19.3   13:35    SE
19  13.7  15.3   19:05  12.2    8:45   4.7   0.0   8.2   0.6  12.9    4:05    SE
20  17.6  22.3   15:20  12.9    6:35   1.9   1.2   0.0   0.8  11.3    9:40    SE
21  20.1  28.2   12:45  14.9   21:50   0.7   2.6  11.2   6.6  40.2    9:00   SSE
22  14.7  17.2   14:50  11.9   12:35   3.6   0.0  20.0   1.9  27.4    8:20    SE
23  13.8  17.8   16:25  10.4    4:45   4.5   0.0   5.4   1.0  16.1   12:55    SE
24  16.8  25.6   17:10  10.1    6:25   3.3   1.8   1.0   0.8  30.6   21:40   ESE
25  17.1  21.2   15:25  14.7    2:35   1.8   0.5   0.6   0.8  14.5   18:30    NW
26  16.7  21.2   14:50  14.3    6:40   1.9   0.2   0.2   0.8  14.5   11:35     W
27  18.0  23.2   17:25  14.8    7:20   1.4   1.1   4.2   0.6  19.3   23:25   WNW
28  18.8  25.2   14:30  15.5    5:15   1.0   1.5   0.4   1.4  27.4   18:10    SE
29  16.8  20.0   12:05  14.1    6:10   1.7   0.2   1.0   1.4  17.7   14:00    SE
30  15.5  18.0   11:55  13.8   23:50   2.8   0.0  17.4   1.6  20.9   12:00   SSE
31  15.8  18.8   14:45  13.9    0:05   2.5   0.0   0.8   1.8  17.7   14:30    SE
-------------------------------------------------------------------------------------
    16.1  28.3     5     5.6     2    88.9  19.7  89.2   3.1  49.9     7     SSE

Max >=  32.0:  0
Max <=   0.0:  0
Min <=   0.0:  0
Min <= -18.0:  0
Max Rain: 19.99 ON 22/05/16
Days of Rain: 20 (> .2 mm) 8 (> 2 mm) 0 (> 20 mm)
Heat Base:  18.3  Cool Base:  18.3  Method: Integration