NOAA Style Reports for San Sebastián

           escudo Sn.Sn

Report for 2016 Jun
                   MONTHLY CLIMATOLOGICAL SUMMARY for JUN. 2016

NAME: kocher   CITY: San Sebastian   STATE: Guipuzcoa 
ELEV:    80 m  LAT:  43 18' 42" N  LONG:   2 00' 56" W

                   TEMPERATURE (C), RAIN  (mm), WIND SPEED (km/hr)

                                      HEAT  COOL        AVG
    MEAN                              DEG   DEG         WIND                 DOM
DAY TEMP  HIGH   TIME   LOW    TIME   DAYS  DAYS  RAIN  SPEED HIGH   TIME    DIR
------------------------------------------------------------------------------------
 1  16.3  20.3   16:00  13.9    5:00   2.2   0.2   0.0   2.3  22.5   10:15    SE
 2  16.7  20.2   18:55  14.6    7:05   1.9   0.3   0.0   0.8  16.1   12:20    NW
 3  18.2  21.4   17:40  15.7    6:00   0.9   0.9   0.0   1.4  22.5   23:00    SE
 4  17.8  19.4   15:15  16.8    6:00   0.7   0.2   0.0   1.0  16.1    0:15    SE
 5  18.9  22.5   16:35  16.3    7:05   0.7   1.3   0.0   1.0  17.7   23:05   ESE
 6  18.4  21.4   13:05  16.7   00:00   0.5   0.6   0.0   1.4  17.7   12:05    NW
 7  19.1  23.1   15:15  15.4    7:35   0.9   1.7   0.0   1.0  16.1   12:15    SE
 8  20.7  25.4   15:45  15.4    6:35   0.6   3.0   0.0   0.5  12.9   16:10    SE
 9  21.3  26.4   15:45  16.7    6:55   0.2   3.3   0.0   1.0  20.9   23:05    SE
10  18.1  19.4   17:10  16.8   00:00   0.3   0.1   0.6   1.3  17.7    0:35    SE
11  16.9  20.6   18:00  14.8    9:00   1.6   0.3   2.0   0.5  12.9   16:05   SSE
12  17.6  22.3   14:10  13.3    6:30   1.7   1.0   0.0   0.3   9.7    0:05     W
13  18.2  19.9   11:35  16.4   22:35   0.4   0.3   0.8   1.0  16.1   18:05   ESE
14  16.9  21.7   14:05  14.2   23:35   1.9   0.5  11.6   1.0  16.1   12:05    SE
15  15.7  21.2   13:20  12.6   00:00   3.1   0.5  11.2   1.0  14.5   11:55     W
16  14.2  17.6   19:40  12.0    6:00   4.1   0.0   3.6   1.6  19.3   16:30     W
17  14.9  19.2   12:10  12.4   00:00   3.4   0.0   4.0   1.1  19.3   19:15   SSE
18  14.5  18.0   16:50  11.6    7:00   3.8   0.0  31.0   1.4  22.5   13:10    SE
19  16.2  19.8   14:35  12.9    7:15   2.3   0.2   1.0   0.8  19.3   15:55    SE
20  18.2  24.1   16:50  12.4    7:35   2.0   1.9   0.0   0.8  14.5   16:10    SE
21  21.1  27.6   16:00  14.7    6:25   1.0   3.8   0.0   0.8  16.1   17:45    SE
22  24.9  35.7   15:35  18.0    6:25   0.0   6.6   0.0   4.0  43.5   11:05    NW
23  21.0  28.4   12:35  18.6    6:30   0.0   2.7   0.0   2.3  43.5   14:40    SE
24  18.6  19.4   15:00  17.8   23:30   0.1   0.3   2.4   0.2  11.3   20:55   ESE
25  18.5  21.1   13:55  16.8    5:25   0.5   0.7   0.0   1.0  14.5   14:10    SE
26  18.6  21.7   17:25  16.8    6:40   0.6   0.9   0.0   1.0  14.5   14:45    SE
27  18.8  22.4   17:00  15.0    7:10   0.9   1.4   0.0   1.0  14.5   12:50    SE
28  18.7  22.9   15:50  14.9    3:50   1.0   1.5   0.0   1.0  17.7   16:10    SE
29  18.7  20.4   20:00  17.1    6:50   0.3   0.7   0.0   0.2   9.7   12:05   SSE
30  19.7  23.7   14:55  15.4    7:35   0.8   2.2   0.0   1.0  14.5   13:15    SE
-------------------------------------------------------------------------------------
    18.2  35.7    22    11.6    18    38.5  36.8  68.2   1.1  43.5    22      SE

Max >=  32.0:  1
Max <=   0.0:  0
Min <=   0.0:  0
Min <= -18.0:  0
Max Rain: 30.99 ON 18/06/16
Days of Rain: 10 (> .2 mm) 7 (> 2 mm) 1 (> 20 mm)
Heat Base:  18.3  Cool Base:  18.3  Method: Integration