NOAA Style Reports for San Sebastián

           escudo Sn.Sn

Report for 2016 Jul
                   MONTHLY CLIMATOLOGICAL SUMMARY for JUL. 2016

NAME: kocher   CITY: San Sebastian   STATE: Guipuzcoa 
ELEV:    80 m  LAT:  43 18' 42" N  LONG:   2 00' 56" W

                   TEMPERATURE (C), RAIN  (mm), WIND SPEED (km/hr)

                                      HEAT  COOL        AVG
    MEAN                              DEG   DEG         WIND                 DOM
DAY TEMP  HIGH   TIME   LOW    TIME   DAYS  DAYS  RAIN  SPEED HIGH   TIME    DIR
------------------------------------------------------------------------------------
 1  19.7  21.9   16:50  18.4    9:10   0.0   1.3   0.6   0.5  14.5   12:45   SSE
 2  18.2  21.8   16:35  16.3    8:10   0.7   0.5   7.2   0.6  17.7   16:10    SE
 3  18.9  23.1   17:05  14.0    6:50   1.2   1.8   0.0   0.6  14.5   14:40    SE
 4  19.2  22.9   14:40  15.7    6:40   0.7   1.5   0.2   1.1  19.3   15:30   WNW
 5  19.4  20.9   17:15  18.5   10:35   0.0   1.1   1.6   0.2  11.3    3:35   ESE
 6  20.2  23.4   15:35  17.8    7:10   0.0   1.9   0.0   0.5  12.9   11:35   ESE
 7  21.8  26.4   16:15  18.9    6:00   0.0   3.5   0.0   1.8  24.1   19:10   WNW
 8  20.1  21.8   16:45  19.0    8:50   0.0   1.8   0.8   0.6  20.9    9:05    NW
 9  20.9  25.2   17:10  18.3    6:05   0.0   2.6   0.0   0.5  16.1   16:20   ESE
10  20.7  22.8   10:45  19.1    7:20   0.0   2.4   0.0   0.5  17.7   11:40    NW
11  18.7  19.7    0:05  17.0   00:00   0.2   0.5  12.8   0.3  16.1    7:00     W
12  17.2  20.9   17:45  15.4    8:55   1.5   0.3  10.6   0.5  14.5    4:50    SE
13  17.8  21.9   16:10  15.3    6:50   1.1   0.6   7.0   1.1  17.7   18:25   WNW
14  17.9  21.4   17:00  14.7    7:20   1.1   0.7   0.2   1.1  20.9   14:05    SE
15  18.4  23.4   14:40  11.8    7:05   1.7   1.8   0.0   1.1  22.5   16:30    SE
16  19.9  25.5   15:05  13.6    7:40   1.2   2.8   0.0   0.8  16.1   13:55    SE
17  22.2  29.2   14:15  15.6    6:00   0.6   4.5   0.0   0.8  20.9   16:15    SE
18  28.5  38.1   18:00  19.1    6:20   0.0  10.2   0.0   2.7  29.0   11:25     S
19  30.1  37.9   15:05  22.9   23:50   0.0  11.8   0.0  12.2  53.1    9:40   SSE
20  20.6  22.9    0:05  18.8   00:00   0.0   2.3   4.4   0.3  14.5    9:00    SE
21  19.9  22.8   11:20  17.1    6:10   0.2   1.8   0.0   0.3  11.3   11:35     W
22  19.9  21.8   18:40  18.5   00:00   0.0   1.6   8.2   0.2  16.1   22:25   ESE
23  19.1  20.8   14:05  17.9   23:45   0.1   0.8  23.0   0.3  12.9    9:40    SE
24  19.3  22.8   16:40  16.9    5:30   0.4   1.4   0.0   0.2   9.7   15:35   ESE
25  19.9  23.1   17:20  17.0    2:05   0.3   2.0   0.0   0.2  11.3   13:05   ESE
26  21.9  25.1   16:00  19.3    7:00   0.0   3.6   3.2   0.6  14.5   14:05    SE
27  21.4  24.6   15:55  19.2   00:00   0.0   3.1   0.0   0.8  12.9   10:50    SE
28  21.1  24.8   17:10  18.3    6:35   0.0   2.8   0.0   0.5  11.3   13:20   WNW
29  21.9  26.1   14:55  19.3    5:40   0.0   3.7   0.0   0.5  12.9   13:30   ESE
30  21.5  24.1   13:05  19.1   23:50   0.0   3.2   2.0   0.3  12.9   16:15   ESE
31  19.2  20.7   12:15  18.1   00:00   0.0   0.9   2.8   0.2  12.9    9:10   WNW
-------------------------------------------------------------------------------------
    20.5  38.1    18    11.8    15    11.0  78.9  84.6   1.0  53.1    19      SE

Max >=  32.0:  2
Max <=   0.0:  0
Min <=   0.0:  0
Min <= -18.0:  0
Max Rain: 23.01 ON 23/07/16
Days of Rain: 15 (> .2 mm) 10 (> 2 mm) 1 (> 20 mm)
Heat Base:  18.3  Cool Base:  18.3  Method: Integration