NOAA Style Reports for San Sebastián

           escudo Sn.Sn

Report for 2016 Aug
                   MONTHLY CLIMATOLOGICAL SUMMARY for AUG. 2016

NAME: kocher   CITY: San Sebastian   STATE: Guipuzcoa 
ELEV:    80 m  LAT:  43 18' 42" N  LONG:   2 00' 56" W

                   TEMPERATURE (C), RAIN  (mm), WIND SPEED (km/hr)

                                      HEAT  COOL        AVG
    MEAN                              DEG   DEG         WIND                 DOM
DAY TEMP  HIGH   TIME   LOW    TIME   DAYS  DAYS  RAIN  SPEED HIGH   TIME    DIR
------------------------------------------------------------------------------------
 1  18.9  23.4   17:25  16.5    5:25   0.6   1.2   0.0   0.3  14.5   15:55    NW
 2  19.7  24.7   16:45  14.7    6:15   1.1   2.5   0.0   0.8  12.9   13:05    SE
 3  20.7  25.0   17:40  16.1    7:25   0.5   2.8   0.0   1.0  17.7   16:20   SSE
 4  21.9  26.6   15:50  19.8   20:15   0.0   3.6   2.2   0.5  17.7   22:30   SSE
 5  20.7  24.7   16:30  17.1    7:05   0.2   2.6  10.6   0.5  16.1   18:10   ESE
 6  20.7  23.9   16:20  16.9    7:50   0.1   2.6   0.0   0.8  16.1   17:20    SE
 7  20.5  25.2   18:05  15.9    8:00   0.6   2.8   0.0   1.3  22.5   15:00     W
 8  21.2  25.7   14:15  17.1    5:20   0.2   3.2   0.0   1.0  19.3   11:55    SE
 9  19.7  23.7   14:15  17.5   22:55   0.0   1.5   7.2   0.5  17.7    3:10    SE
10  18.9  22.7   16:05  15.2    7:40   0.8   1.4   0.0   1.1  17.7   18:05   ESE
11  19.2  22.9   16:40  15.2    7:10   0.7   1.6   0.0   0.8  16.1    0:35   ESE
12  19.6  26.6   16:20  13.4    7:25   1.5   2.7   0.0   0.8  19.3   16:55    SE
13  23.3  30.5   16:00  16.5    8:05   0.2   5.2   0.0   0.5  16.1   13:30   ESE
14  24.3  31.7   16:20  17.9    7:55   0.0   6.0   0.0   0.5  11.3   14:35   ESE
15  24.0  34.8   15:40  19.7   21:55   0.0   5.7   7.0   2.6  43.5   20:40     W
16  21.8  25.1   14:55  19.1    5:35   0.0   3.5   0.0   1.9  19.3   17:30   WNW
17  21.3  23.3   14:20  19.7    7:40   0.0   3.0   0.2   0.0  11.3   15:50    SE
18  19.6  22.4   18:45  17.4   00:00   0.1   1.4   0.6   0.2  11.3    3:00   ESE
19  20.4  27.7   13:25  16.0    4:35   0.7   2.8   3.4   0.8  20.9   14:00    SE
20  18.8  22.2   16:35  16.3    7:40   0.5   1.0  12.4   0.5  12.9    0:15   ESE
21  19.1  24.1   17:20  14.6    7:50   1.0   1.8   0.0   0.8  16.1   12:00    SE
22  21.8  30.5   18:35  14.3    7:35   1.1   4.6   0.0   0.8  12.9   16:20   ESE
23  25.1  34.7   13:45  20.2    3:35   0.0   6.8   0.0   4.7  32.2   14:00   WNW
24  22.6  28.2   13:45  20.4    5:40   0.0   4.3   0.0   1.9  25.7   15:25    NW
25  26.6  35.6   14:50  19.5    8:10   0.0   8.3   0.0   1.8  46.7   22:00    SE
26  23.6  29.9   13:10  20.6    8:30   0.0   5.3   0.0   1.6  20.9   14:50    SE
27  24.6  36.6   15:05  19.0    7:55   0.0   6.3   0.0   1.6  37.0   16:56    SE
28  20.7  22.3   18:05  18.4   22:25   0.0   2.4  13.6   0.5  16.1   20:35    SE
29  19.5  22.2   16:10  17.3    7:15   0.2   1.4   1.6   0.6  19.3   12:55    SE
30  20.6  23.6   12:50  17.4    8:30   0.1   2.4   0.0   0.6  12.9   12:55   ESE
31  20.6  24.8   14:55  17.5    2:40   0.2   2.4   0.0   0.6  17.7   15:50    SE
-------------------------------------------------------------------------------------
    21.3  36.6    27    13.4    12    10.4 103.4  58.8   1.0  46.7    25      SE

Max >=  32.0:  4
Max <=   0.0:  0
Min <=   0.0:  0
Min <= -18.0:  0
Max Rain: 13.59 ON 28/08/16
Days of Rain: 10 (> .2 mm) 7 (> 2 mm) 0 (> 20 mm)
Heat Base:  18.3  Cool Base:  18.3  Method: Integration