NOAA Style Reports for San Sebastián

           escudo Sn.Sn

Report for 2016 Sep
                   MONTHLY CLIMATOLOGICAL SUMMARY for SEP. 2016

NAME: kocher   CITY: San Sebastian   STATE: Guipuzcoa 
ELEV:    80 m  LAT:  43 18' 42" N  LONG:   2 00' 56" W

                   TEMPERATURE (C), RAIN  (mm), WIND SPEED (km/hr)

                                      HEAT  COOL        AVG
    MEAN                              DEG   DEG         WIND                 DOM
DAY TEMP  HIGH   TIME   LOW    TIME   DAYS  DAYS  RAIN  SPEED HIGH   TIME    DIR
------------------------------------------------------------------------------------
 1  21.7  25.6   16:05  17.9    8:00   0.0   3.4   0.0   0.6  12.9   12:35   ESE
 2  21.3  26.2   16:05  16.8    7:05   0.2   3.2   0.0   0.8  14.5   16:35    SE
 3  21.9  29.2   17:00  16.9    8:25   0.2   3.8   0.0   0.5  17.7   18:35     W
 4  22.1  26.2   16:40  18.7    7:40   0.0   3.8   0.0   0.6  16.1   17:00     W
 5  22.2  26.7   14:20  18.6    6:45   0.0   3.9   0.0   0.5  14.5   12:10   ESE
 6  22.4  28.2   15:50  17.8    8:20   0.0   4.2   0.0   0.6  14.5   16:55     W
 7  24.2  36.9   15:45  19.4    7:35   0.0   5.9   0.0   2.7  43.5   15:55    SE
 8  19.8  22.1    0:15  18.3   22:40   0.0   1.5  20.4   0.6  14.5   15:20    NW
 9  18.4  20.5   15:15  16.7   12:30   0.3   0.4  11.6   0.2  11.3   14:30    NW
10  20.1  25.0   17:20  16.2    7:40   0.6   2.3   0.0   0.6  12.9   14:45   WNW
11  20.8  27.2   16:40  15.7    6:55   0.7   3.2   0.0   1.3  19.3   20:55    SE
12  26.7  36.2   16:35  17.7    6:50   0.0   8.4   0.0   4.2  41.8   23:10   SSE
13  23.1  31.0   15:20  16.2   23:15   0.2   5.0   8.2   6.0  41.8   14:05   SSE
14  17.2  22.3   16:45  13.5    9:00   1.9   0.8   0.2   1.8  19.3   15:00    SE
15  17.3  21.7   16:05  13.6    2:25   1.9   0.8   4.8  12.1  53.1   12:20   SSE
16  16.1  19.2   11:55  14.0    7:30   2.2   0.0  20.4   2.3  32.2    0:45    SE
17  16.3  19.2   16:05  14.7   22:50   2.1   0.1  13.0   1.3  20.9   10:30    NW
18  16.1  20.8   16:10  13.3    7:45   2.5   0.3   4.8   0.6  16.1   14:00    SE
19  16.3  19.5   16:55  13.8    5:40   2.0   0.1   1.8   0.5  12.9   16:30    SE
20  17.9  21.5   16:35  15.5    7:45   1.1   0.7   0.2   0.6  14.5   14:35     W
21  18.1  22.8   13:55  13.5    7:55   1.6   1.4   0.0   0.8  12.9   12:40    SE
22  19.3  23.3   13:25  16.2    7:45   0.5   1.5   0.0   0.5  11.3   12:35    SE
23  19.1  22.7   15:25  16.4   00:00   0.4   1.3   0.0   0.3  11.3   12:55   ESE
24  22.1  28.4   17:00  14.7    5:45   0.8   4.6   0.0   5.5  30.6   10:45   SSE
25  19.0  25.3    1:00  15.4   23:40   0.6   1.3   5.0   2.4  33.8    2:30    SE
26  17.2  22.2   17:00  13.9    7:50   1.8   0.8   0.0   1.0  14.5   12:45     W
27  16.7  20.6   14:30  14.3    7:40   1.8   0.2   1.4   1.0  14.5   10:10     W
28  19.7  24.3   17:05  16.7    8:40   0.4   1.8   7.8   0.3  11.3   15:35    SE
29  21.8  28.4   14:40  16.8    1:15   0.0   3.6   0.0   7.9  32.2    8:10     S
30  20.6  27.7   14:10  16.3    8:35   0.2   2.5   0.0   2.3  30.6   11:35   SSE
-------------------------------------------------------------------------------------
    19.8  36.9     7    13.3    18    24.1  70.5  99.6   2.0  53.1    15      SE

Max >=  32.0:  2
Max <=   0.0:  0
Min <=   0.0:  0
Min <= -18.0:  0
Max Rain: 20.40 ON 08/09/16
Days of Rain: 13 (> .2 mm) 9 (> 2 mm) 2 (> 20 mm)
Heat Base:  18.3  Cool Base:  18.3  Method: Integration