NOAA Style Reports for San Sebastián

           escudo Sn.Sn

Report for 2016 Nov
                   MONTHLY CLIMATOLOGICAL SUMMARY for NOV. 2016

NAME: kocher   CITY: San Sebastian   STATE: Guipuzcoa 
ELEV:    80 m  LAT:  43 18' 42" N  LONG:   2 00' 56" W

                   TEMPERATURE (C), RAIN  (mm), WIND SPEED (km/hr)

                                      HEAT  COOL        AVG
    MEAN                              DEG   DEG         WIND                 DOM
DAY TEMP  HIGH   TIME   LOW    TIME   DAYS  DAYS  RAIN  SPEED HIGH   TIME    DIR
------------------------------------------------------------------------------------
 1  18.2  23.2   15:00  13.7   23:50   1.3   1.2   0.0   5.8  30.6   13:05   SSE
 2  14.8  20.3   13:40  11.4    6:55   3.7   0.2   0.0   0.5  12.9   13:15   ESE
 3  12.4  16.6   12:40   8.4    8:20   5.9   0.0   0.0   0.5  14.5   14:15   SSE
 4  14.2  18.5   18:30   9.8    3:50   4.1   0.0   2.2   5.3  40.2   19:15   SSE
 5  12.6  17.7    1:05   8.9   00:00   5.7   0.0  59.0   2.9  37.0    1:00   WNW
 6   7.9   9.2   13:10   6.7   00:00  10.4   0.0  26.0   1.6  30.6   13:35    SE
 7   6.6   8.6   16:50   5.7   21:15  11.7   0.0  26.2   0.8  24.1   17:05    SE
 8   8.0  10.7   16:15   5.7    5:35  10.3   0.0  30.8   1.6  30.6   13:10    SE
 9  11.0  12.6    7:15   9.1    0:10   7.3   0.0  13.8   3.1  37.0    1:55    SE
10  11.8  13.3   16:30  10.3    1:55   6.5   0.0   4.4   0.3  14.5    6:30    SE
11  11.8  12.7   11:10  11.1   23:40   6.5   0.0  13.4   0.2  16.1    0:05    SE
12  12.4  15.7   14:30   9.9    6:20   5.8   0.0  10.6   0.0  11.3   12:30    SE
13  12.9  14.3    1:25  11.8   19:55   5.4   0.0   5.2   0.2  17.7    8:45   ESE
14  11.8  14.2   11:40  10.1    8:10   6.5   0.0   0.0   0.2  14.5   12:20    SE
15   9.8  12.8   15:15   7.1   00:00   8.5   0.0   0.0   0.0   8.0   12:10    SE
16   9.0  14.1   14:05   5.2    6:25   9.3   0.0   0.0   0.2   9.7    9:10    SE
17  10.9  16.4   13:10   6.7    6:35   7.4   0.0   0.0   0.2  16.1   17:05     W
18  11.8  14.5   13:05   9.7    4:00   6.5   0.0   3.4   0.0   9.7   21:15   SSE
19  12.7  15.9   21:50   9.6    8:15   5.6   0.0   1.0   5.1  72.4   21:50   SSE
20  15.4  17.4   12:30  14.4    0:10   2.8   0.0   0.0  16.4  57.9    0:50   SSE
21  16.1  18.2   15:20  12.9   23:45   2.2   0.0   0.0  11.3  57.9    3:50   SSE
22  10.6  12.9    0:05   9.2   23:10   7.8   0.0  20.4   0.0   8.0   13:05   ENE
23   6.7   9.2    0:05   4.4   14:30  11.6   0.0  50.8   1.4  17.7   16:25   SSE
24   9.7  12.7   14:30   7.2    6:10   8.6   0.0   5.2   5.5  38.6   11:20   SSE
25   9.2  13.8   14:15   5.1    7:30   9.1   0.0   0.0   2.1  29.0   14:55   SSE
26   9.7  14.4   12:35   6.2    5:20   8.6   0.0   0.4   0.5  19.3   13:30    SE
27  11.1  15.6   14:00   8.8   23:05   7.2   0.0   0.0   0.3  16.1   14:25     W
28  10.1  11.9   15:00   8.6    7:05   8.2   0.0   0.4   0.0   6.4    5:05   SSE
29  11.2  14.4   16:10   9.3   21:35   7.1   0.0   0.0   0.6  30.6   23:40   NNW
30  14.5  16.6   14:50  12.4    2:50   3.8   0.0   0.0  11.7  51.5   14:10   SSE
-------------------------------------------------------------------------------------
    11.5  23.2     1     4.4    23   205.5   1.3 273.2   2.6  72.4    19     SSE

Max >=  32.0:  0
Max <=   0.0:  0
Min <=   0.0:  0
Min <= -18.0:  0
Max Rain: 59.00 ON 05/11/16
Days of Rain: 17 (> .2 mm) 14 (> 2 mm) 6 (> 20 mm)
Heat Base:  18.3  Cool Base:  18.3  Method: Integration