NOAA Style Reports for San Sebastián

           escudo Sn.Sn

Report for 2017 Jan
                   MONTHLY CLIMATOLOGICAL SUMMARY for JAN. 2017

NAME: kocher   CITY: San Sebastian   STATE: Guipuzcoa 
ELEV:    80 m  LAT:  43 18' 42" N  LONG:   2 00' 56" W

                   TEMPERATURE (C), RAIN  (mm), WIND SPEED (km/hr)

                                      HEAT  COOL        AVG
    MEAN                              DEG   DEG         WIND                 DOM
DAY TEMP  HIGH   TIME   LOW    TIME   DAYS  DAYS  RAIN  SPEED HIGH   TIME    DIR
------------------------------------------------------------------------------------
 1   5.7  12.0   16:25   2.5    8:05  12.6   0.0   0.2   1.1  16.1   11:15   SSE
 2   6.9  12.1   15:20   4.3    0:05  11.4   0.0   0.0   4.5  32.2    6:35   SSE
 3   4.8   8.9   15:20   1.4    8:55  13.5   0.0   0.0   0.3  19.3   14:20     W
 4   4.4   9.5   13:45   2.2    3:45  13.9   0.0   0.0   0.8  14.5   16:20   SSE
 5   3.4  10.1   15:40  -0.9    8:40  14.9   0.0   0.2   0.3  11.3    9:50   SSE
 6   2.5   7.8   13:50  -1.4    7:35  15.8   0.0   0.0   0.5  11.3   15:10   SSE
 7   2.9   9.3   15:25  -0.9    5:40  15.3   0.0   0.0   0.6  11.3   11:10    SW
 8   4.0   8.8   15:35  -0.2    9:15  14.3   0.0   0.0   0.2   9.7    3:25    SE
 9   7.4  11.6   13:50   3.5    8:55  10.8   0.0   0.0   0.5  12.9   13:55   SSE
10   9.3  10.3    9:25   7.7    5:10   9.0   0.0  30.0   1.6  24.1   13:10    NW
11  11.3  12.6   13:45   9.3    0:45   7.0   0.0  29.4   0.8  17.7    0:15   ESE
12  11.5  13.7   15:05   9.7   23:40   6.8   0.0   4.0   0.3  27.4   23:25    SE
13   7.9  10.6   13:05   5.6   00:00  10.4   0.0  19.0   1.6  29.0    6:10   ESE
14   6.1   8.0   23:45   4.8    9:30  12.2   0.0  12.0   0.6  29.0    2:45    NW
15   7.9   9.8   23:00   6.3    4:25  10.3   0.0  29.0   1.1  19.3    5:15    NW
16   9.9  10.9    9:50   7.6   00:00   8.4   0.0  24.6   2.3  24.1    8:50   ESE
17   4.3   7.6    0:05   0.9   23:55  14.0   0.0   1.0   0.6  27.4   18:40    SE
18  -0.1   1.0   17:10  -1.3    6:20  18.4   0.0   0.0   0.0  11.3    2:05   ESE
19   1.9   5.4   16:00  -0.3   23:45  16.3   0.0   0.0   0.2  12.9   12:45    SE
20   1.7   6.9   14:25  -1.7    8:00  16.6   0.0   0.0   0.0   9.7   13:20   SSE
21   4.7  11.0   14:10   0.5    6:45  13.6   0.0   0.0   0.3  12.9   17:00    SE
22   5.1  10.2   15:35   1.3    3:15  13.2   0.0   0.0   0.0   9.7   14:40   ESE
23   6.5  11.9   14:55   2.8    7:30  11.8   0.0   0.0   0.2  12.9   14:50    SE
24   7.2  11.9   14:25   2.8   00:00  11.2   0.0   0.0   0.2  14.5   15:30    SE
25   3.8   9.0   15:45   0.0    8:45  14.5   0.0   0.0   0.3  14.5   18:05    SE
26   6.6  11.0   21:00   0.0    4:10  11.7   0.0   0.0  11.6  54.7   21:15   SSE
27  11.8  12.9   16:20   9.6   00:00   6.5   0.0   1.2  14.6  62.8    7:20   SSE
28   9.9  14.2   13:40   7.4    9:30   8.4   0.0   3.2   0.6  19.3   12:15    SE
29  12.3  16.3   14:35   6.5    1:50   6.0   0.0   0.0   8.7  45.1   14:45   SSE
30  15.4  18.2   15:55  12.7    5:10   2.9   0.0   0.0   6.9  30.6   17:55   SSE
31  16.3  20.0   16:25  13.6    7:25   2.2   0.2   0.0   9.3  41.8   10:00     S
-------------------------------------------------------------------------------------
     6.9  20.0    31    -1.7    20   354.1   0.2 153.8   2.3  62.8    27     SSE

Max >=  32.0:  0
Max <=   0.0:  0
Min <=   0.0:  9
Min <= -18.0:  0
Max Rain: 30.00 ON 10/01/17
Days of Rain: 12 (> .2 mm) 8 (> 2 mm) 4 (> 20 mm)
Heat Base:  18.3  Cool Base:  18.3  Method: Integration