NOAA Style Reports for San Sebastián

           escudo Sn.Sn

Report for 2017 Mar
                   MONTHLY CLIMATOLOGICAL SUMMARY for MAR. 2017

NAME: kocher   CITY: San Sebastian   STATE: Guipuzcoa 
ELEV:    80 m  LAT:  43 18' 42" N  LONG:   2 00' 56" W

                   TEMPERATURE (C), RAIN  (mm), WIND SPEED (km/hr)

                                      HEAT  COOL        AVG
    MEAN                              DEG   DEG         WIND                 DOM
DAY TEMP  HIGH   TIME   LOW    TIME   DAYS  DAYS  RAIN  SPEED HIGH   TIME    DIR
------------------------------------------------------------------------------------
 1  12.2  17.6   15:05   6.3    1:30   6.1   0.0   0.0   5.0  35.4   13:05   SSE
 2  13.4  18.2   15:20   9.0    8:35   4.9   0.0   0.0   0.6  16.1   14:00   ESE
 3  15.2  20.5   15:30   7.0   23:40   3.3   0.2  20.4  12.9  59.5    7:30   SSE
 4   8.4  11.9   12:55   6.4   14:00   9.9   0.0   4.2   2.9  37.0   13:05   SSE
 5  12.2  16.9   13:30   7.9    1:30   6.1   0.0   5.0   4.3  30.6    7:20   SSE
 6  13.0  15.1    4:35  10.9    0:05   5.3   0.0   3.6   1.6  27.4   11:20   ESE
 7  11.4  13.0   15:20   9.9   11:40   6.8   0.0   4.0   0.8  17.7   15:00   ESE
 8  13.6  17.2   12:40  11.3    6:30   4.7   0.0   4.4   0.3  12.9    1:05   ESE
 9  12.7  16.6   16:05   9.0    7:50   5.6   0.0   0.0   0.5  14.5   15:45   ESE
10  13.9  21.9   16:15   8.1    7:30   4.7   0.4   0.0   0.5  14.5   15:05    SE
11  15.6  22.7   12:10  12.5    8:15   3.1   0.3   0.0   1.1  32.2   13:45    SE
12  11.1  13.3    0:05   9.6   23:00   7.2   0.0  22.0   1.9  25.7   15:05   ESE
13  10.2  11.3   21:55   9.3    5:55   8.1   0.0  21.6   1.9  32.2    5:05   ESE
14  11.5  14.4   16:50   9.3    8:20   6.8   0.0   0.0   0.2  12.9   10:50   ESE
15  12.4  15.7   14:25   9.7   23:55   5.9   0.0   0.0   1.1  17.7   12:55     W
16  17.1  25.1   16:00   7.7    6:35   3.3   2.1   0.0   5.8  32.2   13:40   SSE
17  13.1  18.1    0:05  11.1    7:35   5.2   0.0   0.0   1.9  30.6    3:25   SSE
18  11.6  13.8   15:45   8.1   00:00   6.7   0.0   0.0   0.3  11.3   14:55    SE
19  10.2  14.5   13:30   6.1    7:25   8.1   0.0   0.0   0.6  14.5   13:00   ESE
20  10.9  12.3   15:25  10.0    7:30   7.4   0.0   0.0   0.2  11.3   14:10    SE
21   9.8  12.3   10:00   7.8   23:50   8.5   0.0  12.8   0.6  24.1   12:25     W
22   8.7  11.9   10:55   6.0   00:00   9.6   0.0   9.0   3.9  38.6   10:00   SSE
23   8.2  13.7   16:15   4.5    3:55  10.1   0.0   2.0   2.6  27.4   12:15   SSE
24   9.8  14.6   15:35   6.1    4:05   8.5   0.0   0.2   1.3  22.5    9:20   ESE
25   8.1   9.7   23:45   6.6   15:40  10.2   0.0  21.6   5.5  43.5   18:20   SSE
26  14.6  19.6   17:55   9.6    0:05   3.6   0.1   0.0  10.5  48.3    3:35   SSE
27  15.4  17.6   17:25  13.1   12:50   2.9   0.0   0.0  11.3  54.7   12:20   SSE
28  15.2  19.4   15:00  12.8    4:15   3.2   0.0   0.0   3.5  24.1    2:15     S
29  16.8  23.3   16:25  10.6    8:20   2.9   1.4   0.0   0.8  14.5   15:30    SE
30  20.9  25.4   15:05  16.5    2:25   0.2   2.8   0.0   7.9  38.6   21:50   SSE
31  16.2  21.8    0:05  10.7   00:00   2.6   0.5   5.6   2.7  35.4    3:30   SSE
-------------------------------------------------------------------------------------
    12.7  25.4    30     4.5    23   181.5   7.9 136.4   3.1  59.5     3     SSE

Max >=  32.0:  0
Max <=   0.0:  0
Min <=   0.0:  0
Min <= -18.0:  0
Max Rain: 22.00 ON 12/03/17
Days of Rain: 14 (> .2 mm) 13 (> 2 mm) 4 (> 20 mm)
Heat Base:  18.3  Cool Base:  18.3  Method: Integration