NOAA Style Reports for San Sebastián

           escudo Sn.Sn

Report for 2017 May
                   MONTHLY CLIMATOLOGICAL SUMMARY for MAY. 2017

NAME: kocher   CITY: San Sebastian   STATE: Guipuzcoa 
ELEV:    80 m  LAT:  43 18' 42" N  LONG:   2 00' 56" W

                   TEMPERATURE (C), RAIN  (mm), WIND SPEED (km/hr)

                                      HEAT  COOL        AVG
    MEAN                              DEG   DEG         WIND                 DOM
DAY TEMP  HIGH   TIME   LOW    TIME   DAYS  DAYS  RAIN  SPEED HIGH   TIME    DIR
------------------------------------------------------------------------------------
 1  10.9  16.1   14:35   6.2    6:25   7.4   0.0   0.4   1.3  20.9   12:05     W
 2  13.0  15.1   14:25  11.6    0:05   5.3   0.0   6.4   1.1  17.7   17:55   SSE
 3  14.4  18.5   15:25  11.9   23:25   3.9   0.0   0.0   0.6  14.5   13:30   WNW
 4  14.2  18.5   18:00   9.6    6:55   4.1   0.0   0.0   0.5  12.9   13:40    SE
 5  18.3  26.8   15:55  13.6   22:45   1.9   1.9  11.6   5.5  53.1   17:35   SSE
 6  15.7  20.7   12:25  11.8    7:40   3.0   0.3   3.0   1.4  17.7   11:30    SE
 7  14.8  19.6   12:00  10.4    7:15   3.7   0.2   0.0   0.6  14.5   12:50    SE
 8  13.3  17.8   12:30   8.1    7:40   5.0   0.0   0.0   0.6  14.5   12:50    SE
 9  14.1  18.1   18:25   9.9    5:35   4.2   0.0   0.0   0.6  14.5   13:45    SE
10  18.3  25.7   16:55  13.7    6:40   1.6   1.6   3.4   5.3  40.2    4:05   SSE
11  18.3  21.9   12:20  14.4    5:20   1.0   0.9   2.0   7.1  45.1   10:45   SSE
12  18.9  23.5   16:25  14.7   22:55   0.6   1.3   2.2  10.5  40.2    4:30   SSE
13  15.7  19.1   19:30  13.6    5:35   2.7   0.0   0.2   1.4  27.4   11:00    SE
14  17.8  22.9   12:05  12.8    7:35   1.7   1.3   0.0   1.0  17.7    5:05    SE
15  21.0  28.6   13:25  15.4    7:55   0.7   3.4   0.0   1.4  19.3   11:40    SE
16  20.5  27.0   15:40  15.9    4:45   0.6   2.8   0.0   0.8  17.7   23:10   ESE
17  16.5  18.8   10:10  14.9   22:40   1.8   0.0   0.2   0.8  20.9   11:20    SE
18  12.8  15.4    0:05  10.5   00:00   5.5   0.0  27.4   1.0  16.1    6:10    SE
19  12.3  16.9   17:00   9.1    4:00   6.0   0.0   0.8   1.0  16.1    1:05    SE
20  14.2  18.3   18:25  10.5    2:55   4.1   0.0   0.2   0.8  17.7   13:40    SE
21  19.8  29.2   16:05  10.0    7:25   3.0   4.5   0.0   2.7  27.4   23:55     S
22  18.9  26.3    1:50  14.6   22:00   1.1   1.6   0.0   4.3  37.0    5:15    SE
23  16.6  19.9   16:15  14.2    7:00   2.0   0.3   0.0   0.6  14.5   16:05    SE
24  19.3  24.4   18:55  14.3    7:20   1.1   2.1   0.0   0.5  12.9   13:15   ESE
25  24.7  32.8   18:20  17.8    7:30   0.0   6.4   0.0   1.4  57.9   22:05    SE
26  22.0  30.0   12:35  16.8   23:50   0.1   3.9   7.0   3.4  37.0   15:10   WNW
27  20.4  26.4   15:25  15.4    7:20   0.9   3.0   0.2   0.5  38.6   23:10   ESE
28  22.2  29.3   14:10  16.4   22:40   0.3   4.1   0.0   3.4  38.6   12:40    NW
29  17.4  21.3   15:30  16.3    9:15   1.1   0.2  10.4   1.3  24.1   16:05    SE
30  16.9  19.3   17:50  15.6    6:45   1.5   0.1   4.8   0.2  12.9   17:35   ESE
31  19.0  22.4   16:50  16.4    7:30   0.6   1.3   0.0   0.6  12.9   11:35    SE
-------------------------------------------------------------------------------------
    17.2  32.8    25     6.2     1    76.5  41.3  80.2   2.0  57.9    25      SE

Max >=  32.0:  1
Max <=   0.0:  0
Min <=   0.0:  0
Min <= -18.0:  0
Max Rain: 27.41 ON 18/05/17
Days of Rain: 16 (> .2 mm) 10 (> 2 mm) 1 (> 20 mm)
Heat Base:  18.3  Cool Base:  18.3  Method: Integration